89.36.76.54 - - [27/Dec/2022:16:00:32 -0800] "GET /?author=1 HTTP/1.1" 200 14079 "-" "Mozilla/5.0 (Windows NT 10.0; WOW64) AppleWebKit/537.36 (KHTML, like Gecko) Chrome/62.0.3198.0 Safari/537.36 OPR/49.0.2711.0" "gatipackers.com"
89.36.76.54 - - [27/Dec/2022:16:00:36 -0800] "GET /wp-json/wp/v2/users/ HTTP/1.1" 404 73 "-" "Mozilla/5.0 (Windows NT 10.0; WOW64) AppleWebKit/537.36 (KHTML, like Gecko) Chrome/62.0.3198.0 Safari/537.36 OPR/49.0.2711.0" "gatipackers.com"
89.36.76.54 - - [27/Dec/2022:16:00:37 -0800] "GET /wp-login.php HTTP/1.1" 200 7816 "http://gatipackers.com/wp-login.php" "Mozilla/5.0 (Windows NT 10.0; WOW64) AppleWebKit/537.36 (KHTML, like Gecko) Chrome/62.0.3198.0 Safari/537.36 OPR/49.0.2711.0" "gatipackers.com"
89.36.76.54 - - [27/Dec/2022:16:00:40 -0800] "POST /wp-login.php HTTP/1.1" 200 8093 "http://gatipackers.com/wp-login.php" "Mozilla/5.0 (Windows NT 10.0; WOW64) AppleWebKit/537.36 (KHTML, like Gecko) Chrome/62.0.3198.0 Safari/537.36 OPR/49.0.2711.0" "gatipackers.com"
184.168.125.241 - - [27/Dec/2022:16:02:11 -0800] "POST /xmlrpc.php HTTP/1.1" 200 401 "-" "Mozilla/5.0 (Windows NT 10; Win64; x64; rv:75.0) Gecko/20100101 Firefox/75.0" "gatipackers.com"
40.77.167.20 - - [27/Dec/2022:16:06:34 -0800] "GET /sitemap.xml HTTP/1.1" 200 190 "-" "Mozilla/5.0 AppleWebKit/537.36 (KHTML, like Gecko; compatible; bingbot/2.0; +http://www.bing.com/bingbot.htm) Chrome/103.0.5060.134 Safari/537.36" "gatipackers.com"
217.138.216.222 - - [27/Dec/2022:16:15:55 -0800] "POST /xmlrpc.php HTTP/1.1" 200 403 "http://gatipackers.com/xmlrpc.php" "Mozilla/5.0 (Windows NT 10.0; WOW64) AppleWebKit/537.36 (KHTML, like Gecko) Chrome/62.0.3198.0 Safari/537.36 OPR/49.0.2711.0" "gatipackers.com"
10.213.116.211 - - [27/Dec/2022:16:15:58 -0800] "POST /wp-cron.php?doing_wp_cron=1672186558.4094030857086181640625 HTTP/1.1" 200 - "http://gatipackers.com/wp-cron.php?doing_wp_cron=1672186558.4094030857086181640625" "WordPress/5.6.10; http://gatipackers.com" "gatipackers.com"
217.138.216.222 - - [27/Dec/2022:16:15:55 -0800] "GET /?author=1 HTTP/1.1" 200 14079 "-" "Mozilla/5.0 (Windows NT 10.0; WOW64) AppleWebKit/537.36 (KHTML, like Gecko) Chrome/62.0.3198.0 Safari/537.36 OPR/49.0.2711.0" "gatipackers.com"
162.241.126.33 - - [27/Dec/2022:16:25:21 -0800] "POST /xmlrpc.php HTTP/1.1" 200 401 "-" "Mozilla/5.0 (Windows NT 10; Win64; x64; rv:75.0) Gecko/20100101 Firefox/75.0" "gatipackers.com"
10.213.116.210 - - [27/Dec/2022:16:25:23 -0800] "POST /wp-cron.php?doing_wp_cron=1672187123.6709580421447753906250 HTTP/1.1" 200 - "http://gatipackers.com/wp-cron.php?doing_wp_cron=1672187123.6709580421447753906250" "WordPress/5.6.10; http://gatipackers.com" "gatipackers.com"
39.103.187.166 - - [27/Dec/2022:16:41:10 -0800] "GET / HTTP/1.1" 200 14406 "-" "Mozilla/5.0 (linux; u; android 9; zh-cn; v1816a build/pkq1.180819.001) applewebkit/537.36 (khtml, like gecko) version/4.0 chrome/57" "www.gatipackers.com"
39.103.187.166 - - [27/Dec/2022:16:41:06 -0800] "HEAD / HTTP/1.1" 200 - "-" "Mozilla/5.0 (linux; u; android 9; zh-cn; v1816a build/pkq1.180819.001) applewebkit/537.36 (khtml, like gecko) version/4.0 chrome/57" "www.gatipackers.com"
10.213.116.209 - - [27/Dec/2022:16:41:12 -0800] "POST /wp-cron.php?doing_wp_cron=1672188072.3578419685363769531250 HTTP/1.1" 200 - "http://gatipackers.com/wp-cron.php?doing_wp_cron=1672188072.3578419685363769531250" "WordPress/5.6.10; http://gatipackers.com" "gatipackers.com"
89.36.76.118 - - [27/Dec/2022:16:43:47 -0800] "GET /?author=1 HTTP/1.1" 200 14079 "-" "Mozilla/5.0 (Windows NT 10.0; WOW64) AppleWebKit/537.36 (KHTML, like Gecko) Chrome/62.0.3198.0 Safari/537.36 OPR/49.0.2711.0" "gatipackers.com"
89.36.76.118 - - [27/Dec/2022:16:43:50 -0800] "POST /xmlrpc.php HTTP/1.1" 200 403 "http://gatipackers.com/xmlrpc.php" "Mozilla/5.0 (Windows NT 10.0; WOW64) AppleWebKit/537.36 (KHTML, like Gecko) Chrome/62.0.3198.0 Safari/537.36 OPR/49.0.2711.0" "gatipackers.com"
109.234.164.218 - - [27/Dec/2022:16:48:25 -0800] "POST /xmlrpc.php HTTP/1.1" 200 401 "-" "Mozilla/5.0 (Windows NT 10; Win64; x64; rv:75.0) Gecko/20100101 Firefox/75.0" "gatipackers.com"
51.222.253.8 - - [27/Dec/2022:16:53:33 -0800] "GET /yahoo_site_admin/assets/images/GatiHomePg_ContactDetails.115184445_std.jpg HTTP/1.1" 200 22520 "-" "Mozilla/5.0 (compatible; AhrefsBot/7.0; +http://ahrefs.com/robot/)" "www.gatipackers.com"
89.36.76.126 - - [27/Dec/2022:17:03:12 -0800] "GET /?author=1 HTTP/1.1" 200 14079 "-" "Mozilla/5.0 (Windows NT 10.0; WOW64) AppleWebKit/537.36 (KHTML, like Gecko) Chrome/62.0.3198.0 Safari/537.36 OPR/49.0.2711.0" "gatipackers.com"
89.36.76.126 - - [27/Dec/2022:17:03:16 -0800] "GET /wp-json/wp/v2/users/ HTTP/1.1" 404 73 "-" "Mozilla/5.0 (Windows NT 10.0; WOW64) AppleWebKit/537.36 (KHTML, like Gecko) Chrome/62.0.3198.0 Safari/537.36 OPR/49.0.2711.0" "gatipackers.com"
10.213.116.210 - - [27/Dec/2022:17:03:15 -0800] "POST /wp-cron.php?doing_wp_cron=1672189395.0045249462127685546875 HTTP/1.1" 200 - "http://gatipackers.com/wp-cron.php?doing_wp_cron=1672189395.0045249462127685546875" "WordPress/5.6.10; http://gatipackers.com" "gatipackers.com"
152.89.163.22 - - [27/Dec/2022:17:05:47 -0800] "GET /wp-login.php HTTP/1.1" 200 7806 "http://gatipackers.com/wp-login.php" "Mozilla/5.0 (Windows NT 10.0; WOW64) AppleWebKit/537.36 (KHTML, like Gecko) Chrome/62.0.3198.0 Safari/537.36 OPR/49.0.2711.0" "gatipackers.com"
152.89.163.22 - - [27/Dec/2022:17:05:50 -0800] "POST /wp-login.php HTTP/1.1" 200 8097 "http://gatipackers.com/wp-login.php" "Mozilla/5.0 (Windows NT 10.0; WOW64) AppleWebKit/537.36 (KHTML, like Gecko) Chrome/62.0.3198.0 Safari/537.36 OPR/49.0.2711.0" "gatipackers.com"
161.35.68.167 - - [27/Dec/2022:17:10:58 -0800] "POST /xmlrpc.php HTTP/1.1" 200 401 "-" "Mozilla/5.0 (Windows NT 10; Win64; x64; rv:75.0) Gecko/20100101 Firefox/75.0" "gatipackers.com"
10.213.116.209 - - [27/Dec/2022:17:11:01 -0800] "POST /wp-cron.php?doing_wp_cron=1672189861.3221690654754638671875 HTTP/1.1" 200 - "http://gatipackers.com/wp-cron.php?doing_wp_cron=1672189861.3221690654754638671875" "WordPress/5.6.10; http://gatipackers.com" "gatipackers.com"
37.220.87.5 - - [27/Dec/2022:17:22:00 -0800] "GET /home/request_a_survey/ HTTP/1.1" 200 779 "http://gatipackers.com/home/request_a_survey/" "Mozilla/5.0 (Windows NT 10.0; WOW64) AppleWebKit/537.36 (KHTML, like Gecko) Chrome/90.0.4430.85 Safari/537.36" "gatipackers.com"
37.220.87.5 - - [27/Dec/2022:17:22:00 -0800] "GET / HTTP/1.1" 200 14353 "http://gatipackers.com/" "Mozilla/5.0 (Windows NT 10.0; WOW64) AppleWebKit/537.36 (KHTML, like Gecko) Chrome/90.0.4430.85 Safari/537.36" "gatipackers.com"
37.220.87.5 - - [27/Dec/2022:17:22:04 -0800] "GET /index.php/2021/02/26/sample-page/ HTTP/1.1" 200 13704 "http://gatipackers.com/index.php/2021/02/26/sample-page/" "Mozilla/5.0 (Windows NT 10.0; WOW64) AppleWebKit/537.36 (KHTML, like Gecko) Chrome/90.0.4430.85 Safari/537.36" "gatipackers.com"
10.213.116.211 - - [27/Dec/2022:17:33:42 -0800] "POST /wp-cron.php?doing_wp_cron=1672191222.9046840667724609375000 HTTP/1.1" 200 - "http://gatipackers.com/wp-cron.php?doing_wp_cron=1672191222.9046840667724609375000" "WordPress/5.6.10; http://gatipackers.com" "gatipackers.com"
151.106.35.235 - - [27/Dec/2022:17:34:16 -0800] "POST /xmlrpc.php HTTP/1.1" 200 401 "-" "Mozilla/5.0 (Windows NT 10; Win64; x64; rv:75.0) Gecko/20100101 Firefox/75.0" "gatipackers.com"
217.138.216.62 - - [27/Dec/2022:17:37:31 -0800] "POST /xmlrpc.php HTTP/1.1" 200 403 "http://gatipackers.com/xmlrpc.php" "Mozilla/5.0 (Windows NT 10.0; WOW64) AppleWebKit/537.36 (KHTML, like Gecko) Chrome/62.0.3198.0 Safari/537.36 OPR/49.0.2711.0" "gatipackers.com"
217.138.216.62 - - [27/Dec/2022:17:37:32 -0800] "GET /?author=1 HTTP/1.1" 200 14079 "-" "Mozilla/5.0 (Windows NT 10.0; WOW64) AppleWebKit/537.36 (KHTML, like Gecko) Chrome/62.0.3198.0 Safari/537.36 OPR/49.0.2711.0" "gatipackers.com"
10.213.116.210 - - [27/Dec/2022:17:37:33 -0800] "POST /wp-cron.php?doing_wp_cron=1672191453.3741650581359863281250 HTTP/1.1" 200 - "http://gatipackers.com/wp-cron.php?doing_wp_cron=1672191453.3741650581359863281250" "WordPress/5.6.10; http://gatipackers.com" "gatipackers.com"
163.172.56.94 - - [27/Dec/2022:17:42:07 -0800] "GET /wp-admin/wp-error.php HTTP/1.1" 404 73 "gatipackers.com" "Mozilla/5.0 (Windows NT 6.1; WOW64) AppleWebKit/537.36 (KHTML, like Gecko) Chrome/50.0.2661.75 Safari/537.36" "gatipackers.com"
163.172.56.94 - - [27/Dec/2022:17:43:19 -0800] "GET /wp-admin/link-add-ajax.php?varname=http://cryptoabout.online/wp-admin/js/widgets/run.php HTTP/1.1" 404 73 "gatipackers.com" "Mozilla/5.0 (Windows NT 6.1; WOW64) AppleWebKit/537.36 (KHTML, like Gecko) Chrome/50.0.2661.75 Safari/537.36" "gatipackers.com"
163.172.56.94 - - [27/Dec/2022:17:44:37 -0800] "GET /wp-adnin/admin-user.php?http=200 HTTP/1.1" 404 73 "gatipackers.com" "Mozilla/5.0 (Windows NT 6.1; WOW64) AppleWebKit/537.36 (KHTML, like Gecko) Chrome/50.0.2661.75 Safari/537.36" "gatipackers.com"
193.176.86.94 - - [27/Dec/2022:17:54:02 -0800] "GET /?author=1 HTTP/1.1" 200 14079 "-" "Mozilla/5.0 (Windows NT 10.0; WOW64) AppleWebKit/537.36 (KHTML, like Gecko) Chrome/62.0.3198.0 Safari/537.36 OPR/49.0.2711.0" "gatipackers.com"
193.176.86.94 - - [27/Dec/2022:17:54:06 -0800] "GET /wp-json/wp/v2/users/ HTTP/1.1" 404 73 "-" "Mozilla/5.0 (Windows NT 10.0; WOW64) AppleWebKit/537.36 (KHTML, like Gecko) Chrome/62.0.3198.0 Safari/537.36 OPR/49.0.2711.0" "gatipackers.com"
10.213.116.210 - - [27/Dec/2022:17:54:04 -0800] "POST /wp-cron.php?doing_wp_cron=1672192444.9634609222412109375000 HTTP/1.1" 200 - "http://gatipackers.com/wp-cron.php?doing_wp_cron=1672192444.9634609222412109375000" "WordPress/5.6.10; http://gatipackers.com" "gatipackers.com"
193.176.86.94 - - [27/Dec/2022:17:54:07 -0800] "GET /wp-login.php HTTP/1.1" 200 7812 "http://gatipackers.com/wp-login.php" "Mozilla/5.0 (Windows NT 10.0; WOW64) AppleWebKit/537.36 (KHTML, like Gecko) Chrome/62.0.3198.0 Safari/537.36 OPR/49.0.2711.0" "gatipackers.com"
193.176.86.94 - - [27/Dec/2022:17:54:09 -0800] "POST /wp-login.php HTTP/1.1" 200 8097 "http://gatipackers.com/wp-login.php" "Mozilla/5.0 (Windows NT 10.0; WOW64) AppleWebKit/537.36 (KHTML, like Gecko) Chrome/62.0.3198.0 Safari/537.36 OPR/49.0.2711.0" "gatipackers.com"
103.30.212.11 - - [27/Dec/2022:17:57:57 -0800] "POST /xmlrpc.php HTTP/1.1" 200 401 "-" "Mozilla/5.0 (Windows NT 10; Win64; x64; rv:75.0) Gecko/20100101 Firefox/75.0" "gatipackers.com"
10.213.116.209 - - [27/Dec/2022:18:07:59 -0800] "POST /wp-cron.php?doing_wp_cron=1672193279.4279010295867919921875 HTTP/1.1" 200 - "https://gatipackers.com/wp-cron.php?doing_wp_cron=1672193279.4279010295867919921875" "WordPress/5.6.10; https://gatipackers.com" "gatipackers.com"
207.46.13.10 - - [27/Dec/2022:18:07:56 -0800] "GET / HTTP/1.1" 200 14382 "-" "Mozilla/5.0 AppleWebKit/537.36 (KHTML, like Gecko; compatible; bingbot/2.0; +http://www.bing.com/bingbot.htm) Chrome/103.0.5060.134 Safari/537.36" "gatipackers.com"
185.191.171.5 - - [27/Dec/2022:18:08:52 -0800] "GET /robots.txt HTTP/1.1" 200 58 "-" "Mozilla/5.0 (compatible; SemrushBot/7~bl; +http://www.semrush.com/bot.html)" "gatipackers.com"
185.191.171.9 - - [27/Dec/2022:18:08:53 -0800] "GET /index.php/2021/02/26/hello-world/ HTTP/1.1" 200 15640 "-" "Mozilla/5.0 (compatible; SemrushBot/7~bl; +http://www.semrush.com/bot.html)" "gatipackers.com"
209.17.114.78 - - [27/Dec/2022:18:21:48 -0800] "POST /xmlrpc.php HTTP/1.1" 200 401 "-" "Mozilla/5.0 (Windows NT 10; Win64; x64; rv:75.0) Gecko/20100101 Firefox/75.0" "gatipackers.com"
89.36.76.118 - - [27/Dec/2022:18:26:51 -0800] "GET /?author=1 HTTP/1.1" 200 14079 "-" "Mozilla/5.0 (Windows NT 10.0; WOW64) AppleWebKit/537.36 (KHTML, like Gecko) Chrome/62.0.3198.0 Safari/537.36 OPR/49.0.2711.0" "gatipackers.com"
89.36.76.118 - - [27/Dec/2022:18:26:55 -0800] "GET /wp-json/wp/v2/users/ HTTP/1.1" 404 73 "-" "Mozilla/5.0 (Windows NT 10.0; WOW64) AppleWebKit/537.36 (KHTML, like Gecko) Chrome/62.0.3198.0 Safari/537.36 OPR/49.0.2711.0" "gatipackers.com"
10.213.116.210 - - [27/Dec/2022:18:26:53 -0800] "POST /wp-cron.php?doing_wp_cron=1672194413.3554360866546630859375 HTTP/1.1" 200 - "http://gatipackers.com/wp-cron.php?doing_wp_cron=1672194413.3554360866546630859375" "WordPress/5.6.10; http://gatipackers.com" "gatipackers.com"
89.36.76.118 - - [27/Dec/2022:18:28:52 -0800] "GET /wp-login.php HTTP/1.1" 200 7820 "http://gatipackers.com/wp-login.php" "Mozilla/5.0 (Windows NT 10.0; WOW64) AppleWebKit/537.36 (KHTML, like Gecko) Chrome/62.0.3198.0 Safari/537.36 OPR/49.0.2711.0" "gatipackers.com"
89.36.76.118 - - [27/Dec/2022:18:28:54 -0800] "POST /wp-login.php HTTP/1.1" 200 8092 "http://gatipackers.com/wp-login.php" "Mozilla/5.0 (Windows NT 10.0; WOW64) AppleWebKit/537.36 (KHTML, like Gecko) Chrome/62.0.3198.0 Safari/537.36 OPR/49.0.2711.0" "gatipackers.com"
114.119.157.156 - - [27/Dec/2022:18:29:02 -0800] "GET /get_a_quote HTTP/1.1" 200 8153 "-" "Mozilla/5.0 (Linux; Android 7.0;) AppleWebKit/537.36 (KHTML, like Gecko) Mobile Safari/537.36 (compatible; PetalBot;+https://webmaster.petalsearch.com/site/petalbot)" "www.gatipackers.com"
114.119.143.213 - - [27/Dec/2022:18:30:44 -0800] "GET /?C=M%3BO%3DA HTTP/1.1" 200 14382 "https://gatipackers.com?C=S%3BO%3DA" "Mozilla/5.0 (Linux; Android 7.0;) AppleWebKit/537.36 (KHTML, like Gecko) Mobile Safari/537.36 (compatible; PetalBot;+https://webmaster.petalsearch.com/site/petalbot)" "gatipackers.com"
114.119.136.174 - - [27/Dec/2022:18:32:02 -0800] "GET /in8 HTTP/1.1" 301 1409 "https://gatipackers.com?C=S%3BO%3DA" "Mozilla/5.0 (Linux; Android 7.0;) AppleWebKit/537.36 (KHTML, like Gecko) Mobile Safari/537.36 (compatible; PetalBot;+https://webmaster.petalsearch.com/site/petalbot)" "gatipackers.com"
114.119.136.174 - - [27/Dec/2022:18:32:32 -0800] "GET /in8/ HTTP/1.1" 200 3460 "https://gatipackers.com?C=S%3BO%3DA" "Mozilla/5.0 (Linux; Android 7.0;) AppleWebKit/537.36 (KHTML, like Gecko) Mobile Safari/537.36 (compatible; PetalBot;+https://webmaster.petalsearch.com/site/petalbot)" "gatipackers.com"
34.222.77.201 - - [27/Dec/2022:18:33:02 -0800] "GET / HTTP/1.1" 200 14382 "-" "Mozilla/5.0 (X11; Linux x86_64) AppleWebKit/537.36 (KHTML, like Gecko) Chrome/83.0.4103.97 Safari/537.36" "gatipackers.com"
35.92.191.81 - - [27/Dec/2022:18:33:05 -0800] "GET / HTTP/1.1" 200 14353 "-" "Mozilla/5.0 (X11; Linux x86_64) AppleWebKit/537.36 (KHTML, like Gecko) Chrome/83.0.4103.97 Safari/537.36" "gatipackers.com"
34.221.184.75 - - [27/Dec/2022:18:33:29 -0800] "GET /favicon.ico HTTP/1.1" 404 88 "-" "Mozilla/5.0 (X11; Linux x86_64) AppleWebKit/537.36 (KHTML, like Gecko) Chrome/83.0.4103.97 Safari/537.36" "gatipackers.com"
45.86.202.226 - - [27/Dec/2022:18:37:14 -0800] "GET /home/request_a_survey/ HTTP/1.1" 200 779 "http://gatipackers.com/home/request_a_survey/" "Mozilla/5.0 (Windows NT 6.1) AppleWebKit/537.36 (KHTML, like Gecko) Chrome/90.0.4430.85 Safari/537.36" "gatipackers.com"
194.169.217.227 - - [27/Dec/2022:18:37:14 -0800] "GET / HTTP/1.1" 200 14353 "http://gatipackers.com/" "Mozilla/5.0 (Windows NT 6.1) AppleWebKit/537.36 (KHTML, like Gecko) Chrome/90.0.4430.85 Safari/537.36" "gatipackers.com"
194.169.217.225 - - [27/Dec/2022:18:37:18 -0800] "GET /index.php/2021/02/26/sample-page/ HTTP/1.1" 200 13704 "http://gatipackers.com/index.php/2021/02/26/sample-page/" "Mozilla/5.0 (Windows NT 6.1) AppleWebKit/537.36 (KHTML, like Gecko) Chrome/90.0.4430.85 Safari/537.36" "gatipackers.com"
217.138.216.230 - - [27/Dec/2022:18:38:32 -0800] "GET /?author=1 HTTP/1.1" 200 14079 "-" "Mozilla/5.0 (Windows NT 10.0; WOW64) AppleWebKit/537.36 (KHTML, like Gecko) Chrome/62.0.3198.0 Safari/537.36 OPR/49.0.2711.0" "gatipackers.com"
10.213.116.211 - - [27/Dec/2022:18:38:34 -0800] "POST /wp-cron.php?doing_wp_cron=1672195114.4608979225158691406250 HTTP/1.1" 200 - "http://gatipackers.com/wp-cron.php?doing_wp_cron=1672195114.4608979225158691406250" "WordPress/5.6.10; http://gatipackers.com" "gatipackers.com"
217.138.216.230 - - [27/Dec/2022:18:38:36 -0800] "POST /xmlrpc.php HTTP/1.1" 200 403 "http://gatipackers.com/xmlrpc.php" "Mozilla/5.0 (Windows NT 10.0; WOW64) AppleWebKit/537.36 (KHTML, like Gecko) Chrome/62.0.3198.0 Safari/537.36 OPR/49.0.2711.0" "gatipackers.com"
111.90.145.188 - - [27/Dec/2022:18:49:49 -0800] "GET /wp-login.php HTTP/1.1" 200 7811 "-" "Mozilla/5.0 (Windows NT 10; Win64; x64; rv:75.0) Gecko/20100101 Firefox/75.0" "gatipackers.com"
111.90.145.188 - - [27/Dec/2022:18:49:52 -0800] "POST /wp-login.php HTTP/1.1" 200 8078 "-" "Mozilla/5.0 (Windows NT 10; Win64; x64; rv:75.0) Gecko/20100101 Firefox/75.0" "gatipackers.com"
40.77.167.99 - - [27/Dec/2022:18:54:17 -0800] "GET /robots.txt HTTP/1.1" 200 58 "-" "Mozilla/5.0 (compatible; bingbot/2.0; +http://www.bing.com/bingbot.htm)" "www.gatipackers.com"
40.77.167.20 - - [27/Dec/2022:18:54:21 -0800] "GET /sitemap.xml HTTP/1.1" 200 190 "-" "Mozilla/5.0 (compatible; bingbot/2.0; +http://www.bing.com/bingbot.htm)" "www.gatipackers.com"
194.36.108.14 - - [27/Dec/2022:19:01:26 -0800] "POST /xmlrpc.php HTTP/1.1" 200 403 "http://gatipackers.com/xmlrpc.php" "Mozilla/5.0 (Windows NT 10.0; WOW64) AppleWebKit/537.36 (KHTML, like Gecko) Chrome/62.0.3198.0 Safari/537.36 OPR/49.0.2711.0" "gatipackers.com"
10.213.116.211 - - [27/Dec/2022:19:01:30 -0800] "POST /wp-cron.php?doing_wp_cron=1672196490.3794939517974853515625 HTTP/1.1" 200 - "http://gatipackers.com/wp-cron.php?doing_wp_cron=1672196490.3794939517974853515625" "WordPress/5.6.10; http://gatipackers.com" "gatipackers.com"
194.36.108.14 - - [27/Dec/2022:19:01:26 -0800] "GET /?author=1 HTTP/1.1" 200 14079 "-" "Mozilla/5.0 (Windows NT 10.0; WOW64) AppleWebKit/537.36 (KHTML, like Gecko) Chrome/62.0.3198.0 Safari/537.36 OPR/49.0.2711.0" "gatipackers.com"
114.119.145.116 - - [27/Dec/2022:19:04:25 -0800] "GET /wp-content?C=M%3BO%3DA HTTP/1.1" 301 1427 "https://gatipackers.com/wp-content?C=S%3BO%3DA" "Mozilla/5.0 (Linux; Android 7.0;) AppleWebKit/537.36 (KHTML, like Gecko) Mobile Safari/537.36 (compatible; PetalBot;+https://webmaster.petalsearch.com/site/petalbot)" "gatipackers.com"
114.119.145.116 - - [27/Dec/2022:19:04:40 -0800] "GET /wp-content/?C=M%3BO%3DA HTTP/1.1" 200 - "https://gatipackers.com/wp-content?C=S%3BO%3DA" "Mozilla/5.0 (Linux; Android 7.0;) AppleWebKit/537.36 (KHTML, like Gecko) Mobile Safari/537.36 (compatible; PetalBot;+https://webmaster.petalsearch.com/site/petalbot)" "gatipackers.com"
123.125.109.135 - - [27/Dec/2022:19:19:05 -0800] "GET / HTTP/1.1" 200 14435 "-" "Sogou web spider/4.0(+http://www.sogou.com/docs/help/webmasters.htm#07)" "www.gatipackers.com"
10.213.116.211 - - [27/Dec/2022:19:19:09 -0800] "POST /wp-cron.php?doing_wp_cron=1672197549.3274440765380859375000 HTTP/1.1" 200 - "https://gatipackers.com/wp-cron.php?doing_wp_cron=1672197549.3274440765380859375000" "WordPress/5.6.10; https://gatipackers.com" "gatipackers.com"
109.237.138.15 - - [27/Dec/2022:19:30:40 -0800] "POST /xmlrpc.php HTTP/1.1" 200 401 "-" "Mozilla/5.0 (Windows NT 10; Win64; x64; rv:75.0) Gecko/20100101 Firefox/75.0" "gatipackers.com"
10.213.116.211 - - [27/Dec/2022:19:30:43 -0800] "POST /wp-cron.php?doing_wp_cron=1672198243.7343759536743164062500 HTTP/1.1" 200 - "http://gatipackers.com/wp-cron.php?doing_wp_cron=1672198243.7343759536743164062500" "WordPress/5.6.10; http://gatipackers.com" "gatipackers.com"
178.34.151.242 - - [27/Dec/2022:19:33:51 -0800] "GET /home/request_a_survey/ HTTP/1.1" 200 779 "http://gatipackers.com/home/request_a_survey/" "Mozilla/5.0 (Windows NT 10.0; Win64; x64) AppleWebKit/537.36 (KHTML, like Gecko) Chrome/90.0.4430.72 Safari/537.36 Edg/90.0.818.42" "gatipackers.com"
178.34.151.242 - - [27/Dec/2022:19:33:52 -0800] "GET / HTTP/1.1" 200 14353 "http://gatipackers.com/" "Mozilla/5.0 (Windows NT 10.0; Win64; x64) AppleWebKit/537.36 (KHTML, like Gecko) Chrome/90.0.4430.72 Safari/537.36 Edg/90.0.818.42" "gatipackers.com"
178.34.151.242 - - [27/Dec/2022:19:33:58 -0800] "GET /index.php/2021/02/26/sample-page/ HTTP/1.1" 200 13704 "http://gatipackers.com/index.php/2021/02/26/sample-page/" "Mozilla/5.0 (Windows NT 10.0; Win64; x64) AppleWebKit/537.36 (KHTML, like Gecko) Chrome/90.0.4430.72 Safari/537.36 Edg/90.0.818.42" "gatipackers.com"
116.62.49.96 - - [27/Dec/2022:19:41:50 -0800] "POST /xmlrpc.php HTTP/1.1" 200 401 "-" "Mozilla/5.0 (Windows NT 10; Win64; x64; rv:75.0) Gecko/20100101 Firefox/75.0" "gatipackers.com"
10.213.116.211 - - [27/Dec/2022:19:41:53 -0800] "POST /wp-cron.php?doing_wp_cron=1672198913.8761050701141357421875 HTTP/1.1" 200 - "http://gatipackers.com/wp-cron.php?doing_wp_cron=1672198913.8761050701141357421875" "WordPress/5.6.10; http://gatipackers.com" "gatipackers.com"
5.188.62.140 - - [27/Dec/2022:19:44:37 -0800] "GET /wp-login.php?wp_lang=en_US HTTP/1.1" 200 7816 "-" "Mozilla/5.0 (Windows NT 6.1; WOW64) AppleWebKit/537.36 (KHTML, like Gecko) Chrome/100.0.4758.11 Safari/537.36" "gatipackers.com"
5.188.62.140 - - [27/Dec/2022:19:44:48 -0800] "POST /wp-login.php?wp_lang=en_US HTTP/1.1" 200 8078 "-" "Mozilla/5.0 (Windows NT 6.1; WOW64) AppleWebKit/537.36 (KHTML, like Gecko) Chrome/100.0.4758.11 Safari/537.36" "gatipackers.com"
46.101.103.136 - - [27/Dec/2022:19:47:18 -0800] "POST /xmlrpc.php HTTP/1.1" 200 401 "-" "Mozilla/5.0 (Windows NT 10; Win64; x64; rv:75.0) Gecko/20100101 Firefox/75.0" "gatipackers.com"
217.138.216.222 - - [27/Dec/2022:19:49:33 -0800] "GET /?author=1 HTTP/1.1" 200 14079 "-" "Mozilla/5.0 (Windows NT 10.0; WOW64) AppleWebKit/537.36 (KHTML, like Gecko) Chrome/62.0.3198.0 Safari/537.36 OPR/49.0.2711.0" "gatipackers.com"
217.138.216.222 - - [27/Dec/2022:19:49:37 -0800] "GET /wp-json/wp/v2/users/ HTTP/1.1" 404 73 "-" "Mozilla/5.0 (Windows NT 10.0; WOW64) AppleWebKit/537.36 (KHTML, like Gecko) Chrome/62.0.3198.0 Safari/537.36 OPR/49.0.2711.0" "gatipackers.com"
114.119.149.71 - - [27/Dec/2022:19:49:53 -0800] "GET /google61e175cf45535ec3.html HTTP/1.1" 200 70 "https://gatipackers.com?C=S%3BO%3DA" "Mozilla/5.0 (Linux; Android 7.0;) AppleWebKit/537.36 (KHTML, like Gecko) Mobile Safari/537.36 (compatible; PetalBot;+https://webmaster.petalsearch.com/site/petalbot)" "gatipackers.com"
193.176.86.198 - - [27/Dec/2022:19:51:07 -0800] "GET /?author=1 HTTP/1.1" 200 14079 "-" "Mozilla/5.0 (Windows NT 10.0; WOW64) AppleWebKit/537.36 (KHTML, like Gecko) Chrome/62.0.3198.0 Safari/537.36 OPR/49.0.2711.0" "gatipackers.com"
193.176.86.198 - - [27/Dec/2022:19:51:11 -0800] "GET /wp-json/wp/v2/users/ HTTP/1.1" 404 73 "-" "Mozilla/5.0 (Windows NT 10.0; WOW64) AppleWebKit/537.36 (KHTML, like Gecko) Chrome/62.0.3198.0 Safari/537.36 OPR/49.0.2711.0" "gatipackers.com"
193.176.86.198 - - [27/Dec/2022:19:51:11 -0800] "GET /wp-login.php HTTP/1.1" 200 7810 "http://gatipackers.com/wp-login.php" "Mozilla/5.0 (Windows NT 10.0; WOW64) AppleWebKit/537.36 (KHTML, like Gecko) Chrome/62.0.3198.0 Safari/537.36 OPR/49.0.2711.0" "gatipackers.com"
193.176.86.198 - - [27/Dec/2022:19:51:13 -0800] "POST /wp-login.php HTTP/1.1" 200 8093 "http://gatipackers.com/wp-login.php" "Mozilla/5.0 (Windows NT 10.0; WOW64) AppleWebKit/537.36 (KHTML, like Gecko) Chrome/62.0.3198.0 Safari/537.36 OPR/49.0.2711.0" "gatipackers.com"
193.176.86.198 - - [27/Dec/2022:19:54:27 -0800] "GET /wp-login.php HTTP/1.1" 500 2609 "http://gatipackers.com/wp-login.php" "Mozilla/5.0 (Windows NT 10.0; WOW64) AppleWebKit/537.36 (KHTML, like Gecko) Chrome/62.0.3198.0 Safari/537.36 OPR/49.0.2711.0" "gatipackers.com"
193.176.86.198 - - [27/Dec/2022:19:54:33 -0800] "GET /wp-login.php HTTP/1.1" 200 7811 "http://gatipackers.com/wp-login.php" "Mozilla/5.0 (Windows NT 10.0; WOW64) AppleWebKit/537.36 (KHTML, like Gecko) Chrome/62.0.3198.0 Safari/537.36 OPR/49.0.2711.0" "gatipackers.com"
10.213.116.210 - - [27/Dec/2022:19:54:39 -0800] "POST /wp-cron.php?doing_wp_cron=1672199679.7487449645996093750000 HTTP/1.1" 200 - "http://gatipackers.com/wp-cron.php?doing_wp_cron=1672199679.7487449645996093750000" "WordPress/5.6.10; http://gatipackers.com" "gatipackers.com"
193.176.86.198 - - [27/Dec/2022:19:54:41 -0800] "POST /wp-login.php HTTP/1.1" 200 8106 "http://gatipackers.com/wp-login.php" "Mozilla/5.0 (Windows NT 10.0; WOW64) AppleWebKit/537.36 (KHTML, like Gecko) Chrome/62.0.3198.0 Safari/537.36 OPR/49.0.2711.0" "gatipackers.com"
95.158.43.45 - - [27/Dec/2022:19:55:07 -0800] "GET /home/request_a_survey/ HTTP/1.1" 200 779 "http://gatipackers.com/home/request_a_survey/" "Mozilla/5.0 (Windows NT 10.0) AppleWebKit/537.36 (KHTML, like Gecko) Chrome/90.0.4430.93 Safari/537.36" "gatipackers.com"
95.158.43.45 - - [27/Dec/2022:19:55:08 -0800] "GET / HTTP/1.1" 200 14353 "http://gatipackers.com/" "Mozilla/5.0 (Windows NT 10.0) AppleWebKit/537.36 (KHTML, like Gecko) Chrome/90.0.4430.93 Safari/537.36" "gatipackers.com"
95.158.43.45 - - [27/Dec/2022:19:55:10 -0800] "GET /index.php/2021/02/26/sample-page/ HTTP/1.1" 200 13704 "http://gatipackers.com/index.php/2021/02/26/sample-page/" "Mozilla/5.0 (Windows NT 10.0) AppleWebKit/537.36 (KHTML, like Gecko) Chrome/90.0.4430.93 Safari/537.36" "gatipackers.com"
178.124.210.118 - - [27/Dec/2022:19:56:57 -0800] "POST /xmlrpc.php HTTP/1.1" 200 401 "-" "Mozilla/5.0 (Windows NT 10; Win64; x64; rv:75.0) Gecko/20100101 Firefox/75.0" "gatipackers.com"
51.79.144.41 - - [27/Dec/2022:20:01:58 -0800] "POST /xmlrpc.php HTTP/1.1" 200 401 "-" "Mozilla/5.0 (Windows NT 10; Win64; x64; rv:75.0) Gecko/20100101 Firefox/75.0" "gatipackers.com"
35.224.216.78 - - [27/Dec/2022:20:09:28 -0800] "POST /xmlrpc.php HTTP/1.1" 200 401 "-" "Mozilla/5.0 (Windows NT 10; Win64; x64; rv:75.0) Gecko/20100101 Firefox/75.0" "gatipackers.com"
10.213.116.209 - - [27/Dec/2022:20:09:31 -0800] "POST /wp-cron.php?doing_wp_cron=1672200571.9138700962066650390625 HTTP/1.1" 200 - "http://gatipackers.com/wp-cron.php?doing_wp_cron=1672200571.9138700962066650390625" "WordPress/5.6.10; http://gatipackers.com" "gatipackers.com"
40.122.78.153 - - [27/Dec/2022:20:14:59 -0800] "POST /xmlrpc.php HTTP/1.1" 200 401 "-" "Mozilla/5.0 (Windows NT 10; Win64; x64; rv:75.0) Gecko/20100101 Firefox/75.0" "gatipackers.com"
193.176.86.134 - - [27/Dec/2022:20:26:30 -0800] "GET /?author=1 HTTP/1.1" 200 14079 "-" "Mozilla/5.0 (Windows NT 10.0; WOW64) AppleWebKit/537.36 (KHTML, like Gecko) Chrome/62.0.3198.0 Safari/537.36 OPR/49.0.2711.0" "gatipackers.com"
10.213.116.211 - - [27/Dec/2022:20:26:33 -0800] "POST /wp-cron.php?doing_wp_cron=1672201593.6692509651184082031250 HTTP/1.1" 200 - "http://gatipackers.com/wp-cron.php?doing_wp_cron=1672201593.6692509651184082031250" "WordPress/5.6.10; http://gatipackers.com" "gatipackers.com"
89.46.91.93 - - [27/Dec/2022:20:29:38 -0800] "POST /xmlrpc.php HTTP/1.1" 200 401 "-" "Mozilla/5.0 (Windows NT 10; Win64; x64; rv:75.0) Gecko/20100101 Firefox/75.0" "gatipackers.com"
89.36.76.126 - - [27/Dec/2022:20:31:07 -0800] "POST /xmlrpc.php HTTP/1.1" 200 403 "http://gatipackers.com/xmlrpc.php" "Mozilla/5.0 (Windows NT 10.0; WOW64) AppleWebKit/537.36 (KHTML, like Gecko) Chrome/62.0.3198.0 Safari/537.36 OPR/49.0.2711.0" "gatipackers.com"
139.59.117.30 - - [27/Dec/2022:20:34:25 -0800] "POST /xmlrpc.php HTTP/1.1" 200 401 "-" "Mozilla/5.0 (Windows NT 10; Win64; x64; rv:75.0) Gecko/20100101 Firefox/75.0" "gatipackers.com"
54.86.37.46 - - [27/Dec/2022:20:35:35 -0800] "GET / HTTP/1.1" 200 14353 "-" "Mozilla/5.0 (Macintosh; Intel Mac OS X 10_10_0) AppleWebKit/537.36 (KHTML, like Gecko) Chrome/39.0.2171.95 Safari/537.36" "gatipackers.com"
152.89.163.22 - - [27/Dec/2022:20:37:36 -0800] "GET /?author=1 HTTP/1.1" 200 14079 "-" "Mozilla/5.0 (Windows NT 10.0; WOW64) AppleWebKit/537.36 (KHTML, like Gecko) Chrome/62.0.3198.0 Safari/537.36 OPR/49.0.2711.0" "gatipackers.com"
10.213.116.209 - - [27/Dec/2022:20:37:40 -0800] "POST /wp-cron.php?doing_wp_cron=1672202260.5941329002380371093750 HTTP/1.1" 200 - "http://gatipackers.com/wp-cron.php?doing_wp_cron=1672202260.5941329002380371093750" "WordPress/5.6.10; http://gatipackers.com" "gatipackers.com"
152.89.163.22 - - [27/Dec/2022:20:37:42 -0800] "POST /xmlrpc.php HTTP/1.1" 200 403 "http://gatipackers.com/xmlrpc.php" "Mozilla/5.0 (Windows NT 10.0; WOW64) AppleWebKit/537.36 (KHTML, like Gecko) Chrome/62.0.3198.0 Safari/537.36 OPR/49.0.2711.0" "gatipackers.com"
107.173.84.163 - - [27/Dec/2022:20:39:29 -0800] "POST /xmlrpc.php HTTP/1.1" 200 401 "-" "Mozilla/5.0 (Windows NT 10; Win64; x64; rv:75.0) Gecko/20100101 Firefox/75.0" "gatipackers.com"
188.130.37.75 - - [27/Dec/2022:20:42:27 -0800] "GET /?author=11 HTTP/1.1" 404 8869 "-" "Mozilla/5.0 (Windows NT 5.1; rv:36.0) Gecko/20100101 Firefox/36.0" "gatipackers.com"
188.130.37.75 - - [27/Dec/2022:20:42:31 -0800] "GET /?author=11 HTTP/1.1" 404 8869 "-" "Mozilla/5.0 (Windows NT 5.1; rv:36.0) Gecko/20100101 Firefox/36.0" "gatipackers.com"
97.107.136.209 - - [27/Dec/2022:20:42:31 -0800] "GET /?author=1 HTTP/1.1" 200 14079 "-" "Mozilla/5.0 (Windows NT 10.0; Win64; x64) AppleWebKit/537.36 (KHTML, like Gecko) Chrome/61.0.3163.100 Safari/537.36" "gatipackers.com"
188.130.37.75 - - [27/Dec/2022:20:42:34 -0800] "GET /?author=12 HTTP/1.1" 404 8869 "-" "Mozilla/5.0 (Windows NT 5.1; rv:36.0) Gecko/20100101 Firefox/36.0" "gatipackers.com"
97.107.136.209 - - [27/Dec/2022:20:42:34 -0800] "GET /?author=1 HTTP/1.1" 200 14079 "-" "Mozilla/5.0 (Windows NT 10.0; Win64; x64) AppleWebKit/537.36 (KHTML, like Gecko) Chrome/61.0.3163.100 Safari/537.36" "gatipackers.com"
51.68.230.210 - - [27/Dec/2022:20:42:35 -0800] "GET /?author=21 HTTP/1.1" 404 8869 "-" "Mozilla/5.0 (Windows NT 6.1; WOW64; rv:42.0) Gecko/20100101 Firefox/42.0" "gatipackers.com"
188.130.37.75 - - [27/Dec/2022:20:42:37 -0800] "GET /?author=13 HTTP/1.1" 404 8869 "-" "Mozilla/5.0 (Windows NT 5.1; rv:36.0) Gecko/20100101 Firefox/36.0" "gatipackers.com"
97.107.136.209 - - [27/Dec/2022:20:42:37 -0800] "GET /?author=2 HTTP/1.1" 404 8869 "-" "Mozilla/5.0 (Windows NT 10.0; Win64; x64) AppleWebKit/537.36 (KHTML, like Gecko) Chrome/61.0.3163.100 Safari/537.36" "gatipackers.com"
188.130.37.75 - - [27/Dec/2022:20:42:39 -0800] "GET /?author=14 HTTP/1.1" 404 8869 "-" "Mozilla/5.0 (Windows NT 5.1; rv:36.0) Gecko/20100101 Firefox/36.0" "gatipackers.com"
51.68.230.210 - - [27/Dec/2022:20:42:38 -0800] "GET /?author=21 HTTP/1.1" 404 8869 "-" "Mozilla/5.0 (Windows NT 6.1; WOW64; rv:42.0) Gecko/20100101 Firefox/42.0" "gatipackers.com"
97.107.136.209 - - [27/Dec/2022:20:42:39 -0800] "GET /?author=3 HTTP/1.1" 404 8869 "-" "Mozilla/5.0 (Windows NT 10.0; Win64; x64) AppleWebKit/537.36 (KHTML, like Gecko) Chrome/61.0.3163.100 Safari/537.36" "gatipackers.com"
188.130.37.75 - - [27/Dec/2022:20:42:41 -0800] "GET /?author=15 HTTP/1.1" 404 8869 "-" "Mozilla/5.0 (Windows NT 5.1; rv:36.0) Gecko/20100101 Firefox/36.0" "gatipackers.com"
51.68.230.210 - - [27/Dec/2022:20:42:41 -0800] "GET /?author=22 HTTP/1.1" 404 8869 "-" "Mozilla/5.0 (Windows NT 6.1; WOW64; rv:42.0) Gecko/20100101 Firefox/42.0" "gatipackers.com"
97.107.136.209 - - [27/Dec/2022:20:42:41 -0800] "GET /?author=4 HTTP/1.1" 404 8869 "-" "Mozilla/5.0 (Windows NT 10.0; Win64; x64) AppleWebKit/537.36 (KHTML, like Gecko) Chrome/61.0.3163.100 Safari/537.36" "gatipackers.com"
188.130.37.75 - - [27/Dec/2022:20:42:43 -0800] "GET /?author=16 HTTP/1.1" 404 8869 "-" "Mozilla/5.0 (Windows NT 5.1; rv:36.0) Gecko/20100101 Firefox/36.0" "gatipackers.com"
51.68.230.210 - - [27/Dec/2022:20:42:43 -0800] "GET /?author=23 HTTP/1.1" 404 8869 "-" "Mozilla/5.0 (Windows NT 6.1; WOW64; rv:42.0) Gecko/20100101 Firefox/42.0" "gatipackers.com"
97.107.136.209 - - [27/Dec/2022:20:42:44 -0800] "GET /?author=5 HTTP/1.1" 404 8869 "-" "Mozilla/5.0 (Windows NT 10.0; Win64; x64) AppleWebKit/537.36 (KHTML, like Gecko) Chrome/61.0.3163.100 Safari/537.36" "gatipackers.com"
97.107.136.209 - - [27/Dec/2022:20:42:45 -0800] "GET /?author=6 HTTP/1.1" 404 8869 "-" "Mozilla/5.0 (Windows NT 10.0; Win64; x64) AppleWebKit/537.36 (KHTML, like Gecko) Chrome/61.0.3163.100 Safari/537.36" "gatipackers.com"
188.130.37.75 - - [27/Dec/2022:20:42:46 -0800] "GET /?author=17 HTTP/1.1" 404 8869 "-" "Mozilla/5.0 (Windows NT 5.1; rv:36.0) Gecko/20100101 Firefox/36.0" "gatipackers.com"
51.68.230.210 - - [27/Dec/2022:20:42:46 -0800] "GET /?author=24 HTTP/1.1" 404 8869 "-" "Mozilla/5.0 (Windows NT 6.1; WOW64; rv:42.0) Gecko/20100101 Firefox/42.0" "gatipackers.com"
97.107.136.209 - - [27/Dec/2022:20:42:47 -0800] "GET /?author=7 HTTP/1.1" 404 8869 "-" "Mozilla/5.0 (Windows NT 10.0; Win64; x64) AppleWebKit/537.36 (KHTML, like Gecko) Chrome/61.0.3163.100 Safari/537.36" "gatipackers.com"
188.130.37.75 - - [27/Dec/2022:20:42:48 -0800] "GET /?author=18 HTTP/1.1" 404 8869 "-" "Mozilla/5.0 (Windows NT 5.1; rv:36.0) Gecko/20100101 Firefox/36.0" "gatipackers.com"
51.68.230.210 - - [27/Dec/2022:20:42:48 -0800] "GET /?author=25 HTTP/1.1" 404 8869 "-" "Mozilla/5.0 (Windows NT 6.1; WOW64; rv:42.0) Gecko/20100101 Firefox/42.0" "gatipackers.com"
97.107.136.209 - - [27/Dec/2022:20:42:49 -0800] "GET /?author=8 HTTP/1.1" 404 8869 "-" "Mozilla/5.0 (Windows NT 10.0; Win64; x64) AppleWebKit/537.36 (KHTML, like Gecko) Chrome/61.0.3163.100 Safari/537.36" "gatipackers.com"
51.68.230.210 - - [27/Dec/2022:20:42:50 -0800] "GET /?author=26 HTTP/1.1" 404 8869 "-" "Mozilla/5.0 (Windows NT 6.1; WOW64; rv:42.0) Gecko/20100101 Firefox/42.0" "gatipackers.com"
188.130.37.75 - - [27/Dec/2022:20:42:50 -0800] "GET /?author=19 HTTP/1.1" 404 8869 "-" "Mozilla/5.0 (Windows NT 5.1; rv:36.0) Gecko/20100101 Firefox/36.0" "gatipackers.com"
97.107.136.209 - - [27/Dec/2022:20:42:51 -0800] "GET /?author=9 HTTP/1.1" 404 8869 "-" "Mozilla/5.0 (Windows NT 10.0; Win64; x64) AppleWebKit/537.36 (KHTML, like Gecko) Chrome/61.0.3163.100 Safari/537.36" "gatipackers.com"
51.68.230.210 - - [27/Dec/2022:20:42:53 -0800] "GET /?author=27 HTTP/1.1" 404 8869 "-" "Mozilla/5.0 (Windows NT 6.1; WOW64; rv:42.0) Gecko/20100101 Firefox/42.0" "gatipackers.com"
188.130.37.75 - - [27/Dec/2022:20:42:53 -0800] "GET /?author=20 HTTP/1.1" 404 8869 "-" "Mozilla/5.0 (Windows NT 5.1; rv:36.0) Gecko/20100101 Firefox/36.0" "gatipackers.com"
97.107.136.209 - - [27/Dec/2022:20:42:53 -0800] "GET /?author=10 HTTP/1.1" 404 8869 "-" "Mozilla/5.0 (Windows NT 10.0; Win64; x64) AppleWebKit/537.36 (KHTML, like Gecko) Chrome/61.0.3163.100 Safari/537.36" "gatipackers.com"
51.68.230.210 - - [27/Dec/2022:20:42:55 -0800] "GET /?author=28 HTTP/1.1" 404 8869 "-" "Mozilla/5.0 (Windows NT 6.1; WOW64; rv:42.0) Gecko/20100101 Firefox/42.0" "gatipackers.com"
51.68.230.210 - - [27/Dec/2022:20:42:57 -0800] "GET /?author=29 HTTP/1.1" 404 8869 "-" "Mozilla/5.0 (Windows NT 6.1; WOW64; rv:42.0) Gecko/20100101 Firefox/42.0" "gatipackers.com"
188.130.37.75 - - [27/Dec/2022:20:42:58 -0800] "GET /?author=31 HTTP/1.1" 404 8869 "-" "Mozilla/5.0 (Windows NT 6.1; WOW64; rv:43.0) Gecko/20100101 Firefox/43.0" "gatipackers.com"
51.68.230.210 - - [27/Dec/2022:20:42:59 -0800] "GET /?author=30 HTTP/1.1" 404 8869 "-" "Mozilla/5.0 (Windows NT 6.1; WOW64; rv:42.0) Gecko/20100101 Firefox/42.0" "gatipackers.com"
188.130.37.75 - - [27/Dec/2022:20:43:00 -0800] "GET /?author=31 HTTP/1.1" 404 8869 "-" "Mozilla/5.0 (Windows NT 6.1; WOW64; rv:43.0) Gecko/20100101 Firefox/43.0" "gatipackers.com"
188.130.37.75 - - [27/Dec/2022:20:43:02 -0800] "GET /?author=32 HTTP/1.1" 404 8869 "-" "Mozilla/5.0 (Windows NT 6.1; WOW64; rv:43.0) Gecko/20100101 Firefox/43.0" "gatipackers.com"
188.130.37.75 - - [27/Dec/2022:20:43:04 -0800] "GET /?author=33 HTTP/1.1" 404 8869 "-" "Mozilla/5.0 (Windows NT 6.1; WOW64; rv:43.0) Gecko/20100101 Firefox/43.0" "gatipackers.com"
149.210.196.54 - - [27/Dec/2022:20:43:05 -0800] "GET /?author=41 HTTP/1.1" 404 8869 "-" "Mozilla/5.0 (Windows NT 6.1; WOW64; rv:18.0) Gecko/20100101 Firefox/18.0" "gatipackers.com"
188.130.37.75 - - [27/Dec/2022:20:43:06 -0800] "GET /?author=34 HTTP/1.1" 404 8869 "-" "Mozilla/5.0 (Windows NT 6.1; WOW64; rv:43.0) Gecko/20100101 Firefox/43.0" "gatipackers.com"
149.210.196.54 - - [27/Dec/2022:20:43:07 -0800] "GET /?author=41 HTTP/1.1" 404 8869 "-" "Mozilla/5.0 (Windows NT 6.1; WOW64; rv:18.0) Gecko/20100101 Firefox/18.0" "gatipackers.com"
188.130.37.75 - - [27/Dec/2022:20:43:08 -0800] "GET /?author=35 HTTP/1.1" 404 8869 "-" "Mozilla/5.0 (Windows NT 6.1; WOW64; rv:43.0) Gecko/20100101 Firefox/43.0" "gatipackers.com"
149.210.196.54 - - [27/Dec/2022:20:43:10 -0800] "GET /?author=42 HTTP/1.1" 404 8869 "-" "Mozilla/5.0 (Windows NT 6.1; WOW64; rv:18.0) Gecko/20100101 Firefox/18.0" "gatipackers.com"
188.130.37.75 - - [27/Dec/2022:20:43:10 -0800] "GET /?author=36 HTTP/1.1" 404 8869 "-" "Mozilla/5.0 (Windows NT 6.1; WOW64; rv:43.0) Gecko/20100101 Firefox/43.0" "gatipackers.com"
216.55.146.45 - - [27/Dec/2022:20:43:10 -0800] "GET /?author=51 HTTP/1.1" 404 8869 "-" "Mozilla/5.0 (Windows NT 5.1; rv:40.0) Gecko/20100101 Firefox/40.0" "gatipackers.com"
149.210.196.54 - - [27/Dec/2022:20:43:12 -0800] "GET /?author=43 HTTP/1.1" 404 8869 "-" "Mozilla/5.0 (Windows NT 6.1; WOW64; rv:18.0) Gecko/20100101 Firefox/18.0" "gatipackers.com"
188.130.37.75 - - [27/Dec/2022:20:43:12 -0800] "GET /?author=37 HTTP/1.1" 404 8869 "-" "Mozilla/5.0 (Windows NT 6.1; WOW64; rv:43.0) Gecko/20100101 Firefox/43.0" "gatipackers.com"
216.55.146.45 - - [27/Dec/2022:20:43:12 -0800] "GET /?author=51 HTTP/1.1" 404 8869 "-" "Mozilla/5.0 (Windows NT 5.1; rv:40.0) Gecko/20100101 Firefox/40.0" "gatipackers.com"
149.210.196.54 - - [27/Dec/2022:20:43:14 -0800] "GET /?author=44 HTTP/1.1" 404 8869 "-" "Mozilla/5.0 (Windows NT 6.1; WOW64; rv:18.0) Gecko/20100101 Firefox/18.0" "gatipackers.com"
216.55.146.45 - - [27/Dec/2022:20:43:14 -0800] "GET /?author=52 HTTP/1.1" 404 8869 "-" "Mozilla/5.0 (Windows NT 5.1; rv:40.0) Gecko/20100101 Firefox/40.0" "gatipackers.com"
188.130.37.75 - - [27/Dec/2022:20:43:14 -0800] "GET /?author=38 HTTP/1.1" 404 8869 "-" "Mozilla/5.0 (Windows NT 6.1; WOW64; rv:43.0) Gecko/20100101 Firefox/43.0" "gatipackers.com"
149.210.196.54 - - [27/Dec/2022:20:43:15 -0800] "GET /?author=45 HTTP/1.1" 404 8869 "-" "Mozilla/5.0 (Windows NT 6.1; WOW64; rv:18.0) Gecko/20100101 Firefox/18.0" "gatipackers.com"
216.55.146.45 - - [27/Dec/2022:20:43:16 -0800] "GET /?author=53 HTTP/1.1" 404 8869 "-" "Mozilla/5.0 (Windows NT 5.1; rv:40.0) Gecko/20100101 Firefox/40.0" "gatipackers.com"
188.130.37.75 - - [27/Dec/2022:20:43:16 -0800] "GET /?author=39 HTTP/1.1" 404 8869 "-" "Mozilla/5.0 (Windows NT 6.1; WOW64; rv:43.0) Gecko/20100101 Firefox/43.0" "gatipackers.com"
149.210.196.54 - - [27/Dec/2022:20:43:17 -0800] "GET /?author=46 HTTP/1.1" 404 8869 "-" "Mozilla/5.0 (Windows NT 6.1; WOW64; rv:18.0) Gecko/20100101 Firefox/18.0" "gatipackers.com"
216.55.146.45 - - [27/Dec/2022:20:43:17 -0800] "GET /?author=54 HTTP/1.1" 404 8869 "-" "Mozilla/5.0 (Windows NT 5.1; rv:40.0) Gecko/20100101 Firefox/40.0" "gatipackers.com"
188.130.37.75 - - [27/Dec/2022:20:43:18 -0800] "GET /?author=40 HTTP/1.1" 404 8869 "-" "Mozilla/5.0 (Windows NT 6.1; WOW64; rv:43.0) Gecko/20100101 Firefox/43.0" "gatipackers.com"
216.55.146.45 - - [27/Dec/2022:20:43:19 -0800] "GET /?author=55 HTTP/1.1" 404 8869 "-" "Mozilla/5.0 (Windows NT 5.1; rv:40.0) Gecko/20100101 Firefox/40.0" "gatipackers.com"
149.210.196.54 - - [27/Dec/2022:20:43:19 -0800] "GET /?author=47 HTTP/1.1" 404 8869 "-" "Mozilla/5.0 (Windows NT 6.1; WOW64; rv:18.0) Gecko/20100101 Firefox/18.0" "gatipackers.com"
216.55.146.45 - - [27/Dec/2022:20:43:21 -0800] "GET /?author=56 HTTP/1.1" 404 8869 "-" "Mozilla/5.0 (Windows NT 5.1; rv:40.0) Gecko/20100101 Firefox/40.0" "gatipackers.com"
149.210.196.54 - - [27/Dec/2022:20:43:21 -0800] "GET /?author=48 HTTP/1.1" 404 8869 "-" "Mozilla/5.0 (Windows NT 6.1; WOW64; rv:18.0) Gecko/20100101 Firefox/18.0" "gatipackers.com"
216.55.146.45 - - [27/Dec/2022:20:43:23 -0800] "GET /?author=57 HTTP/1.1" 404 8869 "-" "Mozilla/5.0 (Windows NT 5.1; rv:40.0) Gecko/20100101 Firefox/40.0" "gatipackers.com"
149.210.196.54 - - [27/Dec/2022:20:43:23 -0800] "GET /?author=49 HTTP/1.1" 404 8869 "-" "Mozilla/5.0 (Windows NT 6.1; WOW64; rv:18.0) Gecko/20100101 Firefox/18.0" "gatipackers.com"
216.55.146.45 - - [27/Dec/2022:20:43:24 -0800] "GET /?author=58 HTTP/1.1" 404 8869 "-" "Mozilla/5.0 (Windows NT 5.1; rv:40.0) Gecko/20100101 Firefox/40.0" "gatipackers.com"
149.210.196.54 - - [27/Dec/2022:20:43:25 -0800] "GET /?author=50 HTTP/1.1" 404 8869 "-" "Mozilla/5.0 (Windows NT 6.1; WOW64; rv:18.0) Gecko/20100101 Firefox/18.0" "gatipackers.com"
216.55.146.45 - - [27/Dec/2022:20:43:26 -0800] "GET /?author=59 HTTP/1.1" 404 8869 "-" "Mozilla/5.0 (Windows NT 5.1; rv:40.0) Gecko/20100101 Firefox/40.0" "gatipackers.com"
216.55.146.45 - - [27/Dec/2022:20:43:28 -0800] "GET /?author=60 HTTP/1.1" 404 8869 "-" "Mozilla/5.0 (Windows NT 5.1; rv:40.0) Gecko/20100101 Firefox/40.0" "gatipackers.com"
109.70.3.10 - - [27/Dec/2022:20:43:46 -0800] "GET /?author=131 HTTP/1.1" 404 8869 "-" "Mozilla/5.0 (Windows NT 6.1; Win64; x64; rv:61.0) Gecko/20100101 Firefox/61.0" "gatipackers.com"
109.70.3.10 - - [27/Dec/2022:20:43:48 -0800] "GET /?author=131 HTTP/1.1" 404 8869 "-" "Mozilla/5.0 (Windows NT 6.1; Win64; x64; rv:61.0) Gecko/20100101 Firefox/61.0" "gatipackers.com"
109.70.3.10 - - [27/Dec/2022:20:43:50 -0800] "GET /?author=132 HTTP/1.1" 404 8869 "-" "Mozilla/5.0 (Windows NT 6.1; Win64; x64; rv:61.0) Gecko/20100101 Firefox/61.0" "gatipackers.com"
109.70.3.10 - - [27/Dec/2022:20:43:53 -0800] "GET /?author=133 HTTP/1.1" 404 8869 "-" "Mozilla/5.0 (Windows NT 6.1; Win64; x64; rv:61.0) Gecko/20100101 Firefox/61.0" "gatipackers.com"
109.70.3.10 - - [27/Dec/2022:20:43:55 -0800] "GET /?author=134 HTTP/1.1" 404 8869 "-" "Mozilla/5.0 (Windows NT 6.1; Win64; x64; rv:61.0) Gecko/20100101 Firefox/61.0" "gatipackers.com"
173.212.217.90 - - [27/Dec/2022:20:43:56 -0800] "GET /?author=91 HTTP/1.1" 404 8869 "-" "Mozilla/5.0 (Windows NT 10.0; Win64; x64; rv:65.0) Gecko/20100101 Firefox/65.0" "gatipackers.com"
109.70.3.10 - - [27/Dec/2022:20:43:57 -0800] "GET /?author=135 HTTP/1.1" 404 8869 "-" "Mozilla/5.0 (Windows NT 6.1; Win64; x64; rv:61.0) Gecko/20100101 Firefox/61.0" "gatipackers.com"
192.185.2.172 - - [27/Dec/2022:20:43:58 -0800] "GET /?author=121 HTTP/1.1" 404 8869 "-" "Mozilla/5.0 (Linux; Android 10; SM-G960U) AppleWebKit/537.36 (KHTML, like Gecko) Chrome/91.0.4472.114 Mobile Safari/537.36" "gatipackers.com"
173.212.217.90 - - [27/Dec/2022:20:43:58 -0800] "GET /?author=91 HTTP/1.1" 404 8869 "-" "Mozilla/5.0 (Windows NT 10.0; Win64; x64; rv:65.0) Gecko/20100101 Firefox/65.0" "gatipackers.com"
192.185.2.172 - - [27/Dec/2022:20:43:59 -0800] "GET /?author=121 HTTP/1.1" 404 8869 "-" "Mozilla/5.0 (Linux; Android 10; SM-G960U) AppleWebKit/537.36 (KHTML, like Gecko) Chrome/91.0.4472.114 Mobile Safari/537.36" "gatipackers.com"
109.70.3.10 - - [27/Dec/2022:20:44:00 -0800] "GET /?author=136 HTTP/1.1" 404 8869 "-" "Mozilla/5.0 (Windows NT 6.1; Win64; x64; rv:61.0) Gecko/20100101 Firefox/61.0" "gatipackers.com"
173.212.217.90 - - [27/Dec/2022:20:44:00 -0800] "GET /?author=92 HTTP/1.1" 404 8869 "-" "Mozilla/5.0 (Windows NT 10.0; Win64; x64; rv:65.0) Gecko/20100101 Firefox/65.0" "gatipackers.com"
192.185.2.172 - - [27/Dec/2022:20:44:01 -0800] "GET /?author=122 HTTP/1.1" 404 8869 "-" "Mozilla/5.0 (Linux; Android 10; SM-G960U) AppleWebKit/537.36 (KHTML, like Gecko) Chrome/91.0.4472.114 Mobile Safari/537.36" "gatipackers.com"
109.70.3.10 - - [27/Dec/2022:20:44:02 -0800] "GET /?author=137 HTTP/1.1" 404 8869 "-" "Mozilla/5.0 (Windows NT 6.1; Win64; x64; rv:61.0) Gecko/20100101 Firefox/61.0" "gatipackers.com"
173.212.217.90 - - [27/Dec/2022:20:44:02 -0800] "GET /?author=93 HTTP/1.1" 404 8869 "-" "Mozilla/5.0 (Windows NT 10.0; Win64; x64; rv:65.0) Gecko/20100101 Firefox/65.0" "gatipackers.com"
192.185.2.172 - - [27/Dec/2022:20:44:03 -0800] "GET /?author=123 HTTP/1.1" 404 8869 "-" "Mozilla/5.0 (Linux; Android 10; SM-G960U) AppleWebKit/537.36 (KHTML, like Gecko) Chrome/91.0.4472.114 Mobile Safari/537.36" "gatipackers.com"
173.212.217.90 - - [27/Dec/2022:20:44:04 -0800] "GET /?author=94 HTTP/1.1" 404 8869 "-" "Mozilla/5.0 (Windows NT 10.0; Win64; x64; rv:65.0) Gecko/20100101 Firefox/65.0" "gatipackers.com"
192.185.2.172 - - [27/Dec/2022:20:44:04 -0800] "GET /?author=124 HTTP/1.1" 404 8869 "-" "Mozilla/5.0 (Linux; Android 10; SM-G960U) AppleWebKit/537.36 (KHTML, like Gecko) Chrome/91.0.4472.114 Mobile Safari/537.36" "gatipackers.com"
109.70.3.10 - - [27/Dec/2022:20:44:04 -0800] "GET /?author=138 HTTP/1.1" 404 8869 "-" "Mozilla/5.0 (Windows NT 6.1; Win64; x64; rv:61.0) Gecko/20100101 Firefox/61.0" "gatipackers.com"
192.185.2.172 - - [27/Dec/2022:20:44:06 -0800] "GET /?author=125 HTTP/1.1" 404 8869 "-" "Mozilla/5.0 (Linux; Android 10; SM-G960U) AppleWebKit/537.36 (KHTML, like Gecko) Chrome/91.0.4472.114 Mobile Safari/537.36" "gatipackers.com"
173.212.217.90 - - [27/Dec/2022:20:44:06 -0800] "GET /?author=95 HTTP/1.1" 404 8869 "-" "Mozilla/5.0 (Windows NT 10.0; Win64; x64; rv:65.0) Gecko/20100101 Firefox/65.0" "gatipackers.com"
109.70.3.10 - - [27/Dec/2022:20:44:07 -0800] "GET /?author=139 HTTP/1.1" 404 8869 "-" "Mozilla/5.0 (Windows NT 6.1; Win64; x64; rv:61.0) Gecko/20100101 Firefox/61.0" "gatipackers.com"
192.185.2.172 - - [27/Dec/2022:20:44:08 -0800] "GET /?author=126 HTTP/1.1" 404 8869 "-" "Mozilla/5.0 (Linux; Android 10; SM-G960U) AppleWebKit/537.36 (KHTML, like Gecko) Chrome/91.0.4472.114 Mobile Safari/537.36" "gatipackers.com"
173.212.217.90 - - [27/Dec/2022:20:44:08 -0800] "GET /?author=96 HTTP/1.1" 404 8869 "-" "Mozilla/5.0 (Windows NT 10.0; Win64; x64; rv:65.0) Gecko/20100101 Firefox/65.0" "gatipackers.com"
109.70.3.10 - - [27/Dec/2022:20:44:09 -0800] "GET /?author=140 HTTP/1.1" 404 8869 "-" "Mozilla/5.0 (Windows NT 6.1; Win64; x64; rv:61.0) Gecko/20100101 Firefox/61.0" "gatipackers.com"
192.185.2.172 - - [27/Dec/2022:20:44:10 -0800] "GET /?author=127 HTTP/1.1" 404 8869 "-" "Mozilla/5.0 (Linux; Android 10; SM-G960U) AppleWebKit/537.36 (KHTML, like Gecko) Chrome/91.0.4472.114 Mobile Safari/537.36" "gatipackers.com"
173.212.217.90 - - [27/Dec/2022:20:44:10 -0800] "GET /?author=97 HTTP/1.1" 404 8869 "-" "Mozilla/5.0 (Windows NT 10.0; Win64; x64; rv:65.0) Gecko/20100101 Firefox/65.0" "gatipackers.com"
192.185.2.172 - - [27/Dec/2022:20:44:12 -0800] "GET /?author=128 HTTP/1.1" 404 8869 "-" "Mozilla/5.0 (Linux; Android 10; SM-G960U) AppleWebKit/537.36 (KHTML, like Gecko) Chrome/91.0.4472.114 Mobile Safari/537.36" "gatipackers.com"
173.212.217.90 - - [27/Dec/2022:20:44:13 -0800] "GET /?author=98 HTTP/1.1" 404 8869 "-" "Mozilla/5.0 (Windows NT 10.0; Win64; x64; rv:65.0) Gecko/20100101 Firefox/65.0" "gatipackers.com"
192.185.2.172 - - [27/Dec/2022:20:44:14 -0800] "GET /?author=129 HTTP/1.1" 404 8869 "-" "Mozilla/5.0 (Linux; Android 10; SM-G960U) AppleWebKit/537.36 (KHTML, like Gecko) Chrome/91.0.4472.114 Mobile Safari/537.36" "gatipackers.com"
173.212.217.90 - - [27/Dec/2022:20:44:15 -0800] "GET /?author=99 HTTP/1.1" 404 8869 "-" "Mozilla/5.0 (Windows NT 10.0; Win64; x64; rv:65.0) Gecko/20100101 Firefox/65.0" "gatipackers.com"
192.185.2.172 - - [27/Dec/2022:20:44:16 -0800] "GET /?author=130 HTTP/1.1" 404 8869 "-" "Mozilla/5.0 (Linux; Android 10; SM-G960U) AppleWebKit/537.36 (KHTML, like Gecko) Chrome/91.0.4472.114 Mobile Safari/537.36" "gatipackers.com"
173.212.217.90 - - [27/Dec/2022:20:44:18 -0800] "GET /?author=100 HTTP/1.1" 404 8869 "-" "Mozilla/5.0 (Windows NT 10.0; Win64; x64; rv:65.0) Gecko/20100101 Firefox/65.0" "gatipackers.com"
178.22.124.9 - - [27/Dec/2022:20:44:30 -0800] "GET /?author=171 HTTP/1.1" 404 8869 "-" "Mozilla/5.0 (Windows NT 6.1; rv:52.0) Gecko/20100101 Firefox/52.0" "gatipackers.com"
178.22.124.9 - - [27/Dec/2022:20:44:32 -0800] "GET /?author=171 HTTP/1.1" 404 8869 "-" "Mozilla/5.0 (Windows NT 6.1; rv:52.0) Gecko/20100101 Firefox/52.0" "gatipackers.com"
178.22.124.9 - - [27/Dec/2022:20:44:35 -0800] "GET /?author=172 HTTP/1.1" 404 8869 "-" "Mozilla/5.0 (Windows NT 6.1; rv:52.0) Gecko/20100101 Firefox/52.0" "gatipackers.com"
103.5.182.204 - - [27/Dec/2022:20:44:37 -0800] "GET /?author=181 HTTP/1.1" 404 8869 "-" "Mozilla/5.0 (Windows NT 10.0; Win64; x64; rv:57.0) Gecko/20100101 Firefox/57.0" "gatipackers.com"
178.22.124.9 - - [27/Dec/2022:20:44:37 -0800] "GET /?author=173 HTTP/1.1" 404 8869 "-" "Mozilla/5.0 (Windows NT 6.1; rv:52.0) Gecko/20100101 Firefox/52.0" "gatipackers.com"
103.5.182.204 - - [27/Dec/2022:20:44:39 -0800] "GET /?author=181 HTTP/1.1" 404 8869 "-" "Mozilla/5.0 (Windows NT 10.0; Win64; x64; rv:57.0) Gecko/20100101 Firefox/57.0" "gatipackers.com"
51.68.11.215 - - [27/Dec/2022:20:44:39 -0800] "GET /?author=161 HTTP/1.1" 404 8869 "-" "Mozilla/5.0 (Windows NT 6.1; WOW64; rv:44.0) Gecko/20100101 Firefox/44.0" "gatipackers.com"
178.22.124.9 - - [27/Dec/2022:20:44:40 -0800] "GET /?author=174 HTTP/1.1" 404 8869 "-" "Mozilla/5.0 (Windows NT 6.1; rv:52.0) Gecko/20100101 Firefox/52.0" "gatipackers.com"
51.68.11.215 - - [27/Dec/2022:20:44:42 -0800] "GET /?author=161 HTTP/1.1" 404 8869 "-" "Mozilla/5.0 (Windows NT 6.1; WOW64; rv:44.0) Gecko/20100101 Firefox/44.0" "gatipackers.com"
103.5.182.204 - - [27/Dec/2022:20:44:42 -0800] "GET /?author=182 HTTP/1.1" 404 8869 "-" "Mozilla/5.0 (Windows NT 10.0; Win64; x64; rv:57.0) Gecko/20100101 Firefox/57.0" "gatipackers.com"
178.22.124.9 - - [27/Dec/2022:20:44:42 -0800] "GET /?author=175 HTTP/1.1" 404 8869 "-" "Mozilla/5.0 (Windows NT 6.1; rv:52.0) Gecko/20100101 Firefox/52.0" "gatipackers.com"
51.68.11.215 - - [27/Dec/2022:20:44:44 -0800] "GET /?author=162 HTTP/1.1" 404 8869 "-" "Mozilla/5.0 (Windows NT 6.1; WOW64; rv:44.0) Gecko/20100101 Firefox/44.0" "gatipackers.com"
178.22.124.9 - - [27/Dec/2022:20:44:46 -0800] "GET /?author=176 HTTP/1.1" 404 8869 "-" "Mozilla/5.0 (Windows NT 6.1; rv:52.0) Gecko/20100101 Firefox/52.0" "gatipackers.com"
103.5.182.204 - - [27/Dec/2022:20:44:45 -0800] "GET /?author=183 HTTP/1.1" 404 8869 "-" "Mozilla/5.0 (Windows NT 10.0; Win64; x64; rv:57.0) Gecko/20100101 Firefox/57.0" "gatipackers.com"
51.68.11.215 - - [27/Dec/2022:20:44:46 -0800] "GET /?author=163 HTTP/1.1" 404 8869 "-" "Mozilla/5.0 (Windows NT 6.1; WOW64; rv:44.0) Gecko/20100101 Firefox/44.0" "gatipackers.com"
178.22.124.9 - - [27/Dec/2022:20:44:48 -0800] "GET /?author=177 HTTP/1.1" 404 8869 "-" "Mozilla/5.0 (Windows NT 6.1; rv:52.0) Gecko/20100101 Firefox/52.0" "gatipackers.com"
