160.153.154.149 - - [27/Dec/2022:20:49:45 -0800] "GET /?author=67 HTTP/1.1" 404 8869 "-" "Mozilla/5.0 (Windows NT 6.1; WOW64; rv:43.0) Gecko/20100101 Firefox/43.0" "gatipackers.com"
158.247.198.85 - - [27/Dec/2022:20:49:45 -0800] "GET /?author=74 HTTP/1.1" 404 8869 "-" "Mozilla/5.0 (Windows NT 6.1; Win64; x64) AppleWebKit/537.36 (KHTML, like Gecko) Chrome/60.0.3112.90 Safari/537.36" "gatipackers.com"
160.153.154.149 - - [27/Dec/2022:20:49:47 -0800] "GET /?author=68 HTTP/1.1" 404 8869 "-" "Mozilla/5.0 (Windows NT 6.1; WOW64; rv:43.0) Gecko/20100101 Firefox/43.0" "gatipackers.com"
158.247.198.85 - - [27/Dec/2022:20:49:47 -0800] "GET /?author=75 HTTP/1.1" 404 8869 "-" "Mozilla/5.0 (Windows NT 6.1; Win64; x64) AppleWebKit/537.36 (KHTML, like Gecko) Chrome/60.0.3112.90 Safari/537.36" "gatipackers.com"
158.247.198.85 - - [27/Dec/2022:20:49:49 -0800] "GET /?author=76 HTTP/1.1" 404 8869 "-" "Mozilla/5.0 (Windows NT 6.1; Win64; x64) AppleWebKit/537.36 (KHTML, like Gecko) Chrome/60.0.3112.90 Safari/537.36" "gatipackers.com"
160.153.154.149 - - [27/Dec/2022:20:49:49 -0800] "GET /?author=69 HTTP/1.1" 404 8869 "-" "Mozilla/5.0 (Windows NT 6.1; WOW64; rv:43.0) Gecko/20100101 Firefox/43.0" "gatipackers.com"
158.247.198.85 - - [27/Dec/2022:20:49:51 -0800] "GET /?author=77 HTTP/1.1" 404 8869 "-" "Mozilla/5.0 (Windows NT 6.1; Win64; x64) AppleWebKit/537.36 (KHTML, like Gecko) Chrome/60.0.3112.90 Safari/537.36" "gatipackers.com"
160.153.154.149 - - [27/Dec/2022:20:49:51 -0800] "GET /?author=70 HTTP/1.1" 404 8869 "-" "Mozilla/5.0 (Windows NT 6.1; WOW64; rv:43.0) Gecko/20100101 Firefox/43.0" "gatipackers.com"
79.133.56.26 - - [27/Dec/2022:20:49:53 -0800] "GET /?author=101 HTTP/1.1" 404 8869 "-" "Mozilla/5.0 (Windows NT 6.1; Win64; x64; rv:25.0) Gecko/20100101 Firefox/29.0" "gatipackers.com"
158.247.198.85 - - [27/Dec/2022:20:49:53 -0800] "GET /?author=78 HTTP/1.1" 404 8869 "-" "Mozilla/5.0 (Windows NT 6.1; Win64; x64) AppleWebKit/537.36 (KHTML, like Gecko) Chrome/60.0.3112.90 Safari/537.36" "gatipackers.com"
79.133.56.26 - - [27/Dec/2022:20:49:55 -0800] "GET /?author=101 HTTP/1.1" 404 8869 "-" "Mozilla/5.0 (Windows NT 6.1; Win64; x64; rv:25.0) Gecko/20100101 Firefox/29.0" "gatipackers.com"
158.247.198.85 - - [27/Dec/2022:20:49:55 -0800] "GET /?author=79 HTTP/1.1" 404 8869 "-" "Mozilla/5.0 (Windows NT 6.1; Win64; x64) AppleWebKit/537.36 (KHTML, like Gecko) Chrome/60.0.3112.90 Safari/537.36" "gatipackers.com"
158.247.198.85 - - [27/Dec/2022:20:49:57 -0800] "GET /?author=80 HTTP/1.1" 404 8869 "-" "Mozilla/5.0 (Windows NT 6.1; Win64; x64) AppleWebKit/537.36 (KHTML, like Gecko) Chrome/60.0.3112.90 Safari/537.36" "gatipackers.com"
79.133.56.26 - - [27/Dec/2022:20:49:57 -0800] "GET /?author=102 HTTP/1.1" 404 8869 "-" "Mozilla/5.0 (Windows NT 6.1; Win64; x64; rv:25.0) Gecko/20100101 Firefox/29.0" "gatipackers.com"
79.133.56.26 - - [27/Dec/2022:20:49:59 -0800] "GET /?author=103 HTTP/1.1" 404 8869 "-" "Mozilla/5.0 (Windows NT 6.1; Win64; x64; rv:25.0) Gecko/20100101 Firefox/29.0" "gatipackers.com"
79.133.56.26 - - [27/Dec/2022:20:50:01 -0800] "GET /?author=104 HTTP/1.1" 404 8869 "-" "Mozilla/5.0 (Windows NT 6.1; Win64; x64; rv:25.0) Gecko/20100101 Firefox/29.0" "gatipackers.com"
79.133.56.26 - - [27/Dec/2022:20:50:06 -0800] "GET /?author=105 HTTP/1.1" 404 8869 "-" "Mozilla/5.0 (Windows NT 6.1; Win64; x64; rv:25.0) Gecko/20100101 Firefox/29.0" "gatipackers.com"
79.133.56.26 - - [27/Dec/2022:20:50:09 -0800] "GET /?author=106 HTTP/1.1" 404 8869 "-" "Mozilla/5.0 (Windows NT 6.1; Win64; x64; rv:25.0) Gecko/20100101 Firefox/29.0" "gatipackers.com"
79.133.56.26 - - [27/Dec/2022:20:50:12 -0800] "GET /?author=107 HTTP/1.1" 404 8869 "-" "Mozilla/5.0 (Windows NT 6.1; Win64; x64; rv:25.0) Gecko/20100101 Firefox/29.0" "gatipackers.com"
112.78.10.189 - - [27/Dec/2022:20:50:12 -0800] "GET /?author=151 HTTP/1.1" 404 8869 "-" "Mozilla/5.0 (Windows NT 10.0; Win64; x64) AppleWebKit/537.36 (KHTML, like Gecko) Chrome/64.0.3282.186 Safari/537.36" "gatipackers.com"
79.133.56.26 - - [27/Dec/2022:20:50:14 -0800] "GET /?author=108 HTTP/1.1" 404 8869 "-" "Mozilla/5.0 (Windows NT 6.1; Win64; x64; rv:25.0) Gecko/20100101 Firefox/29.0" "gatipackers.com"
112.78.10.189 - - [27/Dec/2022:20:50:15 -0800] "GET /?author=151 HTTP/1.1" 404 8869 "-" "Mozilla/5.0 (Windows NT 10.0; Win64; x64) AppleWebKit/537.36 (KHTML, like Gecko) Chrome/64.0.3282.186 Safari/537.36" "gatipackers.com"
112.78.10.189 - - [27/Dec/2022:20:50:17 -0800] "GET /?author=152 HTTP/1.1" 404 8869 "-" "Mozilla/5.0 (Windows NT 10.0; Win64; x64) AppleWebKit/537.36 (KHTML, like Gecko) Chrome/64.0.3282.186 Safari/537.36" "gatipackers.com"
79.133.56.26 - - [27/Dec/2022:20:50:16 -0800] "GET /?author=109 HTTP/1.1" 404 8869 "-" "Mozilla/5.0 (Windows NT 6.1; Win64; x64; rv:25.0) Gecko/20100101 Firefox/29.0" "gatipackers.com"
112.78.10.189 - - [27/Dec/2022:20:50:19 -0800] "GET /?author=153 HTTP/1.1" 404 8869 "-" "Mozilla/5.0 (Windows NT 10.0; Win64; x64) AppleWebKit/537.36 (KHTML, like Gecko) Chrome/64.0.3282.186 Safari/537.36" "gatipackers.com"
79.133.56.26 - - [27/Dec/2022:20:50:19 -0800] "GET /?author=110 HTTP/1.1" 404 8869 "-" "Mozilla/5.0 (Windows NT 6.1; Win64; x64; rv:25.0) Gecko/20100101 Firefox/29.0" "gatipackers.com"
112.78.10.189 - - [27/Dec/2022:20:50:21 -0800] "GET /?author=154 HTTP/1.1" 404 8869 "-" "Mozilla/5.0 (Windows NT 10.0; Win64; x64) AppleWebKit/537.36 (KHTML, like Gecko) Chrome/64.0.3282.186 Safari/537.36" "gatipackers.com"
112.78.10.189 - - [27/Dec/2022:20:50:24 -0800] "GET /?author=155 HTTP/1.1" 404 8869 "-" "Mozilla/5.0 (Windows NT 10.0; Win64; x64) AppleWebKit/537.36 (KHTML, like Gecko) Chrome/64.0.3282.186 Safari/537.36" "gatipackers.com"
112.78.10.189 - - [27/Dec/2022:20:50:26 -0800] "GET /?author=156 HTTP/1.1" 404 8869 "-" "Mozilla/5.0 (Windows NT 10.0; Win64; x64) AppleWebKit/537.36 (KHTML, like Gecko) Chrome/64.0.3282.186 Safari/537.36" "gatipackers.com"
112.78.10.189 - - [27/Dec/2022:20:50:29 -0800] "GET /?author=157 HTTP/1.1" 404 8869 "-" "Mozilla/5.0 (Windows NT 10.0; Win64; x64) AppleWebKit/537.36 (KHTML, like Gecko) Chrome/64.0.3282.186 Safari/537.36" "gatipackers.com"
42.236.10.91 - - [27/Dec/2022:20:50:29 -0800] "GET / HTTP/1.1" 200 14353 "http://gatipackers.com/" "Mozilla/5.0 (Windows NT 6.1; WOW64) AppleWebKit/537.36 (KHTML, like Gecko) Chrome/50.0.2661.102 Safari/537.36; 360Spider" "gatipackers.com"
95.216.117.101 - - [27/Dec/2022:20:50:31 -0800] "GET /?author=191 HTTP/1.1" 404 8869 "-" "Mozilla/5.0 (Windows NT 10.0; Win64; x64) AppleWebKit/537.36 (KHTML, like Gecko) Chrome/70.0.3538.102 Safari/537.36" "gatipackers.com"
112.78.10.189 - - [27/Dec/2022:20:50:31 -0800] "GET /?author=158 HTTP/1.1" 404 8869 "-" "Mozilla/5.0 (Windows NT 10.0; Win64; x64) AppleWebKit/537.36 (KHTML, like Gecko) Chrome/64.0.3282.186 Safari/537.36" "gatipackers.com"
95.216.117.101 - - [27/Dec/2022:20:50:33 -0800] "GET /?author=191 HTTP/1.1" 404 8869 "-" "Mozilla/5.0 (Windows NT 10.0; Win64; x64) AppleWebKit/537.36 (KHTML, like Gecko) Chrome/70.0.3538.102 Safari/537.36" "gatipackers.com"
112.78.10.189 - - [27/Dec/2022:20:50:34 -0800] "GET /?author=159 HTTP/1.1" 404 8869 "-" "Mozilla/5.0 (Windows NT 10.0; Win64; x64) AppleWebKit/537.36 (KHTML, like Gecko) Chrome/64.0.3282.186 Safari/537.36" "gatipackers.com"
68.70.164.19 - - [27/Dec/2022:20:50:34 -0800] "GET /?author=321 HTTP/1.1" 404 8869 "-" "Mozilla/5.0 (Windows NT 10.0; Win64; x64; rv:62.0) Gecko/20100101 Firefox/62.0" "gatipackers.com"
95.216.117.101 - - [27/Dec/2022:20:50:36 -0800] "GET /?author=192 HTTP/1.1" 404 8869 "-" "Mozilla/5.0 (Windows NT 10.0; Win64; x64) AppleWebKit/537.36 (KHTML, like Gecko) Chrome/70.0.3538.102 Safari/537.36" "gatipackers.com"
68.70.164.19 - - [27/Dec/2022:20:50:37 -0800] "GET /?author=321 HTTP/1.1" 404 8869 "-" "Mozilla/5.0 (Windows NT 10.0; Win64; x64; rv:62.0) Gecko/20100101 Firefox/62.0" "gatipackers.com"
112.78.10.189 - - [27/Dec/2022:20:50:37 -0800] "GET /?author=160 HTTP/1.1" 404 8869 "-" "Mozilla/5.0 (Windows NT 10.0; Win64; x64) AppleWebKit/537.36 (KHTML, like Gecko) Chrome/64.0.3282.186 Safari/537.36" "gatipackers.com"
95.216.117.101 - - [27/Dec/2022:20:50:38 -0800] "GET /?author=193 HTTP/1.1" 404 8869 "-" "Mozilla/5.0 (Windows NT 10.0; Win64; x64) AppleWebKit/537.36 (KHTML, like Gecko) Chrome/70.0.3538.102 Safari/537.36" "gatipackers.com"
68.70.164.19 - - [27/Dec/2022:20:50:39 -0800] "GET /?author=322 HTTP/1.1" 404 8869 "-" "Mozilla/5.0 (Windows NT 10.0; Win64; x64; rv:62.0) Gecko/20100101 Firefox/62.0" "gatipackers.com"
95.216.117.101 - - [27/Dec/2022:20:50:41 -0800] "GET /?author=194 HTTP/1.1" 404 8869 "-" "Mozilla/5.0 (Windows NT 10.0; Win64; x64) AppleWebKit/537.36 (KHTML, like Gecko) Chrome/70.0.3538.102 Safari/537.36" "gatipackers.com"
68.70.164.19 - - [27/Dec/2022:20:50:42 -0800] "GET /?author=323 HTTP/1.1" 404 8869 "-" "Mozilla/5.0 (Windows NT 10.0; Win64; x64; rv:62.0) Gecko/20100101 Firefox/62.0" "gatipackers.com"
68.70.164.19 - - [27/Dec/2022:20:50:44 -0800] "GET /?author=324 HTTP/1.1" 404 8869 "-" "Mozilla/5.0 (Windows NT 10.0; Win64; x64; rv:62.0) Gecko/20100101 Firefox/62.0" "gatipackers.com"
95.216.117.101 - - [27/Dec/2022:20:50:44 -0800] "GET /?author=195 HTTP/1.1" 404 8869 "-" "Mozilla/5.0 (Windows NT 10.0; Win64; x64) AppleWebKit/537.36 (KHTML, like Gecko) Chrome/70.0.3538.102 Safari/537.36" "gatipackers.com"
68.70.164.19 - - [27/Dec/2022:20:50:46 -0800] "GET /?author=325 HTTP/1.1" 404 8869 "-" "Mozilla/5.0 (Windows NT 10.0; Win64; x64; rv:62.0) Gecko/20100101 Firefox/62.0" "gatipackers.com"
95.216.117.101 - - [27/Dec/2022:20:50:47 -0800] "GET /?author=196 HTTP/1.1" 404 8869 "-" "Mozilla/5.0 (Windows NT 10.0; Win64; x64) AppleWebKit/537.36 (KHTML, like Gecko) Chrome/70.0.3538.102 Safari/537.36" "gatipackers.com"
68.70.164.19 - - [27/Dec/2022:20:50:49 -0800] "GET /?author=326 HTTP/1.1" 404 8869 "-" "Mozilla/5.0 (Windows NT 10.0; Win64; x64; rv:62.0) Gecko/20100101 Firefox/62.0" "gatipackers.com"
95.216.117.101 - - [27/Dec/2022:20:50:49 -0800] "GET /?author=197 HTTP/1.1" 404 8869 "-" "Mozilla/5.0 (Windows NT 10.0; Win64; x64) AppleWebKit/537.36 (KHTML, like Gecko) Chrome/70.0.3538.102 Safari/537.36" "gatipackers.com"
45.124.85.55 - - [27/Dec/2022:20:50:50 -0800] "GET /?author=331 HTTP/1.1" 404 8869 "-" "Mozilla/5.0 (Windows NT 6.1; WOW64; rv:43.0) Gecko/20100101 Firefox/43.0" "gatipackers.com"
68.70.164.19 - - [27/Dec/2022:20:50:51 -0800] "GET /?author=327 HTTP/1.1" 404 8869 "-" "Mozilla/5.0 (Windows NT 10.0; Win64; x64; rv:62.0) Gecko/20100101 Firefox/62.0" "gatipackers.com"
95.216.117.101 - - [27/Dec/2022:20:50:52 -0800] "GET /?author=198 HTTP/1.1" 404 8869 "-" "Mozilla/5.0 (Windows NT 10.0; Win64; x64) AppleWebKit/537.36 (KHTML, like Gecko) Chrome/70.0.3538.102 Safari/537.36" "gatipackers.com"
45.124.85.55 - - [27/Dec/2022:20:50:53 -0800] "GET /?author=331 HTTP/1.1" 404 8869 "-" "Mozilla/5.0 (Windows NT 6.1; WOW64; rv:43.0) Gecko/20100101 Firefox/43.0" "gatipackers.com"
68.70.164.19 - - [27/Dec/2022:20:50:53 -0800] "GET /?author=328 HTTP/1.1" 404 8869 "-" "Mozilla/5.0 (Windows NT 10.0; Win64; x64; rv:62.0) Gecko/20100101 Firefox/62.0" "gatipackers.com"
42.236.10.69 - - [27/Dec/2022:20:50:54 -0800] "GET / HTTP/1.1" 200 14435 "https://www.gatipackers.com/" "Mozilla/5.0 (Windows NT 6.1; WOW64) AppleWebKit/537.36 (KHTML, like Gecko) Chrome/50.0.2661.102 Safari/537.36; 360Spider" "www.gatipackers.com"
95.216.117.101 - - [27/Dec/2022:20:50:55 -0800] "GET /?author=199 HTTP/1.1" 404 8869 "-" "Mozilla/5.0 (Windows NT 10.0; Win64; x64) AppleWebKit/537.36 (KHTML, like Gecko) Chrome/70.0.3538.102 Safari/537.36" "gatipackers.com"
45.124.85.55 - - [27/Dec/2022:20:50:56 -0800] "GET /?author=332 HTTP/1.1" 404 8869 "-" "Mozilla/5.0 (Windows NT 6.1; WOW64; rv:43.0) Gecko/20100101 Firefox/43.0" "gatipackers.com"
68.70.164.19 - - [27/Dec/2022:20:50:56 -0800] "GET /?author=329 HTTP/1.1" 404 8869 "-" "Mozilla/5.0 (Windows NT 10.0; Win64; x64; rv:62.0) Gecko/20100101 Firefox/62.0" "gatipackers.com"
68.70.164.19 - - [27/Dec/2022:20:50:58 -0800] "GET /?author=330 HTTP/1.1" 404 8869 "-" "Mozilla/5.0 (Windows NT 10.0; Win64; x64; rv:62.0) Gecko/20100101 Firefox/62.0" "gatipackers.com"
95.216.117.101 - - [27/Dec/2022:20:50:58 -0800] "GET /?author=200 HTTP/1.1" 404 8869 "-" "Mozilla/5.0 (Windows NT 10.0; Win64; x64) AppleWebKit/537.36 (KHTML, like Gecko) Chrome/70.0.3538.102 Safari/537.36" "gatipackers.com"
45.124.85.55 - - [27/Dec/2022:20:50:58 -0800] "GET /?author=333 HTTP/1.1" 404 8869 "-" "Mozilla/5.0 (Windows NT 6.1; WOW64; rv:43.0) Gecko/20100101 Firefox/43.0" "gatipackers.com"
45.124.85.55 - - [27/Dec/2022:20:51:00 -0800] "GET /?author=334 HTTP/1.1" 404 8869 "-" "Mozilla/5.0 (Windows NT 6.1; WOW64; rv:43.0) Gecko/20100101 Firefox/43.0" "gatipackers.com"
45.124.85.55 - - [27/Dec/2022:20:51:02 -0800] "GET /?author=335 HTTP/1.1" 404 8869 "-" "Mozilla/5.0 (Windows NT 6.1; WOW64; rv:43.0) Gecko/20100101 Firefox/43.0" "gatipackers.com"
45.124.85.55 - - [27/Dec/2022:20:51:05 -0800] "GET /?author=336 HTTP/1.1" 404 8869 "-" "Mozilla/5.0 (Windows NT 6.1; WOW64; rv:43.0) Gecko/20100101 Firefox/43.0" "gatipackers.com"
45.124.85.55 - - [27/Dec/2022:20:51:07 -0800] "GET /?author=337 HTTP/1.1" 404 8869 "-" "Mozilla/5.0 (Windows NT 6.1; WOW64; rv:43.0) Gecko/20100101 Firefox/43.0" "gatipackers.com"
160.153.154.149 - - [27/Dec/2022:20:51:07 -0800] "GET /?author=371 HTTP/1.1" 404 8869 "-" "Mozilla/5.0 (X11; Linux x86_64) AppleWebKit/537.36 (KHTML, like Gecko) Chrome/44.0.2403.157 Safari/537.36" "gatipackers.com"
45.124.85.55 - - [27/Dec/2022:20:51:08 -0800] "GET /?author=338 HTTP/1.1" 404 8869 "-" "Mozilla/5.0 (Windows NT 6.1; WOW64; rv:43.0) Gecko/20100101 Firefox/43.0" "gatipackers.com"
160.153.154.149 - - [27/Dec/2022:20:51:09 -0800] "GET /?author=371 HTTP/1.1" 404 8869 "-" "Mozilla/5.0 (X11; Linux x86_64) AppleWebKit/537.36 (KHTML, like Gecko) Chrome/44.0.2403.157 Safari/537.36" "gatipackers.com"
160.153.154.149 - - [27/Dec/2022:20:51:12 -0800] "GET /?author=372 HTTP/1.1" 404 8869 "-" "Mozilla/5.0 (X11; Linux x86_64) AppleWebKit/537.36 (KHTML, like Gecko) Chrome/44.0.2403.157 Safari/537.36" "gatipackers.com"
45.124.85.55 - - [27/Dec/2022:20:51:12 -0800] "GET /?author=339 HTTP/1.1" 404 8869 "-" "Mozilla/5.0 (Windows NT 6.1; WOW64; rv:43.0) Gecko/20100101 Firefox/43.0" "gatipackers.com"
160.153.154.149 - - [27/Dec/2022:20:51:14 -0800] "GET /?author=373 HTTP/1.1" 404 8869 "-" "Mozilla/5.0 (X11; Linux x86_64) AppleWebKit/537.36 (KHTML, like Gecko) Chrome/44.0.2403.157 Safari/537.36" "gatipackers.com"
45.124.85.55 - - [27/Dec/2022:20:51:14 -0800] "GET /?author=340 HTTP/1.1" 404 8869 "-" "Mozilla/5.0 (Windows NT 6.1; WOW64; rv:43.0) Gecko/20100101 Firefox/43.0" "gatipackers.com"
160.153.154.149 - - [27/Dec/2022:20:51:16 -0800] "GET /?author=374 HTTP/1.1" 404 8869 "-" "Mozilla/5.0 (X11; Linux x86_64) AppleWebKit/537.36 (KHTML, like Gecko) Chrome/44.0.2403.157 Safari/537.36" "gatipackers.com"
160.153.154.149 - - [27/Dec/2022:20:51:18 -0800] "GET /?author=375 HTTP/1.1" 404 8869 "-" "Mozilla/5.0 (X11; Linux x86_64) AppleWebKit/537.36 (KHTML, like Gecko) Chrome/44.0.2403.157 Safari/537.36" "gatipackers.com"
160.153.154.149 - - [27/Dec/2022:20:51:20 -0800] "GET /?author=376 HTTP/1.1" 404 8869 "-" "Mozilla/5.0 (X11; Linux x86_64) AppleWebKit/537.36 (KHTML, like Gecko) Chrome/44.0.2403.157 Safari/537.36" "gatipackers.com"
160.153.154.149 - - [27/Dec/2022:20:51:22 -0800] "GET /?author=377 HTTP/1.1" 404 8869 "-" "Mozilla/5.0 (X11; Linux x86_64) AppleWebKit/537.36 (KHTML, like Gecko) Chrome/44.0.2403.157 Safari/537.36" "gatipackers.com"
160.153.154.149 - - [27/Dec/2022:20:51:24 -0800] "GET /?author=378 HTTP/1.1" 404 8869 "-" "Mozilla/5.0 (X11; Linux x86_64) AppleWebKit/537.36 (KHTML, like Gecko) Chrome/44.0.2403.157 Safari/537.36" "gatipackers.com"
34.213.191.153 - - [27/Dec/2022:20:51:26 -0800] "GET /?author=391 HTTP/1.1" 404 8869 "-" "Mozilla/5.0 (Windows NT 10.0; Win64; x64) AppleWebKit/537.36 (KHTML, like Gecko) Chrome/90.0.4430.212 Safari/537.36" "gatipackers.com"
160.153.154.149 - - [27/Dec/2022:20:51:26 -0800] "GET /?author=379 HTTP/1.1" 404 8869 "-" "Mozilla/5.0 (X11; Linux x86_64) AppleWebKit/537.36 (KHTML, like Gecko) Chrome/44.0.2403.157 Safari/537.36" "gatipackers.com"
34.213.191.153 - - [27/Dec/2022:20:51:27 -0800] "GET /?author=391 HTTP/1.1" 404 8869 "-" "Mozilla/5.0 (Windows NT 10.0; Win64; x64) AppleWebKit/537.36 (KHTML, like Gecko) Chrome/90.0.4430.212 Safari/537.36" "gatipackers.com"
160.153.154.149 - - [27/Dec/2022:20:51:28 -0800] "GET /?author=380 HTTP/1.1" 404 8869 "-" "Mozilla/5.0 (X11; Linux x86_64) AppleWebKit/537.36 (KHTML, like Gecko) Chrome/44.0.2403.157 Safari/537.36" "gatipackers.com"
34.213.191.153 - - [27/Dec/2022:20:51:29 -0800] "GET /?author=392 HTTP/1.1" 404 8869 "-" "Mozilla/5.0 (Windows NT 10.0; Win64; x64) AppleWebKit/537.36 (KHTML, like Gecko) Chrome/90.0.4430.212 Safari/537.36" "gatipackers.com"
34.213.191.153 - - [27/Dec/2022:20:51:31 -0800] "GET /?author=393 HTTP/1.1" 404 8869 "-" "Mozilla/5.0 (Windows NT 10.0; Win64; x64) AppleWebKit/537.36 (KHTML, like Gecko) Chrome/90.0.4430.212 Safari/537.36" "gatipackers.com"
34.213.191.153 - - [27/Dec/2022:20:51:33 -0800] "GET /?author=394 HTTP/1.1" 404 8869 "-" "Mozilla/5.0 (Windows NT 10.0; Win64; x64) AppleWebKit/537.36 (KHTML, like Gecko) Chrome/90.0.4430.212 Safari/537.36" "gatipackers.com"
34.213.191.153 - - [27/Dec/2022:20:51:35 -0800] "GET /?author=395 HTTP/1.1" 404 8869 "-" "Mozilla/5.0 (Windows NT 10.0; Win64; x64) AppleWebKit/537.36 (KHTML, like Gecko) Chrome/90.0.4430.212 Safari/537.36" "gatipackers.com"
85.214.144.237 - - [27/Dec/2022:20:51:36 -0800] "GET /?author=451 HTTP/1.1" 404 8869 "-" "Mozilla/5.0 (Linux; Android 6.0.1; RedMi Note 5 Build/RB3N5C; wv) AppleWebKit/537.36 (KHTML, like Gecko) Version/4.0 Chrome/68.0.3440.91 Mobile Safari/537.36" "gatipackers.com"
34.213.191.153 - - [27/Dec/2022:20:51:37 -0800] "GET /?author=396 HTTP/1.1" 404 8869 "-" "Mozilla/5.0 (Windows NT 10.0; Win64; x64) AppleWebKit/537.36 (KHTML, like Gecko) Chrome/90.0.4430.212 Safari/537.36" "gatipackers.com"
34.213.191.153 - - [27/Dec/2022:20:51:38 -0800] "GET /?author=397 HTTP/1.1" 404 8869 "-" "Mozilla/5.0 (Windows NT 10.0; Win64; x64) AppleWebKit/537.36 (KHTML, like Gecko) Chrome/90.0.4430.212 Safari/537.36" "gatipackers.com"
85.214.144.237 - - [27/Dec/2022:20:51:39 -0800] "GET /?author=451 HTTP/1.1" 404 8869 "-" "Mozilla/5.0 (Linux; Android 6.0.1; RedMi Note 5 Build/RB3N5C; wv) AppleWebKit/537.36 (KHTML, like Gecko) Version/4.0 Chrome/68.0.3440.91 Mobile Safari/537.36" "gatipackers.com"
34.213.191.153 - - [27/Dec/2022:20:51:40 -0800] "GET /?author=398 HTTP/1.1" 404 8869 "-" "Mozilla/5.0 (Windows NT 10.0; Win64; x64) AppleWebKit/537.36 (KHTML, like Gecko) Chrome/90.0.4430.212 Safari/537.36" "gatipackers.com"
85.214.144.237 - - [27/Dec/2022:20:51:41 -0800] "GET /?author=452 HTTP/1.1" 404 8869 "-" "Mozilla/5.0 (Linux; Android 6.0.1; RedMi Note 5 Build/RB3N5C; wv) AppleWebKit/537.36 (KHTML, like Gecko) Version/4.0 Chrome/68.0.3440.91 Mobile Safari/537.36" "gatipackers.com"
34.213.191.153 - - [27/Dec/2022:20:51:41 -0800] "GET /?author=399 HTTP/1.1" 404 8869 "-" "Mozilla/5.0 (Windows NT 10.0; Win64; x64) AppleWebKit/537.36 (KHTML, like Gecko) Chrome/90.0.4430.212 Safari/537.36" "gatipackers.com"
85.214.144.237 - - [27/Dec/2022:20:51:43 -0800] "GET /?author=453 HTTP/1.1" 404 8869 "-" "Mozilla/5.0 (Linux; Android 6.0.1; RedMi Note 5 Build/RB3N5C; wv) AppleWebKit/537.36 (KHTML, like Gecko) Version/4.0 Chrome/68.0.3440.91 Mobile Safari/537.36" "gatipackers.com"
34.213.191.153 - - [27/Dec/2022:20:51:44 -0800] "GET /?author=400 HTTP/1.1" 404 8869 "-" "Mozilla/5.0 (Windows NT 10.0; Win64; x64) AppleWebKit/537.36 (KHTML, like Gecko) Chrome/90.0.4430.212 Safari/537.36" "gatipackers.com"
85.214.144.237 - - [27/Dec/2022:20:51:45 -0800] "GET /?author=454 HTTP/1.1" 404 8869 "-" "Mozilla/5.0 (Linux; Android 6.0.1; RedMi Note 5 Build/RB3N5C; wv) AppleWebKit/537.36 (KHTML, like Gecko) Version/4.0 Chrome/68.0.3440.91 Mobile Safari/537.36" "gatipackers.com"
85.214.144.237 - - [27/Dec/2022:20:51:47 -0800] "GET /?author=455 HTTP/1.1" 404 8869 "-" "Mozilla/5.0 (Linux; Android 6.0.1; RedMi Note 5 Build/RB3N5C; wv) AppleWebKit/537.36 (KHTML, like Gecko) Version/4.0 Chrome/68.0.3440.91 Mobile Safari/537.36" "gatipackers.com"
91.134.248.249 - - [27/Dec/2022:20:51:48 -0800] "GET /?author=481 HTTP/1.1" 404 8869 "-" "Mozilla/5.0 (Windows NT 6.1; Win64; x64) AppleWebKit/537.36 (KHTML, like Gecko) Chrome/60.0.3112.90 Safari/537.36" "gatipackers.com"
85.214.144.237 - - [27/Dec/2022:20:51:49 -0800] "GET /?author=456 HTTP/1.1" 404 8869 "-" "Mozilla/5.0 (Linux; Android 6.0.1; RedMi Note 5 Build/RB3N5C; wv) AppleWebKit/537.36 (KHTML, like Gecko) Version/4.0 Chrome/68.0.3440.91 Mobile Safari/537.36" "gatipackers.com"
91.134.248.249 - - [27/Dec/2022:20:51:50 -0800] "GET /?author=481 HTTP/1.1" 404 8869 "-" "Mozilla/5.0 (Windows NT 6.1; Win64; x64) AppleWebKit/537.36 (KHTML, like Gecko) Chrome/60.0.3112.90 Safari/537.36" "gatipackers.com"
85.214.144.237 - - [27/Dec/2022:20:51:51 -0800] "GET /?author=457 HTTP/1.1" 404 8869 "-" "Mozilla/5.0 (Linux; Android 6.0.1; RedMi Note 5 Build/RB3N5C; wv) AppleWebKit/537.36 (KHTML, like Gecko) Version/4.0 Chrome/68.0.3440.91 Mobile Safari/537.36" "gatipackers.com"
91.134.248.249 - - [27/Dec/2022:20:51:52 -0800] "GET /?author=482 HTTP/1.1" 404 8869 "-" "Mozilla/5.0 (Windows NT 6.1; Win64; x64) AppleWebKit/537.36 (KHTML, like Gecko) Chrome/60.0.3112.90 Safari/537.36" "gatipackers.com"
85.214.144.237 - - [27/Dec/2022:20:51:53 -0800] "GET /?author=458 HTTP/1.1" 404 8869 "-" "Mozilla/5.0 (Linux; Android 6.0.1; RedMi Note 5 Build/RB3N5C; wv) AppleWebKit/537.36 (KHTML, like Gecko) Version/4.0 Chrome/68.0.3440.91 Mobile Safari/537.36" "gatipackers.com"
91.134.248.249 - - [27/Dec/2022:20:51:54 -0800] "GET /?author=483 HTTP/1.1" 404 8869 "-" "Mozilla/5.0 (Windows NT 6.1; Win64; x64) AppleWebKit/537.36 (KHTML, like Gecko) Chrome/60.0.3112.90 Safari/537.36" "gatipackers.com"
85.214.144.237 - - [27/Dec/2022:20:51:55 -0800] "GET /?author=459 HTTP/1.1" 404 8869 "-" "Mozilla/5.0 (Linux; Android 6.0.1; RedMi Note 5 Build/RB3N5C; wv) AppleWebKit/537.36 (KHTML, like Gecko) Version/4.0 Chrome/68.0.3440.91 Mobile Safari/537.36" "gatipackers.com"
91.134.248.249 - - [27/Dec/2022:20:51:56 -0800] "GET /?author=484 HTTP/1.1" 404 8869 "-" "Mozilla/5.0 (Windows NT 6.1; Win64; x64) AppleWebKit/537.36 (KHTML, like Gecko) Chrome/60.0.3112.90 Safari/537.36" "gatipackers.com"
85.214.144.237 - - [27/Dec/2022:20:51:56 -0800] "GET /?author=460 HTTP/1.1" 404 8869 "-" "Mozilla/5.0 (Linux; Android 6.0.1; RedMi Note 5 Build/RB3N5C; wv) AppleWebKit/537.36 (KHTML, like Gecko) Version/4.0 Chrome/68.0.3440.91 Mobile Safari/537.36" "gatipackers.com"
216.55.146.72 - - [27/Dec/2022:20:51:58 -0800] "GET /?author=491 HTTP/1.1" 404 8869 "-" "Mozilla/5.0 (Windows NT 10.0; Win64; x64) AppleWebKit/537.36 (KHTML, like Gecko) Chrome/60.0.3112.113 Safari/537.36" "gatipackers.com"
91.134.248.249 - - [27/Dec/2022:20:51:58 -0800] "GET /?author=485 HTTP/1.1" 404 8869 "-" "Mozilla/5.0 (Windows NT 6.1; Win64; x64) AppleWebKit/537.36 (KHTML, like Gecko) Chrome/60.0.3112.90 Safari/537.36" "gatipackers.com"
216.55.146.72 - - [27/Dec/2022:20:52:00 -0800] "GET /?author=491 HTTP/1.1" 404 8869 "-" "Mozilla/5.0 (Windows NT 10.0; Win64; x64) AppleWebKit/537.36 (KHTML, like Gecko) Chrome/60.0.3112.113 Safari/537.36" "gatipackers.com"
91.134.248.249 - - [27/Dec/2022:20:52:00 -0800] "GET /?author=486 HTTP/1.1" 404 8869 "-" "Mozilla/5.0 (Windows NT 6.1; Win64; x64) AppleWebKit/537.36 (KHTML, like Gecko) Chrome/60.0.3112.90 Safari/537.36" "gatipackers.com"
216.55.146.72 - - [27/Dec/2022:20:52:01 -0800] "GET /?author=492 HTTP/1.1" 404 8869 "-" "Mozilla/5.0 (Windows NT 10.0; Win64; x64) AppleWebKit/537.36 (KHTML, like Gecko) Chrome/60.0.3112.113 Safari/537.36" "gatipackers.com"
158.247.198.85 - - [27/Dec/2022:20:52:02 -0800] "GET /?author=81 HTTP/1.1" 404 8869 "-" "Mozilla/5.0 (Windows NT 10.0) AppleWebKit/537.36 (KHTML, like Gecko) Chrome/72.0.3626.121 Safari/537.36" "gatipackers.com"
91.134.248.249 - - [27/Dec/2022:20:52:02 -0800] "GET /?author=487 HTTP/1.1" 404 8869 "-" "Mozilla/5.0 (Windows NT 6.1; Win64; x64) AppleWebKit/537.36 (KHTML, like Gecko) Chrome/60.0.3112.90 Safari/537.36" "gatipackers.com"
216.55.146.72 - - [27/Dec/2022:20:52:03 -0800] "GET /?author=493 HTTP/1.1" 404 8869 "-" "Mozilla/5.0 (Windows NT 10.0; Win64; x64) AppleWebKit/537.36 (KHTML, like Gecko) Chrome/60.0.3112.113 Safari/537.36" "gatipackers.com"
91.134.248.249 - - [27/Dec/2022:20:52:04 -0800] "GET /?author=488 HTTP/1.1" 404 8869 "-" "Mozilla/5.0 (Windows NT 6.1; Win64; x64) AppleWebKit/537.36 (KHTML, like Gecko) Chrome/60.0.3112.90 Safari/537.36" "gatipackers.com"
158.247.198.85 - - [27/Dec/2022:20:52:04 -0800] "GET /?author=81 HTTP/1.1" 404 8869 "-" "Mozilla/5.0 (Windows NT 10.0) AppleWebKit/537.36 (KHTML, like Gecko) Chrome/72.0.3626.121 Safari/537.36" "gatipackers.com"
216.55.146.72 - - [27/Dec/2022:20:52:05 -0800] "GET /?author=494 HTTP/1.1" 404 8869 "-" "Mozilla/5.0 (Windows NT 10.0; Win64; x64) AppleWebKit/537.36 (KHTML, like Gecko) Chrome/60.0.3112.113 Safari/537.36" "gatipackers.com"
91.134.248.249 - - [27/Dec/2022:20:52:05 -0800] "GET /?author=489 HTTP/1.1" 404 8869 "-" "Mozilla/5.0 (Windows NT 6.1; Win64; x64) AppleWebKit/537.36 (KHTML, like Gecko) Chrome/60.0.3112.90 Safari/537.36" "gatipackers.com"
158.247.198.85 - - [27/Dec/2022:20:52:05 -0800] "GET /?author=82 HTTP/1.1" 404 8869 "-" "Mozilla/5.0 (Windows NT 10.0) AppleWebKit/537.36 (KHTML, like Gecko) Chrome/72.0.3626.121 Safari/537.36" "gatipackers.com"
216.55.146.72 - - [27/Dec/2022:20:52:07 -0800] "GET /?author=495 HTTP/1.1" 404 8869 "-" "Mozilla/5.0 (Windows NT 10.0; Win64; x64) AppleWebKit/537.36 (KHTML, like Gecko) Chrome/60.0.3112.113 Safari/537.36" "gatipackers.com"
91.134.248.249 - - [27/Dec/2022:20:52:07 -0800] "GET /?author=490 HTTP/1.1" 404 8869 "-" "Mozilla/5.0 (Windows NT 6.1; Win64; x64) AppleWebKit/537.36 (KHTML, like Gecko) Chrome/60.0.3112.90 Safari/537.36" "gatipackers.com"
158.247.198.85 - - [27/Dec/2022:20:52:07 -0800] "GET /?author=83 HTTP/1.1" 404 8869 "-" "Mozilla/5.0 (Windows NT 10.0) AppleWebKit/537.36 (KHTML, like Gecko) Chrome/72.0.3626.121 Safari/537.36" "gatipackers.com"
216.55.146.72 - - [27/Dec/2022:20:52:08 -0800] "GET /?author=496 HTTP/1.1" 404 8869 "-" "Mozilla/5.0 (Windows NT 10.0; Win64; x64) AppleWebKit/537.36 (KHTML, like Gecko) Chrome/60.0.3112.113 Safari/537.36" "gatipackers.com"
158.247.198.85 - - [27/Dec/2022:20:52:09 -0800] "GET /?author=84 HTTP/1.1" 404 8869 "-" "Mozilla/5.0 (Windows NT 10.0) AppleWebKit/537.36 (KHTML, like Gecko) Chrome/72.0.3626.121 Safari/537.36" "gatipackers.com"
216.55.146.72 - - [27/Dec/2022:20:52:10 -0800] "GET /?author=497 HTTP/1.1" 404 8869 "-" "Mozilla/5.0 (Windows NT 10.0; Win64; x64) AppleWebKit/537.36 (KHTML, like Gecko) Chrome/60.0.3112.113 Safari/537.36" "gatipackers.com"
158.247.198.85 - - [27/Dec/2022:20:52:12 -0800] "GET /?author=85 HTTP/1.1" 404 8869 "-" "Mozilla/5.0 (Windows NT 10.0) AppleWebKit/537.36 (KHTML, like Gecko) Chrome/72.0.3626.121 Safari/537.36" "gatipackers.com"
216.55.146.72 - - [27/Dec/2022:20:52:12 -0800] "GET /?author=498 HTTP/1.1" 404 8869 "-" "Mozilla/5.0 (Windows NT 10.0; Win64; x64) AppleWebKit/537.36 (KHTML, like Gecko) Chrome/60.0.3112.113 Safari/537.36" "gatipackers.com"
158.247.198.85 - - [27/Dec/2022:20:52:14 -0800] "GET /?author=86 HTTP/1.1" 404 8869 "-" "Mozilla/5.0 (Windows NT 10.0) AppleWebKit/537.36 (KHTML, like Gecko) Chrome/72.0.3626.121 Safari/537.36" "gatipackers.com"
216.55.146.72 - - [27/Dec/2022:20:52:14 -0800] "GET /?author=499 HTTP/1.1" 404 8869 "-" "Mozilla/5.0 (Windows NT 10.0; Win64; x64) AppleWebKit/537.36 (KHTML, like Gecko) Chrome/60.0.3112.113 Safari/537.36" "gatipackers.com"
158.247.198.85 - - [27/Dec/2022:20:52:15 -0800] "GET /?author=87 HTTP/1.1" 404 8869 "-" "Mozilla/5.0 (Windows NT 10.0) AppleWebKit/537.36 (KHTML, like Gecko) Chrome/72.0.3626.121 Safari/537.36" "gatipackers.com"
216.55.146.72 - - [27/Dec/2022:20:52:15 -0800] "GET /?author=500 HTTP/1.1" 404 8869 "-" "Mozilla/5.0 (Windows NT 10.0; Win64; x64) AppleWebKit/537.36 (KHTML, like Gecko) Chrome/60.0.3112.113 Safari/537.36" "gatipackers.com"
178.22.124.9 - - [27/Dec/2022:20:52:16 -0800] "GET /?author=111 HTTP/1.1" 404 8869 "-" "Mozilla/5.0 (Windows NT 10.0; Win64; x64; rv:61.0) Gecko/20100101 Firefox/61.0" "gatipackers.com"
158.247.198.85 - - [27/Dec/2022:20:52:17 -0800] "GET /?author=88 HTTP/1.1" 404 8869 "-" "Mozilla/5.0 (Windows NT 10.0) AppleWebKit/537.36 (KHTML, like Gecko) Chrome/72.0.3626.121 Safari/537.36" "gatipackers.com"
178.22.124.9 - - [27/Dec/2022:20:52:18 -0800] "GET /?author=111 HTTP/1.1" 404 8869 "-" "Mozilla/5.0 (Windows NT 10.0; Win64; x64; rv:61.0) Gecko/20100101 Firefox/61.0" "gatipackers.com"
158.247.198.85 - - [27/Dec/2022:20:52:19 -0800] "GET /?author=89 HTTP/1.1" 404 8869 "-" "Mozilla/5.0 (Windows NT 10.0) AppleWebKit/537.36 (KHTML, like Gecko) Chrome/72.0.3626.121 Safari/537.36" "gatipackers.com"
178.22.124.9 - - [27/Dec/2022:20:52:20 -0800] "GET /?author=112 HTTP/1.1" 404 8869 "-" "Mozilla/5.0 (Windows NT 10.0; Win64; x64; rv:61.0) Gecko/20100101 Firefox/61.0" "gatipackers.com"
158.247.198.85 - - [27/Dec/2022:20:52:21 -0800] "GET /?author=90 HTTP/1.1" 404 8869 "-" "Mozilla/5.0 (Windows NT 10.0) AppleWebKit/537.36 (KHTML, like Gecko) Chrome/72.0.3626.121 Safari/537.36" "gatipackers.com"
178.22.124.9 - - [27/Dec/2022:20:52:22 -0800] "GET /?author=113 HTTP/1.1" 404 8869 "-" "Mozilla/5.0 (Windows NT 10.0; Win64; x64; rv:61.0) Gecko/20100101 Firefox/61.0" "gatipackers.com"
10.213.116.211 - - [27/Dec/2022:20:52:26 -0800] "POST /wp-cron.php?doing_wp_cron=1672203146.5036981105804443359375 HTTP/1.1" 200 - "http://gatipackers.com/wp-cron.php?doing_wp_cron=1672203146.5036981105804443359375" "WordPress/5.6.10; http://gatipackers.com" "gatipackers.com"
178.22.124.9 - - [27/Dec/2022:20:52:25 -0800] "GET /?author=114 HTTP/1.1" 404 8869 "-" "Mozilla/5.0 (Windows NT 10.0; Win64; x64; rv:61.0) Gecko/20100101 Firefox/61.0" "gatipackers.com"
178.22.124.9 - - [27/Dec/2022:20:52:28 -0800] "GET /?author=115 HTTP/1.1" 404 8869 "-" "Mozilla/5.0 (Windows NT 10.0; Win64; x64; rv:61.0) Gecko/20100101 Firefox/61.0" "gatipackers.com"
178.22.124.9 - - [27/Dec/2022:20:52:30 -0800] "GET /?author=116 HTTP/1.1" 404 8869 "-" "Mozilla/5.0 (Windows NT 10.0; Win64; x64; rv:61.0) Gecko/20100101 Firefox/61.0" "gatipackers.com"
178.22.124.9 - - [27/Dec/2022:20:52:32 -0800] "GET /?author=117 HTTP/1.1" 404 8869 "-" "Mozilla/5.0 (Windows NT 10.0; Win64; x64; rv:61.0) Gecko/20100101 Firefox/61.0" "gatipackers.com"
47.52.167.0 - - [27/Dec/2022:20:52:34 -0800] "GET /?author=201 HTTP/1.1" 404 8869 "-" "Mozilla/5.0 (Windows NT 6.1) AppleWebKit/537.36 (KHTML, like Gecko) Chrome/56.0.2924.76 Safari/537.36" "gatipackers.com"
178.22.124.9 - - [27/Dec/2022:20:52:34 -0800] "GET /?author=118 HTTP/1.1" 404 8869 "-" "Mozilla/5.0 (Windows NT 10.0; Win64; x64; rv:61.0) Gecko/20100101 Firefox/61.0" "gatipackers.com"
47.52.167.0 - - [27/Dec/2022:20:52:36 -0800] "GET /?author=201 HTTP/1.1" 404 8869 "-" "Mozilla/5.0 (Windows NT 6.1) AppleWebKit/537.36 (KHTML, like Gecko) Chrome/56.0.2924.76 Safari/537.36" "gatipackers.com"
47.52.167.0 - - [27/Dec/2022:20:52:39 -0800] "GET /?author=202 HTTP/1.1" 404 8869 "-" "Mozilla/5.0 (Windows NT 6.1) AppleWebKit/537.36 (KHTML, like Gecko) Chrome/56.0.2924.76 Safari/537.36" "gatipackers.com"
47.52.167.0 - - [27/Dec/2022:20:52:42 -0800] "GET /?author=203 HTTP/1.1" 404 8869 "-" "Mozilla/5.0 (Windows NT 6.1) AppleWebKit/537.36 (KHTML, like Gecko) Chrome/56.0.2924.76 Safari/537.36" "gatipackers.com"
178.22.124.9 - - [27/Dec/2022:20:52:42 -0800] "GET /?author=119 HTTP/1.1" 404 8869 "-" "Mozilla/5.0 (Windows NT 10.0; Win64; x64; rv:61.0) Gecko/20100101 Firefox/61.0" "gatipackers.com"
178.22.124.9 - - [27/Dec/2022:20:52:44 -0800] "GET /?author=120 HTTP/1.1" 404 8869 "-" "Mozilla/5.0 (Windows NT 10.0; Win64; x64; rv:61.0) Gecko/20100101 Firefox/61.0" "gatipackers.com"
47.52.167.0 - - [27/Dec/2022:20:52:44 -0800] "GET /?author=204 HTTP/1.1" 404 8869 "-" "Mozilla/5.0 (Windows NT 6.1) AppleWebKit/537.36 (KHTML, like Gecko) Chrome/56.0.2924.76 Safari/537.36" "gatipackers.com"
47.52.167.0 - - [27/Dec/2022:20:52:46 -0800] "GET /?author=205 HTTP/1.1" 404 8869 "-" "Mozilla/5.0 (Windows NT 6.1) AppleWebKit/537.36 (KHTML, like Gecko) Chrome/56.0.2924.76 Safari/537.36" "gatipackers.com"
47.52.167.0 - - [27/Dec/2022:20:52:48 -0800] "GET /?author=206 HTTP/1.1" 404 8869 "-" "Mozilla/5.0 (Windows NT 6.1) AppleWebKit/537.36 (KHTML, like Gecko) Chrome/56.0.2924.76 Safari/537.36" "gatipackers.com"
47.52.167.0 - - [27/Dec/2022:20:52:50 -0800] "GET /?author=207 HTTP/1.1" 404 8869 "-" "Mozilla/5.0 (Windows NT 6.1) AppleWebKit/537.36 (KHTML, like Gecko) Chrome/56.0.2924.76 Safari/537.36" "gatipackers.com"
47.52.167.0 - - [27/Dec/2022:20:52:52 -0800] "GET /?author=208 HTTP/1.1" 404 8869 "-" "Mozilla/5.0 (Windows NT 6.1) AppleWebKit/537.36 (KHTML, like Gecko) Chrome/56.0.2924.76 Safari/537.36" "gatipackers.com"
47.52.167.0 - - [27/Dec/2022:20:52:54 -0800] "GET /?author=209 HTTP/1.1" 404 8869 "-" "Mozilla/5.0 (Windows NT 6.1) AppleWebKit/537.36 (KHTML, like Gecko) Chrome/56.0.2924.76 Safari/537.36" "gatipackers.com"
47.52.167.0 - - [27/Dec/2022:20:52:57 -0800] "GET /?author=210 HTTP/1.1" 404 8869 "-" "Mozilla/5.0 (Windows NT 6.1) AppleWebKit/537.36 (KHTML, like Gecko) Chrome/56.0.2924.76 Safari/537.36" "gatipackers.com"
198.38.89.87 - - [27/Dec/2022:20:53:01 -0800] "GET /?author=341 HTTP/1.1" 404 8869 "-" "Mozilla/5.0 (Windows; U; Windows NT 5.1; en-US; rv:1.7.12) Gecko/20050915 Firefox/1.0.7" "gatipackers.com"
198.38.89.87 - - [27/Dec/2022:20:53:03 -0800] "GET /?author=341 HTTP/1.1" 404 8869 "-" "Mozilla/5.0 (Windows; U; Windows NT 5.1; en-US; rv:1.7.12) Gecko/20050915 Firefox/1.0.7" "gatipackers.com"
158.69.1.76 - - [27/Dec/2022:20:53:06 -0800] "POST /xmlrpc.php HTTP/1.1" 200 401 "-" "Mozilla/5.0 (Windows NT 10; Win64; x64; rv:75.0) Gecko/20100101 Firefox/75.0" "gatipackers.com"
198.38.89.87 - - [27/Dec/2022:20:53:06 -0800] "GET /?author=342 HTTP/1.1" 404 8869 "-" "Mozilla/5.0 (Windows; U; Windows NT 5.1; en-US; rv:1.7.12) Gecko/20050915 Firefox/1.0.7" "gatipackers.com"
79.133.56.26 - - [27/Dec/2022:20:53:06 -0800] "GET /?author=141 HTTP/1.1" 404 8869 "-" "Mozilla/5.0 (Windows NT 10.0; Win64; x64) AppleWebKit/537.36 (KHTML, like Gecko) Chrome/80.0.3987.132 Safari/537.36" "gatipackers.com"
198.38.89.87 - - [27/Dec/2022:20:53:08 -0800] "GET /?author=343 HTTP/1.1" 404 8869 "-" "Mozilla/5.0 (Windows; U; Windows NT 5.1; en-US; rv:1.7.12) Gecko/20050915 Firefox/1.0.7" "gatipackers.com"
79.133.56.26 - - [27/Dec/2022:20:53:09 -0800] "GET /?author=141 HTTP/1.1" 404 8869 "-" "Mozilla/5.0 (Windows NT 10.0; Win64; x64) AppleWebKit/537.36 (KHTML, like Gecko) Chrome/80.0.3987.132 Safari/537.36" "gatipackers.com"
198.38.89.87 - - [27/Dec/2022:20:53:10 -0800] "GET /?author=344 HTTP/1.1" 404 8869 "-" "Mozilla/5.0 (Windows; U; Windows NT 5.1; en-US; rv:1.7.12) Gecko/20050915 Firefox/1.0.7" "gatipackers.com"
79.133.56.26 - - [27/Dec/2022:20:53:12 -0800] "GET /?author=142 HTTP/1.1" 404 8869 "-" "Mozilla/5.0 (Windows NT 10.0; Win64; x64) AppleWebKit/537.36 (KHTML, like Gecko) Chrome/80.0.3987.132 Safari/537.36" "gatipackers.com"
198.38.89.87 - - [27/Dec/2022:20:53:12 -0800] "GET /?author=345 HTTP/1.1" 404 8869 "-" "Mozilla/5.0 (Windows; U; Windows NT 5.1; en-US; rv:1.7.12) Gecko/20050915 Firefox/1.0.7" "gatipackers.com"
198.38.89.87 - - [27/Dec/2022:20:53:14 -0800] "GET /?author=346 HTTP/1.1" 404 8869 "-" "Mozilla/5.0 (Windows; U; Windows NT 5.1; en-US; rv:1.7.12) Gecko/20050915 Firefox/1.0.7" "gatipackers.com"
79.133.56.26 - - [27/Dec/2022:20:53:15 -0800] "GET /?author=143 HTTP/1.1" 404 8869 "-" "Mozilla/5.0 (Windows NT 10.0; Win64; x64) AppleWebKit/537.36 (KHTML, like Gecko) Chrome/80.0.3987.132 Safari/537.36" "gatipackers.com"
198.38.89.87 - - [27/Dec/2022:20:53:17 -0800] "GET /?author=347 HTTP/1.1" 404 8869 "-" "Mozilla/5.0 (Windows; U; Windows NT 5.1; en-US; rv:1.7.12) Gecko/20050915 Firefox/1.0.7" "gatipackers.com"
79.133.56.26 - - [27/Dec/2022:20:53:17 -0800] "GET /?author=144 HTTP/1.1" 404 8869 "-" "Mozilla/5.0 (Windows NT 10.0; Win64; x64) AppleWebKit/537.36 (KHTML, like Gecko) Chrome/80.0.3987.132 Safari/537.36" "gatipackers.com"
198.38.89.87 - - [27/Dec/2022:20:53:18 -0800] "GET /?author=348 HTTP/1.1" 404 8869 "-" "Mozilla/5.0 (Windows; U; Windows NT 5.1; en-US; rv:1.7.12) Gecko/20050915 Firefox/1.0.7" "gatipackers.com"
79.133.56.26 - - [27/Dec/2022:20:53:19 -0800] "GET /?author=145 HTTP/1.1" 404 8869 "-" "Mozilla/5.0 (Windows NT 10.0; Win64; x64) AppleWebKit/537.36 (KHTML, like Gecko) Chrome/80.0.3987.132 Safari/537.36" "gatipackers.com"
198.38.89.87 - - [27/Dec/2022:20:53:20 -0800] "GET /?author=349 HTTP/1.1" 404 8869 "-" "Mozilla/5.0 (Windows; U; Windows NT 5.1; en-US; rv:1.7.12) Gecko/20050915 Firefox/1.0.7" "gatipackers.com"
79.133.56.26 - - [27/Dec/2022:20:53:21 -0800] "GET /?author=146 HTTP/1.1" 404 8869 "-" "Mozilla/5.0 (Windows NT 10.0; Win64; x64) AppleWebKit/537.36 (KHTML, like Gecko) Chrome/80.0.3987.132 Safari/537.36" "gatipackers.com"
120.25.162.160 - - [27/Dec/2022:20:53:22 -0800] "GET /?author=141 HTTP/1.1" 404 8869 "-" "Mozilla/5.0 (Windows NT 10.0; Win64; x64) AppleWebKit/537.36 (KHTML, like Gecko) Chrome/60.0.3112.113 Safari/537.36" "gatipackers.com"
198.38.89.87 - - [27/Dec/2022:20:53:22 -0800] "GET /?author=350 HTTP/1.1" 404 8869 "-" "Mozilla/5.0 (Windows; U; Windows NT 5.1; en-US; rv:1.7.12) Gecko/20050915 Firefox/1.0.7" "gatipackers.com"
79.133.56.26 - - [27/Dec/2022:20:53:23 -0800] "GET /?author=147 HTTP/1.1" 404 8869 "-" "Mozilla/5.0 (Windows NT 10.0; Win64; x64) AppleWebKit/537.36 (KHTML, like Gecko) Chrome/80.0.3987.132 Safari/537.36" "gatipackers.com"
79.133.56.26 - - [27/Dec/2022:20:53:25 -0800] "GET /?author=148 HTTP/1.1" 404 8869 "-" "Mozilla/5.0 (Windows NT 10.0; Win64; x64) AppleWebKit/537.36 (KHTML, like Gecko) Chrome/80.0.3987.132 Safari/537.36" "gatipackers.com"
120.25.162.160 - - [27/Dec/2022:20:53:25 -0800] "GET /?author=141 HTTP/1.1" 404 8869 "-" "Mozilla/5.0 (Windows NT 10.0; Win64; x64) AppleWebKit/537.36 (KHTML, like Gecko) Chrome/60.0.3112.113 Safari/537.36" "gatipackers.com"
79.133.56.26 - - [27/Dec/2022:20:53:28 -0800] "GET /?author=149 HTTP/1.1" 404 8869 "-" "Mozilla/5.0 (Windows NT 10.0; Win64; x64) AppleWebKit/537.36 (KHTML, like Gecko) Chrome/80.0.3987.132 Safari/537.36" "gatipackers.com"
120.25.162.160 - - [27/Dec/2022:20:53:28 -0800] "GET /?author=142 HTTP/1.1" 404 8869 "-" "Mozilla/5.0 (Windows NT 10.0; Win64; x64) AppleWebKit/537.36 (KHTML, like Gecko) Chrome/60.0.3112.113 Safari/537.36" "gatipackers.com"
79.133.56.26 - - [27/Dec/2022:20:53:29 -0800] "GET /?author=411 HTTP/1.1" 404 8869 "-" "Mozilla/5.0 (Windows; U; Windows NT 5.1; en-US; rv:1.7.5) Gecko/20041107 Firefox/1.0" "gatipackers.com"
79.133.56.26 - - [27/Dec/2022:20:53:29 -0800] "GET /?author=150 HTTP/1.1" 404 8869 "-" "Mozilla/5.0 (Windows NT 10.0; Win64; x64) AppleWebKit/537.36 (KHTML, like Gecko) Chrome/80.0.3987.132 Safari/537.36" "gatipackers.com"
120.25.162.160 - - [27/Dec/2022:20:53:30 -0800] "GET /?author=143 HTTP/1.1" 404 8869 "-" "Mozilla/5.0 (Windows NT 10.0; Win64; x64) AppleWebKit/537.36 (KHTML, like Gecko) Chrome/60.0.3112.113 Safari/537.36" "gatipackers.com"
79.133.56.26 - - [27/Dec/2022:20:53:31 -0800] "GET /?author=411 HTTP/1.1" 404 8869 "-" "Mozilla/5.0 (Windows; U; Windows NT 5.1; en-US; rv:1.7.5) Gecko/20041107 Firefox/1.0" "gatipackers.com"
79.133.56.26 - - [27/Dec/2022:20:53:33 -0800] "GET /?author=412 HTTP/1.1" 404 8869 "-" "Mozilla/5.0 (Windows; U; Windows NT 5.1; en-US; rv:1.7.5) Gecko/20041107 Firefox/1.0" "gatipackers.com"
120.25.162.160 - - [27/Dec/2022:20:53:33 -0800] "GET /?author=144 HTTP/1.1" 404 8869 "-" "Mozilla/5.0 (Windows NT 10.0; Win64; x64) AppleWebKit/537.36 (KHTML, like Gecko) Chrome/60.0.3112.113 Safari/537.36" "gatipackers.com"
79.133.56.26 - - [27/Dec/2022:20:53:35 -0800] "GET /?author=413 HTTP/1.1" 404 8869 "-" "Mozilla/5.0 (Windows; U; Windows NT 5.1; en-US; rv:1.7.5) Gecko/20041107 Firefox/1.0" "gatipackers.com"
120.25.162.160 - - [27/Dec/2022:20:53:36 -0800] "GET /?author=145 HTTP/1.1" 404 8869 "-" "Mozilla/5.0 (Windows NT 10.0; Win64; x64) AppleWebKit/537.36 (KHTML, like Gecko) Chrome/60.0.3112.113 Safari/537.36" "gatipackers.com"
14.63.162.151 - - [27/Dec/2022:20:53:36 -0800] "GET /?author=231 HTTP/1.1" 404 8869 "-" "Mozilla/5.0 (Windows NT 10.0; Win64; x64) AppleWebKit/537.36 (KHTML, like Gecko) Chrome/79.0.3945.88 Safari/537.36" "gatipackers.com"
79.133.56.26 - - [27/Dec/2022:20:53:37 -0800] "GET /?author=414 HTTP/1.1" 404 8869 "-" "Mozilla/5.0 (Windows; U; Windows NT 5.1; en-US; rv:1.7.5) Gecko/20041107 Firefox/1.0" "gatipackers.com"
14.63.162.151 - - [27/Dec/2022:20:53:38 -0800] "GET /?author=231 HTTP/1.1" 404 8869 "-" "Mozilla/5.0 (Windows NT 10.0; Win64; x64) AppleWebKit/537.36 (KHTML, like Gecko) Chrome/79.0.3945.88 Safari/537.36" "gatipackers.com"
79.133.56.26 - - [27/Dec/2022:20:53:39 -0800] "GET /?author=415 HTTP/1.1" 404 8869 "-" "Mozilla/5.0 (Windows; U; Windows NT 5.1; en-US; rv:1.7.5) Gecko/20041107 Firefox/1.0" "gatipackers.com"
120.25.162.160 - - [27/Dec/2022:20:53:39 -0800] "GET /?author=146 HTTP/1.1" 404 8869 "-" "Mozilla/5.0 (Windows NT 10.0; Win64; x64) AppleWebKit/537.36 (KHTML, like Gecko) Chrome/60.0.3112.113 Safari/537.36" "gatipackers.com"
14.63.162.151 - - [27/Dec/2022:20:53:40 -0800] "GET /?author=232 HTTP/1.1" 404 8869 "-" "Mozilla/5.0 (Windows NT 10.0; Win64; x64) AppleWebKit/537.36 (KHTML, like Gecko) Chrome/79.0.3945.88 Safari/537.36" "gatipackers.com"
79.133.56.26 - - [27/Dec/2022:20:53:41 -0800] "GET /?author=416 HTTP/1.1" 404 8869 "-" "Mozilla/5.0 (Windows; U; Windows NT 5.1; en-US; rv:1.7.5) Gecko/20041107 Firefox/1.0" "gatipackers.com"
120.25.162.160 - - [27/Dec/2022:20:53:41 -0800] "GET /?author=147 HTTP/1.1" 404 8869 "-" "Mozilla/5.0 (Windows NT 10.0; Win64; x64) AppleWebKit/537.36 (KHTML, like Gecko) Chrome/60.0.3112.113 Safari/537.36" "gatipackers.com"
14.63.162.151 - - [27/Dec/2022:20:53:42 -0800] "GET /?author=233 HTTP/1.1" 404 8869 "-" "Mozilla/5.0 (Windows NT 10.0; Win64; x64) AppleWebKit/537.36 (KHTML, like Gecko) Chrome/79.0.3945.88 Safari/537.36" "gatipackers.com"
79.133.56.26 - - [27/Dec/2022:20:53:43 -0800] "GET /?author=417 HTTP/1.1" 404 8869 "-" "Mozilla/5.0 (Windows; U; Windows NT 5.1; en-US; rv:1.7.5) Gecko/20041107 Firefox/1.0" "gatipackers.com"
120.25.162.160 - - [27/Dec/2022:20:53:44 -0800] "GET /?author=148 HTTP/1.1" 404 8869 "-" "Mozilla/5.0 (Windows NT 10.0; Win64; x64) AppleWebKit/537.36 (KHTML, like Gecko) Chrome/60.0.3112.113 Safari/537.36" "gatipackers.com"
14.63.162.151 - - [27/Dec/2022:20:53:44 -0800] "GET /?author=234 HTTP/1.1" 404 8869 "-" "Mozilla/5.0 (Windows NT 10.0; Win64; x64) AppleWebKit/537.36 (KHTML, like Gecko) Chrome/79.0.3945.88 Safari/537.36" "gatipackers.com"
79.133.56.26 - - [27/Dec/2022:20:53:45 -0800] "GET /?author=418 HTTP/1.1" 404 8869 "-" "Mozilla/5.0 (Windows; U; Windows NT 5.1; en-US; rv:1.7.5) Gecko/20041107 Firefox/1.0" "gatipackers.com"
14.63.162.151 - - [27/Dec/2022:20:53:46 -0800] "GET /?author=235 HTTP/1.1" 404 8869 "-" "Mozilla/5.0 (Windows NT 10.0; Win64; x64) AppleWebKit/537.36 (KHTML, like Gecko) Chrome/79.0.3945.88 Safari/537.36" "gatipackers.com"
79.133.56.26 - - [27/Dec/2022:20:53:46 -0800] "GET /?author=419 HTTP/1.1" 404 8869 "-" "Mozilla/5.0 (Windows; U; Windows NT 5.1; en-US; rv:1.7.5) Gecko/20041107 Firefox/1.0" "gatipackers.com"
14.63.162.151 - - [27/Dec/2022:20:53:48 -0800] "GET /?author=236 HTTP/1.1" 404 8869 "-" "Mozilla/5.0 (Windows NT 10.0; Win64; x64) AppleWebKit/537.36 (KHTML, like Gecko) Chrome/79.0.3945.88 Safari/537.36" "gatipackers.com"
120.25.162.160 - - [27/Dec/2022:20:53:48 -0800] "GET /?author=149 HTTP/1.1" 404 8869 "-" "Mozilla/5.0 (Windows NT 10.0; Win64; x64) AppleWebKit/537.36 (KHTML, like Gecko) Chrome/60.0.3112.113 Safari/537.36" "gatipackers.com"
79.133.56.26 - - [27/Dec/2022:20:53:48 -0800] "GET /?author=420 HTTP/1.1" 404 8869 "-" "Mozilla/5.0 (Windows; U; Windows NT 5.1; en-US; rv:1.7.5) Gecko/20041107 Firefox/1.0" "gatipackers.com"
14.63.162.151 - - [27/Dec/2022:20:53:50 -0800] "GET /?author=237 HTTP/1.1" 404 8869 "-" "Mozilla/5.0 (Windows NT 10.0; Win64; x64) AppleWebKit/537.36 (KHTML, like Gecko) Chrome/79.0.3945.88 Safari/537.36" "gatipackers.com"
120.25.162.160 - - [27/Dec/2022:20:53:51 -0800] "GET /?author=150 HTTP/1.1" 404 8869 "-" "Mozilla/5.0 (Windows NT 10.0; Win64; x64) AppleWebKit/537.36 (KHTML, like Gecko) Chrome/60.0.3112.113 Safari/537.36" "gatipackers.com"
14.63.162.151 - - [27/Dec/2022:20:53:52 -0800] "GET /?author=238 HTTP/1.1" 404 8869 "-" "Mozilla/5.0 (Windows NT 10.0; Win64; x64) AppleWebKit/537.36 (KHTML, like Gecko) Chrome/79.0.3945.88 Safari/537.36" "gatipackers.com"
14.63.162.151 - - [27/Dec/2022:20:53:54 -0800] "GET /?author=239 HTTP/1.1" 404 8869 "-" "Mozilla/5.0 (Windows NT 10.0; Win64; x64) AppleWebKit/537.36 (KHTML, like Gecko) Chrome/79.0.3945.88 Safari/537.36" "gatipackers.com"
14.63.162.151 - - [27/Dec/2022:20:53:56 -0800] "GET /?author=240 HTTP/1.1" 404 8869 "-" "Mozilla/5.0 (Windows NT 10.0; Win64; x64) AppleWebKit/537.36 (KHTML, like Gecko) Chrome/79.0.3945.88 Safari/537.36" "gatipackers.com"
10.213.116.210 - - [27/Dec/2022:21:04:41 -0800] "POST /wp-cron.php?doing_wp_cron=1672203881.6016919612884521484375 HTTP/1.1" 200 - "http://gatipackers.com/wp-cron.php?doing_wp_cron=1672203881.6016919612884521484375" "WordPress/5.6.10; http://gatipackers.com" "gatipackers.com"
51.104.161.32 - - [27/Dec/2022:21:04:39 -0800] "GET / HTTP/1.1" 200 14353 "-" "Mozilla/5.0 (iPhone; CPU iPhone OS 13_3 like Mac OS X) AppleWebKit/605.1.15 (KHTML%2C like Gecko) Mobile/15E148" "gatipackers.com"
51.104.167.71 - - [27/Dec/2022:21:04:45 -0800] "GET / HTTP/1.1" 200 14353 "-" "Mozilla/5.0 (iPhone; CPU iPhone OS 13_3 like Mac OS X) AppleWebKit/605.1.15 (KHTML%2C like Gecko) Mobile/15E148" "gatipackers.com"
39.101.205.176 - - [27/Dec/2022:21:06:31 -0800] "POST /xmlrpc.php HTTP/1.1" 200 401 "-" "Mozilla/5.0 (Windows NT 6.2; WOW64; rv:91.2.0) Gecko/20100101 Firefox/91.2.0" "gatipackers.com"
130.61.143.194 - - [27/Dec/2022:21:11:17 -0800] "POST /xmlrpc.php HTTP/1.1" 200 401 "-" "Mozilla/5.0 (Windows NT 10; Win64; x64; rv:75.0) Gecko/20100101 Firefox/75.0" "gatipackers.com"
10.213.116.211 - - [27/Dec/2022:21:11:19 -0800] "POST /wp-cron.php?doing_wp_cron=1672204279.7791519165039062500000 HTTP/1.1" 200 - "http://gatipackers.com/wp-cron.php?doing_wp_cron=1672204279.7791519165039062500000" "WordPress/5.6.10; http://gatipackers.com" "gatipackers.com"
89.108.76.224 - - [27/Dec/2022:21:16:14 -0800] "POST /xmlrpc.php HTTP/1.1" 200 401 "-" "Mozilla/5.0 (Windows NT 6.2; WOW64; rv:91.2.0) Gecko/20100101 Firefox/91.2.0" "gatipackers.com"
89.36.76.54 - - [27/Dec/2022:21:17:23 -0800] "GET /?author=1 HTTP/1.1" 200 14079 "-" "Mozilla/5.0 (Windows NT 10.0; WOW64) AppleWebKit/537.36 (KHTML, like Gecko) Chrome/62.0.3198.0 Safari/537.36 OPR/49.0.2711.0" "gatipackers.com"
89.36.76.54 - - [27/Dec/2022:21:17:27 -0800] "GET /wp-json/wp/v2/users/ HTTP/1.1" 404 73 "-" "Mozilla/5.0 (Windows NT 10.0; WOW64) AppleWebKit/537.36 (KHTML, like Gecko) Chrome/62.0.3198.0 Safari/537.36 OPR/49.0.2711.0" "gatipackers.com"
120.244.123.252 - - [27/Dec/2022:21:17:31 -0800] "GET /robots.txt HTTP/1.1" 200 58 "-" "Mozilla/5.0 (Windows NT 10.0; Win64; x64) AppleWebKit/537.36 (KHTML, like Gecko) Chrome/92.0.4515.159 Safari/537.36" "www.gatipackers.com"
190.92.137.177 - - [27/Dec/2022:21:21:15 -0800] "POST /xmlrpc.php HTTP/1.1" 200 401 "-" "Mozilla/5.0 (Windows NT 10; Win64; x64; rv:75.0) Gecko/20100101 Firefox/75.0" "gatipackers.com"
193.176.86.94 - - [27/Dec/2022:21:23:12 -0800] "GET /wp-login.php HTTP/1.1" 200 7809 "http://gatipackers.com/wp-login.php" "Mozilla/5.0 (Windows NT 10.0; WOW64) AppleWebKit/537.36 (KHTML, like Gecko) Chrome/62.0.3198.0 Safari/537.36 OPR/49.0.2711.0" "gatipackers.com"
10.213.116.211 - - [27/Dec/2022:21:23:15 -0800] "POST /wp-cron.php?doing_wp_cron=1672204994.9750840663909912109375 HTTP/1.1" 200 - "http://gatipackers.com/wp-cron.php?doing_wp_cron=1672204994.9750840663909912109375" "WordPress/5.6.10; http://gatipackers.com" "gatipackers.com"
193.176.86.94 - - [27/Dec/2022:21:23:16 -0800] "POST /wp-login.php HTTP/1.1" 200 8097 "http://gatipackers.com/wp-login.php" "Mozilla/5.0 (Windows NT 10.0; WOW64) AppleWebKit/537.36 (KHTML, like Gecko) Chrome/62.0.3198.0 Safari/537.36 OPR/49.0.2711.0" "gatipackers.com"
93.113.111.100 - - [27/Dec/2022:21:26:54 -0800] "POST /xmlrpc.php HTTP/1.1" 200 401 "-" "Mozilla/5.0 (Windows NT 10; Win64; x64; rv:75.0) Gecko/20100101 Firefox/75.0" "gatipackers.com"
46.161.14.104 - - [27/Dec/2022:21:29:50 -0800] "GET /wp-login.php?action=register HTTP/1.1" 302 - "-" "Mozilla/5.0 (Windows NT 6.3; WOW64) AppleWebKit/537.36 (KHTML, like Gecko) Chrome/38.0.2125.111 Safari/537.36" "gatipackers.com"
46.161.14.104 - - [27/Dec/2022:21:29:59 -0800] "GET /wp-login.php?registration=disabled HTTP/1.1" 200 7953 "http://gatipackers.com/wp-login.php?action=register" "Mozilla/5.0 (Windows NT 6.3; WOW64) AppleWebKit/537.36 (KHTML, like Gecko) Chrome/38.0.2125.111 Safari/537.36" "gatipackers.com"
101.99.90.175 - - [27/Dec/2022:21:32:11 -0800] "POST /xmlrpc.php HTTP/1.1" 200 401 "-" "Mozilla/5.0 (Windows NT 10; Win64; x64; rv:75.0) Gecko/20100101 Firefox/75.0" "gatipackers.com"
67.23.254.254 - - [27/Dec/2022:21:37:25 -0800] "POST /xmlrpc.php HTTP/1.1" 200 401 "-" "Mozilla/5.0 (Windows NT 10; Win64; x64; rv:75.0) Gecko/20100101 Firefox/75.0" "gatipackers.com"
10.213.116.209 - - [27/Dec/2022:21:37:27 -0800] "POST /wp-cron.php?doing_wp_cron=1672205847.8981130123138427734375 HTTP/1.1" 200 - "http://gatipackers.com/wp-cron.php?doing_wp_cron=1672205847.8981130123138427734375" "WordPress/5.6.10; http://gatipackers.com" "gatipackers.com"
49.7.21.109 - - [27/Dec/2022:21:41:49 -0800] "GET / HTTP/1.1" 200 14406 "-" "Sogou web spider/4.0(+http://www.sogou.com/docs/help/webmasters.htm#07)" "www.gatipackers.com"
