20.169.51.155 - - [21/Oct/2022:08:13:31 -0700] "POST /wp-login.php HTTP/1.1" 500 2534 "-" "Mozilla/5.0 (Windows NT 10.0; Win64; x64) AppleWebKit/537.36 (KHTML, like Gecko) Chrome/83.0.4103.97 Safari/537.36" "gatipackers.com"
20.169.51.155 - - [21/Oct/2022:08:13:31 -0700] "POST /wp-login.php HTTP/1.1" 500 2535 "-" "Mozilla/5.0 (Windows NT 10.0; Win64; x64) AppleWebKit/537.36 (KHTML, like Gecko) Chrome/83.0.4103.97 Safari/537.36" "gatipackers.com"
20.169.51.155 - - [21/Oct/2022:08:13:31 -0700] "POST /wp-login.php HTTP/1.1" 500 2531 "-" "Mozilla/5.0 (Windows NT 10.0; Win64; x64) AppleWebKit/537.36 (KHTML, like Gecko) Chrome/83.0.4103.97 Safari/537.36" "gatipackers.com"
20.169.51.155 - - [21/Oct/2022:08:13:31 -0700] "POST /wp-login.php HTTP/1.1" 500 2534 "-" "Mozilla/5.0 (Windows NT 10.0; Win64; x64) AppleWebKit/537.36 (KHTML, like Gecko) Chrome/83.0.4103.97 Safari/537.36" "gatipackers.com"
20.169.51.155 - - [21/Oct/2022:08:13:31 -0700] "POST /wp-login.php HTTP/1.1" 500 2535 "-" "Mozilla/5.0 (Windows NT 10.0; Win64; x64) AppleWebKit/537.36 (KHTML, like Gecko) Chrome/83.0.4103.97 Safari/537.36" "gatipackers.com"
20.169.51.155 - - [21/Oct/2022:08:13:31 -0700] "POST /wp-login.php HTTP/1.1" 500 2531 "-" "Mozilla/5.0 (Windows NT 10.0; Win64; x64) AppleWebKit/537.36 (KHTML, like Gecko) Chrome/83.0.4103.97 Safari/537.36" "gatipackers.com"
20.169.51.155 - - [21/Oct/2022:08:13:31 -0700] "POST /wp-login.php HTTP/1.1" 500 2534 "-" "Mozilla/5.0 (Windows NT 10.0; Win64; x64) AppleWebKit/537.36 (KHTML, like Gecko) Chrome/83.0.4103.97 Safari/537.36" "gatipackers.com"
20.169.51.155 - - [21/Oct/2022:08:13:31 -0700] "POST /wp-login.php HTTP/1.1" 500 2535 "-" "Mozilla/5.0 (Windows NT 10.0; Win64; x64) AppleWebKit/537.36 (KHTML, like Gecko) Chrome/83.0.4103.97 Safari/537.36" "gatipackers.com"
20.169.51.155 - - [21/Oct/2022:08:13:31 -0700] "POST /wp-login.php HTTP/1.1" 500 2531 "-" "Mozilla/5.0 (Windows NT 10.0; Win64; x64) AppleWebKit/537.36 (KHTML, like Gecko) Chrome/83.0.4103.97 Safari/537.36" "gatipackers.com"
20.169.51.155 - - [21/Oct/2022:08:13:31 -0700] "POST /wp-login.php HTTP/1.1" 500 2534 "-" "Mozilla/5.0 (Windows NT 10.0; Win64; x64) AppleWebKit/537.36 (KHTML, like Gecko) Chrome/83.0.4103.97 Safari/537.36" "gatipackers.com"
20.169.51.155 - - [21/Oct/2022:08:13:32 -0700] "POST /wp-login.php HTTP/1.1" 500 2533 "-" "Mozilla/5.0 (Windows NT 10.0; Win64; x64) AppleWebKit/537.36 (KHTML, like Gecko) Chrome/83.0.4103.97 Safari/537.36" "gatipackers.com"
20.169.51.155 - - [21/Oct/2022:08:13:32 -0700] "POST /wp-login.php HTTP/1.1" 500 2533 "-" "Mozilla/5.0 (Windows NT 10.0; Win64; x64) AppleWebKit/537.36 (KHTML, like Gecko) Chrome/83.0.4103.97 Safari/537.36" "gatipackers.com"
20.169.51.155 - - [21/Oct/2022:08:13:32 -0700] "POST /wp-login.php HTTP/1.1" 500 2529 "-" "Mozilla/5.0 (Windows NT 10.0; Win64; x64) AppleWebKit/537.36 (KHTML, like Gecko) Chrome/83.0.4103.97 Safari/537.36" "gatipackers.com"
20.169.51.155 - - [21/Oct/2022:08:13:32 -0700] "POST /wp-login.php HTTP/1.1" 500 2533 "-" "Mozilla/5.0 (Windows NT 10.0; Win64; x64) AppleWebKit/537.36 (KHTML, like Gecko) Chrome/83.0.4103.97 Safari/537.36" "gatipackers.com"
20.169.51.155 - - [21/Oct/2022:08:13:32 -0700] "POST /wp-login.php HTTP/1.1" 500 2533 "-" "Mozilla/5.0 (Windows NT 10.0; Win64; x64) AppleWebKit/537.36 (KHTML, like Gecko) Chrome/83.0.4103.97 Safari/537.36" "gatipackers.com"
20.169.51.155 - - [21/Oct/2022:08:13:32 -0700] "POST /wp-login.php HTTP/1.1" 500 2529 "-" "Mozilla/5.0 (Windows NT 10.0; Win64; x64) AppleWebKit/537.36 (KHTML, like Gecko) Chrome/83.0.4103.97 Safari/537.36" "gatipackers.com"
20.169.51.155 - - [21/Oct/2022:08:13:32 -0700] "POST /wp-login.php HTTP/1.1" 500 2533 "-" "Mozilla/5.0 (Windows NT 10.0; Win64; x64) AppleWebKit/537.36 (KHTML, like Gecko) Chrome/83.0.4103.97 Safari/537.36" "gatipackers.com"
20.169.51.155 - - [21/Oct/2022:08:13:32 -0700] "POST /wp-login.php HTTP/1.1" 500 2533 "-" "Mozilla/5.0 (Windows NT 10.0; Win64; x64) AppleWebKit/537.36 (KHTML, like Gecko) Chrome/83.0.4103.97 Safari/537.36" "gatipackers.com"
20.169.51.155 - - [21/Oct/2022:08:13:32 -0700] "POST /wp-login.php HTTP/1.1" 500 2529 "-" "Mozilla/5.0 (Windows NT 10.0; Win64; x64) AppleWebKit/537.36 (KHTML, like Gecko) Chrome/83.0.4103.97 Safari/537.36" "gatipackers.com"
20.169.51.155 - - [21/Oct/2022:08:13:32 -0700] "POST /wp-login.php HTTP/1.1" 500 2533 "-" "Mozilla/5.0 (Windows NT 10.0; Win64; x64) AppleWebKit/537.36 (KHTML, like Gecko) Chrome/83.0.4103.97 Safari/537.36" "gatipackers.com"
20.169.51.155 - - [21/Oct/2022:08:13:32 -0700] "POST /wp-login.php HTTP/1.1" 500 2533 "-" "Mozilla/5.0 (Windows NT 10.0; Win64; x64) AppleWebKit/537.36 (KHTML, like Gecko) Chrome/83.0.4103.97 Safari/537.36" "gatipackers.com"
20.169.51.155 - - [21/Oct/2022:08:13:32 -0700] "POST /wp-login.php HTTP/1.1" 500 2529 "-" "Mozilla/5.0 (Windows NT 10.0; Win64; x64) AppleWebKit/537.36 (KHTML, like Gecko) Chrome/83.0.4103.97 Safari/537.36" "gatipackers.com"
20.169.51.155 - - [21/Oct/2022:08:13:32 -0700] "POST /wp-login.php HTTP/1.1" 500 2533 "-" "Mozilla/5.0 (Windows NT 10.0; Win64; x64) AppleWebKit/537.36 (KHTML, like Gecko) Chrome/83.0.4103.97 Safari/537.36" "gatipackers.com"
20.169.51.155 - - [21/Oct/2022:08:13:32 -0700] "POST /wp-login.php HTTP/1.1" 500 2533 "-" "Mozilla/5.0 (Windows NT 10.0; Win64; x64) AppleWebKit/537.36 (KHTML, like Gecko) Chrome/83.0.4103.97 Safari/537.36" "gatipackers.com"
20.169.51.155 - - [21/Oct/2022:08:13:32 -0700] "POST /wp-login.php HTTP/1.1" 500 2529 "-" "Mozilla/5.0 (Windows NT 10.0; Win64; x64) AppleWebKit/537.36 (KHTML, like Gecko) Chrome/83.0.4103.97 Safari/537.36" "gatipackers.com"
20.169.51.155 - - [21/Oct/2022:08:13:32 -0700] "POST /wp-login.php HTTP/1.1" 500 2533 "-" "Mozilla/5.0 (Windows NT 10.0; Win64; x64) AppleWebKit/537.36 (KHTML, like Gecko) Chrome/83.0.4103.97 Safari/537.36" "gatipackers.com"
20.169.51.155 - - [21/Oct/2022:08:13:32 -0700] "POST /wp-login.php HTTP/1.1" 500 2533 "-" "Mozilla/5.0 (Windows NT 10.0; Win64; x64) AppleWebKit/537.36 (KHTML, like Gecko) Chrome/83.0.4103.97 Safari/537.36" "gatipackers.com"
20.169.51.155 - - [21/Oct/2022:08:13:32 -0700] "POST /wp-login.php HTTP/1.1" 500 2529 "-" "Mozilla/5.0 (Windows NT 10.0; Win64; x64) AppleWebKit/537.36 (KHTML, like Gecko) Chrome/83.0.4103.97 Safari/537.36" "gatipackers.com"
20.169.51.155 - - [21/Oct/2022:08:13:32 -0700] "POST /wp-login.php HTTP/1.1" 500 2533 "-" "Mozilla/5.0 (Windows NT 10.0; Win64; x64) AppleWebKit/537.36 (KHTML, like Gecko) Chrome/83.0.4103.97 Safari/537.36" "gatipackers.com"
20.169.51.155 - - [21/Oct/2022:08:13:32 -0700] "POST /wp-login.php HTTP/1.1" 500 2533 "-" "Mozilla/5.0 (Windows NT 10.0; Win64; x64) AppleWebKit/537.36 (KHTML, like Gecko) Chrome/83.0.4103.97 Safari/537.36" "gatipackers.com"
20.169.51.155 - - [21/Oct/2022:08:13:32 -0700] "POST /wp-login.php HTTP/1.1" 500 2529 "-" "Mozilla/5.0 (Windows NT 10.0; Win64; x64) AppleWebKit/537.36 (KHTML, like Gecko) Chrome/83.0.4103.97 Safari/537.36" "gatipackers.com"
20.169.51.155 - - [21/Oct/2022:08:13:33 -0700] "POST /wp-login.php HTTP/1.1" 500 2532 "-" "Mozilla/5.0 (Windows NT 10.0; Win64; x64) AppleWebKit/537.36 (KHTML, like Gecko) Chrome/83.0.4103.97 Safari/537.36" "gatipackers.com"
20.169.51.155 - - [21/Oct/2022:08:13:33 -0700] "POST /wp-login.php HTTP/1.1" 500 2533 "-" "Mozilla/5.0 (Windows NT 10.0; Win64; x64) AppleWebKit/537.36 (KHTML, like Gecko) Chrome/83.0.4103.97 Safari/537.36" "gatipackers.com"
20.169.51.155 - - [21/Oct/2022:08:13:33 -0700] "POST /wp-login.php HTTP/1.1" 500 2535 "-" "Mozilla/5.0 (Windows NT 10.0; Win64; x64) AppleWebKit/537.36 (KHTML, like Gecko) Chrome/83.0.4103.97 Safari/537.36" "gatipackers.com"
20.169.51.155 - - [21/Oct/2022:08:13:33 -0700] "POST /wp-login.php HTTP/1.1" 500 2532 "-" "Mozilla/5.0 (Windows NT 10.0; Win64; x64) AppleWebKit/537.36 (KHTML, like Gecko) Chrome/83.0.4103.97 Safari/537.36" "gatipackers.com"
20.169.51.155 - - [21/Oct/2022:08:13:33 -0700] "POST /wp-login.php HTTP/1.1" 500 2533 "-" "Mozilla/5.0 (Windows NT 10.0; Win64; x64) AppleWebKit/537.36 (KHTML, like Gecko) Chrome/83.0.4103.97 Safari/537.36" "gatipackers.com"
20.169.51.155 - - [21/Oct/2022:08:13:33 -0700] "POST /wp-login.php HTTP/1.1" 500 2535 "-" "Mozilla/5.0 (Windows NT 10.0; Win64; x64) AppleWebKit/537.36 (KHTML, like Gecko) Chrome/83.0.4103.97 Safari/537.36" "gatipackers.com"
20.169.51.155 - - [21/Oct/2022:08:13:33 -0700] "POST /wp-login.php HTTP/1.1" 500 2533 "-" "Mozilla/5.0 (Windows NT 10.0; Win64; x64) AppleWebKit/537.36 (KHTML, like Gecko) Chrome/83.0.4103.97 Safari/537.36" "gatipackers.com"
20.169.51.155 - - [21/Oct/2022:08:13:33 -0700] "POST /wp-login.php HTTP/1.1" 500 2535 "-" "Mozilla/5.0 (Windows NT 10.0; Win64; x64) AppleWebKit/537.36 (KHTML, like Gecko) Chrome/83.0.4103.97 Safari/537.36" "gatipackers.com"
20.169.51.155 - - [21/Oct/2022:08:13:33 -0700] "POST /wp-login.php HTTP/1.1" 500 2532 "-" "Mozilla/5.0 (Windows NT 10.0; Win64; x64) AppleWebKit/537.36 (KHTML, like Gecko) Chrome/83.0.4103.97 Safari/537.36" "gatipackers.com"
20.169.51.155 - - [21/Oct/2022:08:13:33 -0700] "POST /wp-login.php HTTP/1.1" 500 2533 "-" "Mozilla/5.0 (Windows NT 10.0; Win64; x64) AppleWebKit/537.36 (KHTML, like Gecko) Chrome/83.0.4103.97 Safari/537.36" "gatipackers.com"
20.169.51.155 - - [21/Oct/2022:08:13:33 -0700] "POST /wp-login.php HTTP/1.1" 500 2535 "-" "Mozilla/5.0 (Windows NT 10.0; Win64; x64) AppleWebKit/537.36 (KHTML, like Gecko) Chrome/83.0.4103.97 Safari/537.36" "gatipackers.com"
20.169.51.155 - - [21/Oct/2022:08:13:33 -0700] "POST /wp-login.php HTTP/1.1" 500 2532 "-" "Mozilla/5.0 (Windows NT 10.0; Win64; x64) AppleWebKit/537.36 (KHTML, like Gecko) Chrome/83.0.4103.97 Safari/537.36" "gatipackers.com"
20.169.51.155 - - [21/Oct/2022:08:13:33 -0700] "POST /wp-login.php HTTP/1.1" 500 2533 "-" "Mozilla/5.0 (Windows NT 10.0; Win64; x64) AppleWebKit/537.36 (KHTML, like Gecko) Chrome/83.0.4103.97 Safari/537.36" "gatipackers.com"
20.169.51.155 - - [21/Oct/2022:08:13:33 -0700] "POST /wp-login.php HTTP/1.1" 500 2535 "-" "Mozilla/5.0 (Windows NT 10.0; Win64; x64) AppleWebKit/537.36 (KHTML, like Gecko) Chrome/83.0.4103.97 Safari/537.36" "gatipackers.com"
20.169.51.155 - - [21/Oct/2022:08:13:33 -0700] "POST /wp-login.php HTTP/1.1" 500 2532 "-" "Mozilla/5.0 (Windows NT 10.0; Win64; x64) AppleWebKit/537.36 (KHTML, like Gecko) Chrome/83.0.4103.97 Safari/537.36" "gatipackers.com"
20.169.51.155 - - [21/Oct/2022:08:13:33 -0700] "POST /wp-login.php HTTP/1.1" 500 2533 "-" "Mozilla/5.0 (Windows NT 10.0; Win64; x64) AppleWebKit/537.36 (KHTML, like Gecko) Chrome/83.0.4103.97 Safari/537.36" "gatipackers.com"
20.169.51.155 - - [21/Oct/2022:08:13:33 -0700] "POST /wp-login.php HTTP/1.1" 500 2535 "-" "Mozilla/5.0 (Windows NT 10.0; Win64; x64) AppleWebKit/537.36 (KHTML, like Gecko) Chrome/83.0.4103.97 Safari/537.36" "gatipackers.com"
20.169.51.155 - - [21/Oct/2022:08:13:33 -0700] "POST /wp-login.php HTTP/1.1" 500 2533 "-" "Mozilla/5.0 (Windows NT 10.0; Win64; x64) AppleWebKit/537.36 (KHTML, like Gecko) Chrome/83.0.4103.97 Safari/537.36" "gatipackers.com"
20.169.51.155 - - [21/Oct/2022:08:13:33 -0700] "POST /wp-login.php HTTP/1.1" 500 2535 "-" "Mozilla/5.0 (Windows NT 10.0; Win64; x64) AppleWebKit/537.36 (KHTML, like Gecko) Chrome/83.0.4103.97 Safari/537.36" "gatipackers.com"
20.169.51.155 - - [21/Oct/2022:08:13:33 -0700] "POST /wp-login.php HTTP/1.1" 500 2532 "-" "Mozilla/5.0 (Windows NT 10.0; Win64; x64) AppleWebKit/537.36 (KHTML, like Gecko) Chrome/83.0.4103.97 Safari/537.36" "gatipackers.com"
20.169.51.155 - - [21/Oct/2022:08:13:34 -0700] "POST /wp-login.php HTTP/1.1" 500 2530 "-" "Mozilla/5.0 (Windows NT 10.0; Win64; x64) AppleWebKit/537.36 (KHTML, like Gecko) Chrome/83.0.4103.97 Safari/537.36" "gatipackers.com"
20.169.51.155 - - [21/Oct/2022:08:13:34 -0700] "POST /wp-login.php HTTP/1.1" 500 2533 "-" "Mozilla/5.0 (Windows NT 10.0; Win64; x64) AppleWebKit/537.36 (KHTML, like Gecko) Chrome/83.0.4103.97 Safari/537.36" "gatipackers.com"
20.169.51.155 - - [21/Oct/2022:08:13:34 -0700] "POST /wp-login.php HTTP/1.1" 500 2530 "-" "Mozilla/5.0 (Windows NT 10.0; Win64; x64) AppleWebKit/537.36 (KHTML, like Gecko) Chrome/83.0.4103.97 Safari/537.36" "gatipackers.com"
20.169.51.155 - - [21/Oct/2022:08:13:34 -0700] "POST /wp-login.php HTTP/1.1" 500 2533 "-" "Mozilla/5.0 (Windows NT 10.0; Win64; x64) AppleWebKit/537.36 (KHTML, like Gecko) Chrome/83.0.4103.97 Safari/537.36" "gatipackers.com"
20.169.51.155 - - [21/Oct/2022:08:13:34 -0700] "POST /wp-login.php HTTP/1.1" 500 2532 "-" "Mozilla/5.0 (Windows NT 10.0; Win64; x64) AppleWebKit/537.36 (KHTML, like Gecko) Chrome/83.0.4103.97 Safari/537.36" "gatipackers.com"
20.169.51.155 - - [21/Oct/2022:08:13:34 -0700] "POST /wp-login.php HTTP/1.1" 500 2530 "-" "Mozilla/5.0 (Windows NT 10.0; Win64; x64) AppleWebKit/537.36 (KHTML, like Gecko) Chrome/83.0.4103.97 Safari/537.36" "gatipackers.com"
20.169.51.155 - - [21/Oct/2022:08:13:34 -0700] "POST /wp-login.php HTTP/1.1" 500 2533 "-" "Mozilla/5.0 (Windows NT 10.0; Win64; x64) AppleWebKit/537.36 (KHTML, like Gecko) Chrome/83.0.4103.97 Safari/537.36" "gatipackers.com"
20.169.51.155 - - [21/Oct/2022:08:13:34 -0700] "POST /wp-login.php HTTP/1.1" 500 2530 "-" "Mozilla/5.0 (Windows NT 10.0; Win64; x64) AppleWebKit/537.36 (KHTML, like Gecko) Chrome/83.0.4103.97 Safari/537.36" "gatipackers.com"
20.169.51.155 - - [21/Oct/2022:08:13:34 -0700] "POST /wp-login.php HTTP/1.1" 500 2533 "-" "Mozilla/5.0 (Windows NT 10.0; Win64; x64) AppleWebKit/537.36 (KHTML, like Gecko) Chrome/83.0.4103.97 Safari/537.36" "gatipackers.com"
20.169.51.155 - - [21/Oct/2022:08:13:34 -0700] "POST /wp-login.php HTTP/1.1" 500 2532 "-" "Mozilla/5.0 (Windows NT 10.0; Win64; x64) AppleWebKit/537.36 (KHTML, like Gecko) Chrome/83.0.4103.97 Safari/537.36" "gatipackers.com"
20.169.51.155 - - [21/Oct/2022:08:13:34 -0700] "POST /wp-login.php HTTP/1.1" 500 2530 "-" "Mozilla/5.0 (Windows NT 10.0; Win64; x64) AppleWebKit/537.36 (KHTML, like Gecko) Chrome/83.0.4103.97 Safari/537.36" "gatipackers.com"
20.169.51.155 - - [21/Oct/2022:08:13:34 -0700] "POST /wp-login.php HTTP/1.1" 500 2533 "-" "Mozilla/5.0 (Windows NT 10.0; Win64; x64) AppleWebKit/537.36 (KHTML, like Gecko) Chrome/83.0.4103.97 Safari/537.36" "gatipackers.com"
20.169.51.155 - - [21/Oct/2022:08:13:34 -0700] "POST /wp-login.php HTTP/1.1" 500 2532 "-" "Mozilla/5.0 (Windows NT 10.0; Win64; x64) AppleWebKit/537.36 (KHTML, like Gecko) Chrome/83.0.4103.97 Safari/537.36" "gatipackers.com"
20.169.51.155 - - [21/Oct/2022:08:13:34 -0700] "POST /wp-login.php HTTP/1.1" 500 2530 "-" "Mozilla/5.0 (Windows NT 10.0; Win64; x64) AppleWebKit/537.36 (KHTML, like Gecko) Chrome/83.0.4103.97 Safari/537.36" "gatipackers.com"
20.169.51.155 - - [21/Oct/2022:08:13:34 -0700] "POST /wp-login.php HTTP/1.1" 500 2533 "-" "Mozilla/5.0 (Windows NT 10.0; Win64; x64) AppleWebKit/537.36 (KHTML, like Gecko) Chrome/83.0.4103.97 Safari/537.36" "gatipackers.com"
20.169.51.155 - - [21/Oct/2022:08:13:34 -0700] "POST /wp-login.php HTTP/1.1" 500 2532 "-" "Mozilla/5.0 (Windows NT 10.0; Win64; x64) AppleWebKit/537.36 (KHTML, like Gecko) Chrome/83.0.4103.97 Safari/537.36" "gatipackers.com"
20.169.51.155 - - [21/Oct/2022:08:13:34 -0700] "POST /wp-login.php HTTP/1.1" 500 2530 "-" "Mozilla/5.0 (Windows NT 10.0; Win64; x64) AppleWebKit/537.36 (KHTML, like Gecko) Chrome/83.0.4103.97 Safari/537.36" "gatipackers.com"
20.169.51.155 - - [21/Oct/2022:08:13:34 -0700] "POST /wp-login.php HTTP/1.1" 500 2533 "-" "Mozilla/5.0 (Windows NT 10.0; Win64; x64) AppleWebKit/537.36 (KHTML, like Gecko) Chrome/83.0.4103.97 Safari/537.36" "gatipackers.com"
20.169.51.155 - - [21/Oct/2022:08:13:34 -0700] "POST /wp-login.php HTTP/1.1" 500 2532 "-" "Mozilla/5.0 (Windows NT 10.0; Win64; x64) AppleWebKit/537.36 (KHTML, like Gecko) Chrome/83.0.4103.97 Safari/537.36" "gatipackers.com"
20.169.51.155 - - [21/Oct/2022:08:13:34 -0700] "POST /wp-login.php HTTP/1.1" 500 2530 "-" "Mozilla/5.0 (Windows NT 10.0; Win64; x64) AppleWebKit/537.36 (KHTML, like Gecko) Chrome/83.0.4103.97 Safari/537.36" "gatipackers.com"
20.169.51.155 - - [21/Oct/2022:08:13:34 -0700] "POST /wp-login.php HTTP/1.1" 500 2533 "-" "Mozilla/5.0 (Windows NT 10.0; Win64; x64) AppleWebKit/537.36 (KHTML, like Gecko) Chrome/83.0.4103.97 Safari/537.36" "gatipackers.com"
20.169.51.155 - - [21/Oct/2022:08:13:35 -0700] "POST /wp-login.php HTTP/1.1" 500 2528 "-" "Mozilla/5.0 (Windows NT 10.0; Win64; x64) AppleWebKit/537.36 (KHTML, like Gecko) Chrome/83.0.4103.97 Safari/537.36" "gatipackers.com"
20.169.51.155 - - [21/Oct/2022:08:13:35 -0700] "POST /wp-login.php HTTP/1.1" 500 2531 "-" "Mozilla/5.0 (Windows NT 10.0; Win64; x64) AppleWebKit/537.36 (KHTML, like Gecko) Chrome/83.0.4103.97 Safari/537.36" "gatipackers.com"
20.169.51.155 - - [21/Oct/2022:08:13:35 -0700] "POST /wp-login.php HTTP/1.1" 500 2533 "-" "Mozilla/5.0 (Windows NT 10.0; Win64; x64) AppleWebKit/537.36 (KHTML, like Gecko) Chrome/83.0.4103.97 Safari/537.36" "gatipackers.com"
20.169.51.155 - - [21/Oct/2022:08:13:35 -0700] "POST /wp-login.php HTTP/1.1" 500 2528 "-" "Mozilla/5.0 (Windows NT 10.0; Win64; x64) AppleWebKit/537.36 (KHTML, like Gecko) Chrome/83.0.4103.97 Safari/537.36" "gatipackers.com"
20.169.51.155 - - [21/Oct/2022:08:13:35 -0700] "POST /wp-login.php HTTP/1.1" 500 2531 "-" "Mozilla/5.0 (Windows NT 10.0; Win64; x64) AppleWebKit/537.36 (KHTML, like Gecko) Chrome/83.0.4103.97 Safari/537.36" "gatipackers.com"
20.169.51.155 - - [21/Oct/2022:08:13:35 -0700] "POST /wp-login.php HTTP/1.1" 500 2533 "-" "Mozilla/5.0 (Windows NT 10.0; Win64; x64) AppleWebKit/537.36 (KHTML, like Gecko) Chrome/83.0.4103.97 Safari/537.36" "gatipackers.com"
20.169.51.155 - - [21/Oct/2022:08:13:37 -0700] "HEAD /wp/xmlrpc.php HTTP/1.1" 500 - "-" "Mozilla/5.0 (X11; Fedora; Linux x86_64; rv:79.0) Gecko/20100101 Firefox/79.0" "gatipackers.com"
20.169.51.155 - - [21/Oct/2022:08:13:38 -0700] "HEAD /wordpress/xmlrpc.php HTTP/1.1" 500 - "-" "Mozilla/5.0 (Windows NT 10.0; Win64; x64) AppleWebKit/537.36 (KHTML, like Gecko) Chrome/81.0.4044.129 Safari/537.36" "gatipackers.com"
20.169.51.155 - - [21/Oct/2022:08:13:40 -0700] "HEAD /old/xmlrpc.php HTTP/1.1" 500 - "-" "Mozilla/5.0 (Windows NT 10.0; Win64; x64) AppleWebKit/537.36 (KHTML, like Gecko) Chrome/74.0.3729.157 Safari/537.36" "gatipackers.com"
20.169.51.155 - - [21/Oct/2022:08:13:41 -0700] "HEAD /new/xmlrpc.php HTTP/1.1" 500 - "-" "Mozilla/5.0 (Macintosh; Intel Mac OS X 10_15_6) AppleWebKit/537.36 (KHTML, like Gecko) Chrome/84.0.4147.105 Safari/537.36" "gatipackers.com"
20.169.51.155 - - [21/Oct/2022:08:13:42 -0700] "HEAD /blog/xmlrpc.php HTTP/1.1" 500 - "-" "Mozilla/5.0 (Windows NT 10.0; WOW64) AppleWebKit/537.36 (KHTML, like Gecko) Chrome/72.0.3626.121 Safari/537.36" "gatipackers.com"
209.97.162.248 - - [21/Oct/2022:08:15:35 -0700] "POST /wp-login.php HTTP/1.1" 200 8261 "-" "Mozilla/5.0 (Windows NT 6.1) AppleWebKit/537.36 (KHTML, like Gecko) Chrome/58.0.3029.110 Safari/537.36" "gatipackers.com"
185.46.121.66 - - [21/Oct/2022:08:22:01 -0700] "POST /xmlrpc.php HTTP/1.1" 200 401 "-" "Mozilla/5.0 (Windows NT 10.0; Win64; x64; rv:96.0) Gecko/20100101 Firefox/96" "gatipackers.com"
207.188.156.68 - - [21/Oct/2022:08:31:36 -0700] "POST /wp-login.php HTTP/1.1" 200 8256 "-" "Mozilla/5.0 (Windows; U; Windows NT 5.1; en-US) AppleWebKit/533.4 (KHTML, like Gecko) Chrome/5.0.375.99 Safari/533.4" "gatipackers.com"
10.213.116.210 - - [21/Oct/2022:08:31:40 -0700] "POST /wp-cron.php?doing_wp_cron=1666366300.2173891067504882812500 HTTP/1.1" 200 - "http://gatipackers.com/wp-cron.php?doing_wp_cron=1666366300.2173891067504882812500" "WordPress/5.6.10; http://gatipackers.com" "gatipackers.com"
185.220.101.37 - - [21/Oct/2022:08:33:17 -0700] "GET /home/request_a_survey/ HTTP/1.1" 200 779 "http://gatipackers.com/home/request_a_survey/" "Mozilla/5.0 (Windows NT 10.0; Win64; x64) AppleWebKit/537.36 (KHTML, like Gecko) Chrome/90.0.4430.72 Safari/537.36" "gatipackers.com"
185.220.101.37 - - [21/Oct/2022:08:33:17 -0700] "GET / HTTP/1.1" 200 14533 "http://gatipackers.com/" "Mozilla/5.0 (Windows NT 10.0; Win64; x64) AppleWebKit/537.36 (KHTML, like Gecko) Chrome/90.0.4430.72 Safari/537.36" "gatipackers.com"
185.196.220.26 - - [21/Oct/2022:08:42:05 -0700] "GET /wp/ HTTP/1.1" 404 88 "https://www.google.com/" "Mozilla/5.0 (Macintosh; Intel Mac OS X 12.6; rv:105.0) Gecko/20100101 Firefox/105.0" "gatipackers.com"
51.89.153.112 - - [21/Oct/2022:08:49:12 -0700] "GET /home/request_a_survey/ HTTP/1.1" 200 779 "http://gatipackers.com/home/request_a_survey/" "Mozilla/5.0 (Windows NT 10.0) AppleWebKit/537.36 (KHTML, like Gecko) Chrome/90.0.4430.72 Safari/537.36" "gatipackers.com"
51.89.153.112 - - [21/Oct/2022:08:49:14 -0700] "GET / HTTP/1.1" 200 14533 "http://gatipackers.com/" "Mozilla/5.0 (Windows NT 10.0) AppleWebKit/537.36 (KHTML, like Gecko) Chrome/90.0.4430.72 Safari/537.36" "gatipackers.com"
10.213.116.210 - - [21/Oct/2022:08:49:18 -0700] "POST /wp-cron.php?doing_wp_cron=1666367358.9319550991058349609375 HTTP/1.1" 200 - "http://gatipackers.com/wp-cron.php?doing_wp_cron=1666367358.9319550991058349609375" "WordPress/5.6.10; http://gatipackers.com" "gatipackers.com"
51.89.153.112 - - [21/Oct/2022:08:49:21 -0700] "GET /index.php/2021/02/26/sample-page/ HTTP/1.1" 200 13884 "http://gatipackers.com/index.php/2021/02/26/sample-page/" "Mozilla/5.0 (Windows NT 10.0) AppleWebKit/537.36 (KHTML, like Gecko) Chrome/90.0.4430.72 Safari/537.36" "gatipackers.com"
106.15.38.206 - - [21/Oct/2022:09:02:24 -0700] "POST /wp-login.php HTTP/1.1" 200 8265 "-" "Mozilla/5.0 (Windows NT 6.1) AppleWebKit/537.36 (KHTML, like Gecko) Chrome/80.0.3987.132 Safari/537.36" "gatipackers.com"
10.213.116.209 - - [21/Oct/2022:09:02:29 -0700] "POST /wp-cron.php?doing_wp_cron=1666368149.0909419059753417968750 HTTP/1.1" 200 - "http://gatipackers.com/wp-cron.php?doing_wp_cron=1666368149.0909419059753417968750" "WordPress/5.6.10; http://gatipackers.com" "gatipackers.com"
37.115.216.44 - - [21/Oct/2022:09:11:18 -0700] "GET /home/request_a_survey/ HTTP/1.1" 200 779 "http://gatipackers.com/home/request_a_survey/" "Mozilla/5.0 (Windows NT 10.0) AppleWebKit/537.36 (KHTML, like Gecko) Chrome/90.0.4430.85 Safari/537.36 Edg/90.0.818.46" "gatipackers.com"
37.115.216.44 - - [21/Oct/2022:09:11:28 -0700] "GET / HTTP/1.1" 200 14533 "http://gatipackers.com/" "Mozilla/5.0 (Windows NT 10.0) AppleWebKit/537.36 (KHTML, like Gecko) Chrome/90.0.4430.85 Safari/537.36 Edg/90.0.818.46" "gatipackers.com"
10.213.116.209 - - [21/Oct/2022:09:11:32 -0700] "POST /wp-cron.php?doing_wp_cron=1666368692.4094870090484619140625 HTTP/1.1" 200 - "http://gatipackers.com/wp-cron.php?doing_wp_cron=1666368692.4094870090484619140625" "WordPress/5.6.10; http://gatipackers.com" "gatipackers.com"
37.115.216.44 - - [21/Oct/2022:09:13:12 -0700] "GET /home/request_a_survey/ HTTP/1.1" 200 779 "http://gatipackers.com/home/request_a_survey/" "Mozilla/5.0 (Windows NT 6.1) AppleWebKit/537.36 (KHTML, like Gecko) Chrome/90.0.4430.93 Safari/537.36" "gatipackers.com"
37.115.216.44 - - [21/Oct/2022:09:13:20 -0700] "GET / HTTP/1.1" 200 14533 "http://gatipackers.com/" "Mozilla/5.0 (Windows NT 6.1) AppleWebKit/537.36 (KHTML, like Gecko) Chrome/90.0.4430.93 Safari/537.36" "gatipackers.com"
37.214.48.23 - - [21/Oct/2022:09:21:38 -0700] "GET /home/request_a_survey/ HTTP/1.1" 200 779 "http://gatipackers.com/home/request_a_survey/" "Mozilla/5.0 (Windows NT 6.3; Win64; x64) AppleWebKit/537.36 (KHTML, like Gecko) Chrome/90.0.4430.85 Safari/537.36 Edg/90.0.818.46" "gatipackers.com"
93.114.185.76 - - [21/Oct/2022:09:32:37 -0700] "POST /wp-login.php HTTP/1.1" 200 8263 "-" "Mozilla/5.0 (Windows; U; Windows NT 5.1; en-US) AppleWebKit/533.4 (KHTML, like Gecko) Chrome/5.0.375.99 Safari/533.4" "gatipackers.com"
10.213.116.211 - - [21/Oct/2022:09:32:42 -0700] "POST /wp-cron.php?doing_wp_cron=1666369962.1726460456848144531250 HTTP/1.1" 200 - "http://gatipackers.com/wp-cron.php?doing_wp_cron=1666369962.1726460456848144531250" "WordPress/5.6.10; http://gatipackers.com" "gatipackers.com"
5.188.62.26 - - [21/Oct/2022:09:41:10 -0700] "GET /wp-login.php?wp_lang=en_US HTTP/1.1" 200 8001 "-" "Mozilla/5.0 (Windows NT 10.0; Win64; x64) AppleWebKit/537.36 (KHTML, like Gecko) Chrome/100.0.4895.86 Safari/537.36" "gatipackers.com"
10.213.116.210 - - [21/Oct/2022:09:41:14 -0700] "POST /wp-cron.php?doing_wp_cron=1666370474.4730460643768310546875 HTTP/1.1" 200 - "http://gatipackers.com/wp-cron.php?doing_wp_cron=1666370474.4730460643768310546875" "WordPress/5.6.10; http://gatipackers.com" "gatipackers.com"
5.188.62.26 - - [21/Oct/2022:09:41:20 -0700] "POST /wp-login.php?wp_lang=en_US HTTP/1.1" 200 8255 "-" "Mozilla/5.0 (Windows NT 10.0; Win64; x64) AppleWebKit/537.36 (KHTML, like Gecko) Chrome/100.0.4895.86 Safari/537.36" "gatipackers.com"
114.119.145.42 - - [21/Oct/2022:10:00:34 -0700] "GET /wp-content?C=M%3BO%3DA HTTP/1.1" 301 1427 "https://gatipackers.com/wp-content?C=S%3BO%3DA" "Mozilla/5.0 (Linux; Android 7.0;) AppleWebKit/537.36 (KHTML, like Gecko) Mobile Safari/537.36 (compatible; PetalBot;+https://webmaster.petalsearch.com/site/petalbot)" "gatipackers.com"
114.119.145.42 - - [21/Oct/2022:10:00:37 -0700] "GET /wp-content/?C=M%3BO%3DA HTTP/1.1" 200 - "https://gatipackers.com/wp-content?C=S%3BO%3DA" "Mozilla/5.0 (Linux; Android 7.0;) AppleWebKit/537.36 (KHTML, like Gecko) Mobile Safari/537.36 (compatible; PetalBot;+https://webmaster.petalsearch.com/site/petalbot)" "gatipackers.com"
213.175.66.138 - - [21/Oct/2022:10:02:42 -0700] "POST /wp-login.php HTTP/1.1" 200 8255 "-" "Mozilla/5.0 (Windows NT 10.0; Win64; x64) AppleWebKit/537.36 (KHTML, like Gecko) Chrome/64.0.3282.167 Safari/537.36" "gatipackers.com"
10.213.116.209 - - [21/Oct/2022:10:02:46 -0700] "POST /wp-cron.php?doing_wp_cron=1666371766.5524508953094482421875 HTTP/1.1" 200 - "http://gatipackers.com/wp-cron.php?doing_wp_cron=1666371766.5524508953094482421875" "WordPress/5.6.10; http://gatipackers.com" "gatipackers.com"
42.236.10.116 - - [21/Oct/2022:10:12:12 -0700] "GET / HTTP/1.1" 200 14619 "https://www.gatipackers.com/" "Mozilla/5.0 (Windows NT 6.1; WOW64) AppleWebKit/537.36 (KHTML, like Gecko) Chrome/50.0.2661.102 Safari/537.36; 360Spider" "www.gatipackers.com"
10.213.116.209 - - [21/Oct/2022:10:12:16 -0700] "POST /wp-cron.php?doing_wp_cron=1666372336.7023620605468750000000 HTTP/1.1" 200 - "https://gatipackers.com/wp-cron.php?doing_wp_cron=1666372336.7023620605468750000000" "WordPress/5.6.10; https://gatipackers.com" "gatipackers.com"
118.195.131.140 - - [21/Oct/2022:10:18:50 -0700] "GET /wp-login.php HTTP/1.1" 200 8000 "-" "Apache-HttpClient/4.5.2 (Java/1.8.0_161)" "www.gatipackers.com"
118.195.131.140 - - [21/Oct/2022:10:19:11 -0700] "GET /?author=1 HTTP/1.1" 200 14316 "-" "Apache-HttpClient/4.5.2 (Java/1.8.0_161)" "www.gatipackers.com"
118.195.131.140 - - [21/Oct/2022:10:19:33 -0700] "GET /?author=2 HTTP/1.1" 404 9106 "-" "Apache-HttpClient/4.5.2 (Java/1.8.0_161)" "www.gatipackers.com"
118.195.131.140 - - [21/Oct/2022:10:21:59 -0700] "GET /?author=3 HTTP/1.1" 404 9106 "-" "Apache-HttpClient/4.5.2 (Java/1.8.0_161)" "www.gatipackers.com"
118.195.131.140 - - [21/Oct/2022:10:22:40 -0700] "GET /?author=5 HTTP/1.1" 404 9106 "-" "Apache-HttpClient/4.5.2 (Java/1.8.0_161)" "www.gatipackers.com"
10.213.116.211 - - [21/Oct/2022:10:22:44 -0700] "POST /wp-cron.php?doing_wp_cron=1666372964.4293439388275146484375 HTTP/1.1" 200 - "http://gatipackers.com/wp-cron.php?doing_wp_cron=1666372964.4293439388275146484375" "WordPress/5.6.10; http://gatipackers.com" "gatipackers.com"
118.195.131.140 - - [21/Oct/2022:10:22:51 -0700] "GET /?author=6 HTTP/1.1" 404 9106 "-" "Apache-HttpClient/4.5.2 (Java/1.8.0_161)" "www.gatipackers.com"
118.195.131.140 - - [21/Oct/2022:10:26:15 -0700] "GET /?author=9 HTTP/1.1" 404 9106 "-" "Apache-HttpClient/4.5.2 (Java/1.8.0_161)" "www.gatipackers.com"
118.195.131.140 - - [21/Oct/2022:10:26:24 -0700] "GET /?author=10 HTTP/1.1" 404 9106 "-" "Apache-HttpClient/4.5.2 (Java/1.8.0_161)" "www.gatipackers.com"
118.195.131.140 - - [21/Oct/2022:10:26:31 -0700] "GET /?author=11 HTTP/1.1" 404 9106 "-" "Apache-HttpClient/4.5.2 (Java/1.8.0_161)" "www.gatipackers.com"
118.195.131.140 - - [21/Oct/2022:10:26:44 -0700] "GET /?author=12 HTTP/1.1" 404 9106 "-" "Apache-HttpClient/4.5.2 (Java/1.8.0_161)" "www.gatipackers.com"
118.195.131.140 - - [21/Oct/2022:10:27:06 -0700] "GET /?author=13 HTTP/1.1" 404 9106 "-" "Apache-HttpClient/4.5.2 (Java/1.8.0_161)" "www.gatipackers.com"
118.195.131.140 - - [21/Oct/2022:10:27:14 -0700] "GET /?author=14 HTTP/1.1" 404 9106 "-" "Apache-HttpClient/4.5.2 (Java/1.8.0_161)" "www.gatipackers.com"
118.195.131.140 - - [21/Oct/2022:10:28:15 -0700] "GET /?author=16 HTTP/1.1" 404 9106 "-" "Apache-HttpClient/4.5.2 (Java/1.8.0_161)" "www.gatipackers.com"
118.195.131.140 - - [21/Oct/2022:10:28:19 -0700] "GET /?author=17 HTTP/1.1" 404 9106 "-" "Apache-HttpClient/4.5.2 (Java/1.8.0_161)" "www.gatipackers.com"
118.195.131.140 - - [21/Oct/2022:10:28:24 -0700] "GET /?author=18 HTTP/1.1" 404 9106 "-" "Apache-HttpClient/4.5.2 (Java/1.8.0_161)" "www.gatipackers.com"
118.195.131.140 - - [21/Oct/2022:10:29:02 -0700] "GET /?author=19 HTTP/1.1" 404 9106 "-" "Apache-HttpClient/4.5.2 (Java/1.8.0_161)" "www.gatipackers.com"
118.195.131.140 - - [21/Oct/2022:10:29:23 -0700] "GET /?author=20 HTTP/1.1" 404 9106 "-" "Apache-HttpClient/4.5.2 (Java/1.8.0_161)" "www.gatipackers.com"
181.214.218.36 - - [21/Oct/2022:10:30:14 -0700] "GET /home/request_a_survey/ HTTP/1.1" 200 779 "http://gatipackers.com/home/request_a_survey/" "Mozilla/5.0 (Windows NT 10.0) AppleWebKit/537.36 (KHTML, like Gecko) Chrome/90.0.4430.93 Safari/537.36" "gatipackers.com"
181.214.218.36 - - [21/Oct/2022:10:30:14 -0700] "GET / HTTP/1.1" 200 14533 "http://gatipackers.com/" "Mozilla/5.0 (Windows NT 10.0) AppleWebKit/537.36 (KHTML, like Gecko) Chrome/90.0.4430.93 Safari/537.36" "gatipackers.com"
93.114.185.76 - - [21/Oct/2022:10:32:19 -0700] "POST /wp-login.php HTTP/1.1" 200 8255 "-" "Mozilla/5.0 (Windows NT 6.1) AppleWebKit/537.36 (KHTML, like Gecko) Chrome/70.0.3538.77 Safari/537.36" "gatipackers.com"
180.163.220.96 - - [21/Oct/2022:10:49:09 -0700] "GET / HTTP/1.1" 200 14533 "http://gatipackers.com/" "Mozilla/5.0 (Windows NT 6.1; WOW64) AppleWebKit/537.36 (KHTML, like Gecko) Chrome/50.0.2661.102 Safari/537.36; 360Spider" "gatipackers.com"
10.213.116.210 - - [21/Oct/2022:10:49:13 -0700] "POST /wp-cron.php?doing_wp_cron=1666374553.7868900299072265625000 HTTP/1.1" 200 - "http://gatipackers.com/wp-cron.php?doing_wp_cron=1666374553.7868900299072265625000" "WordPress/5.6.10; http://gatipackers.com" "gatipackers.com"
61.219.43.253 - - [21/Oct/2022:11:01:20 -0700] "POST /wp-login.php HTTP/1.1" 200 8256 "-" "Mozilla/5.0 (Windows; U; Windows NT 5.1; en-US) AppleWebKit/533.4 (KHTML, like Gecko) Chrome/5.0.375.99 Safari/533.4" "gatipackers.com"
10.213.116.210 - - [21/Oct/2022:11:01:25 -0700] "POST /wp-cron.php?doing_wp_cron=1666375285.8464009761810302734375 HTTP/1.1" 200 - "http://gatipackers.com/wp-cron.php?doing_wp_cron=1666375285.8464009761810302734375" "WordPress/5.6.10; http://gatipackers.com" "gatipackers.com"
20.111.31.149 - - [21/Oct/2022:11:08:03 -0700] "POST / HTTP/1.1" 200 14562 "-" "Mozilla/5.0 (Windows NT 10.0; Win64; x64; rv:58.0) Gecko/20100101 Firefox/58.0" "gatipackers.com"
10.213.116.210 - - [21/Oct/2022:11:08:07 -0700] "POST /wp-cron.php?doing_wp_cron=1666375687.7474908828735351562500 HTTP/1.1" 200 - "https://gatipackers.com/wp-cron.php?doing_wp_cron=1666375687.7474908828735351562500" "WordPress/5.6.10; https://gatipackers.com" "gatipackers.com"
114.119.141.116 - - [21/Oct/2022:11:08:37 -0700] "GET /wp-login.php?action=lostpassword HTTP/1.1" 200 3627 "http://gatipackers.com//wp-admin/" "Mozilla/5.0 (Linux; Android 7.0;) AppleWebKit/537.36 (KHTML, like Gecko) Mobile Safari/537.36 (compatible; PetalBot;+https://webmaster.petalsearch.com/site/petalbot)" "gatipackers.com"
20.219.139.238 - - [21/Oct/2022:11:23:51 -0700] "GET / HTTP/1.1" 200 14533 "-" "Mozilla/5.0 (Windows NT 10.0; Win64; x64) AppleWebKit/537.36 (KHTML, like Gecko) Chrome/88.0.4240.193 Safari/537.36" "gatipackers.com"
10.213.116.211 - - [21/Oct/2022:11:23:56 -0700] "POST /wp-cron.php?doing_wp_cron=1666376636.0411279201507568359375 HTTP/1.1" 200 - "http://gatipackers.com/wp-cron.php?doing_wp_cron=1666376636.0411279201507568359375" "WordPress/5.6.10; http://gatipackers.com" "gatipackers.com"
20.219.139.238 - - [21/Oct/2022:11:24:05 -0700] "GET /?author=3 HTTP/1.1" 404 9049 "-" "Mozilla/5.0 (Windows NT 10.0; Win64; x64) AppleWebKit/537.36 (KHTML, like Gecko) Chrome/88.0.4240.193 Safari/537.36" "gatipackers.com"
20.219.139.238 - - [21/Oct/2022:11:24:08 -0700] "GET /wp-json/wp/v2/users/ HTTP/1.1" 404 73 "-" "Mozilla/5.0 (Windows NT 10.0; Win64; x64) AppleWebKit/537.36 (KHTML, like Gecko) Chrome/88.0.4240.193 Safari/537.36" "gatipackers.com"
20.219.139.238 - - [21/Oct/2022:11:24:09 -0700] "GET /wp-json/oembed/1.0/embed?url=http://gatipackers.com HTTP/1.1" 404 73 "-" "Mozilla/5.0 (Windows NT 10.0; Win64; x64) AppleWebKit/537.36 (KHTML, like Gecko) Chrome/88.0.4240.193 Safari/537.36" "gatipackers.com"
20.219.139.238 - - [21/Oct/2022:11:24:09 -0700] "POST /xmlrpc.php HTTP/1.1" 500 4931 "-" "Mozilla/5.0 (Windows NT 10.0; Win64; x64) AppleWebKit/537.36 (KHTML, like Gecko) Chrome/88.0.4240.193 Safari/537.36" "gatipackers.com"
45.120.69.121 - - [21/Oct/2022:11:30:00 -0700] "POST /wp-login.php HTTP/1.1" 200 8257 "-" "Mozilla/5.0 (Windows NT 6.1) AppleWebKit/537.36 (KHTML, like Gecko) Chrome/62.0.3202.94 Safari/537.36" "gatipackers.com"
159.223.56.135 - - [21/Oct/2022:11:59:56 -0700] "GET /filemanager/dialog.php HTTP/1.1" 404 88 "-" "Mozilla/5.0 (Macintosh; Intel Mac OS X 10.15; rv:77.0) Gecko/20100101 Firefox/77.0" "gatipackers.com"
159.223.56.135 - - [21/Oct/2022:11:59:57 -0700] "GET /assets/filemanager/dialog.php HTTP/1.1" 404 88 "-" "Mozilla/5.0 (Macintosh; Intel Mac OS X 10.15; rv:77.0) Gecko/20100101 Firefox/77.0" "gatipackers.com"
208.113.180.18 - - [21/Oct/2022:12:27:22 -0700] "POST /wp-login.php HTTP/1.1" 200 8270 "-" "Mozilla/5.0 (Windows NT 6.3; Win64; x64) AppleWebKit/537.36 (KHTML, like Gecko) Chrome/65.0.3325.181 Safari/537.36" "gatipackers.com"
10.213.116.210 - - [21/Oct/2022:12:27:26 -0700] "POST /wp-cron.php?doing_wp_cron=1666380446.8261039257049560546875 HTTP/1.1" 200 - "http://gatipackers.com/wp-cron.php?doing_wp_cron=1666380446.8261039257049560546875" "WordPress/5.6.10; http://gatipackers.com" "gatipackers.com"
114.119.145.42 - - [21/Oct/2022:12:31:36 -0700] "GET /get_a_quote HTTP/1.1" 200 8154 "-" "Mozilla/5.0 (Linux; Android 7.0;) AppleWebKit/537.36 (KHTML, like Gecko) Mobile Safari/537.36 (compatible; PetalBot;+https://webmaster.petalsearch.com/site/petalbot)" "www.gatipackers.com"
190.2.132.127 - - [21/Oct/2022:12:55:04 -0700] "GET /home/request_a_survey/ HTTP/1.1" 200 779 "http://gatipackers.com/home/request_a_survey/" "Mozilla/5.0 (Windows NT 10.0; Win64; x64) AppleWebKit/537.36 (KHTML, like Gecko) Chrome/90.0.4430.85 Safari/537.36 Edg/90.0.818.46" "gatipackers.com"
190.2.132.127 - - [21/Oct/2022:12:55:04 -0700] "GET / HTTP/1.1" 200 14533 "http://gatipackers.com/" "Mozilla/5.0 (Windows NT 10.0; Win64; x64) AppleWebKit/537.36 (KHTML, like Gecko) Chrome/90.0.4430.85 Safari/537.36 Edg/90.0.818.46" "gatipackers.com"
10.213.116.210 - - [21/Oct/2022:12:55:08 -0700] "POST /wp-cron.php?doing_wp_cron=1666382108.9042739868164062500000 HTTP/1.1" 200 - "http://gatipackers.com/wp-cron.php?doing_wp_cron=1666382108.9042739868164062500000" "WordPress/5.6.10; http://gatipackers.com" "gatipackers.com"
190.2.132.127 - - [21/Oct/2022:12:55:11 -0700] "GET /index.php/2021/02/26/sample-page/ HTTP/1.1" 200 13884 "http://gatipackers.com/index.php/2021/02/26/sample-page/" "Mozilla/5.0 (Windows NT 10.0; Win64; x64) AppleWebKit/537.36 (KHTML, like Gecko) Chrome/90.0.4430.85 Safari/537.36 Edg/90.0.818.46" "gatipackers.com"
67.205.62.27 - - [21/Oct/2022:12:55:39 -0700] "POST /wp-login.php HTTP/1.1" 200 8266 "-" "Mozilla/5.0 (Windows NT 10.0; Win64; x64) AppleWebKit/537.36 (KHTML, like Gecko) Chrome/60.0.3112.101 Safari/537.36" "gatipackers.com"
114.119.156.95 - - [21/Oct/2022:13:11:15 -0700] "GET /wp-admin HTTP/1.1" 301 1408 "https://gatipackers.com/" "Mozilla/5.0 (Linux; Android 7.0;) AppleWebKit/537.36 (KHTML, like Gecko) Mobile Safari/537.36 (compatible; PetalBot;+https://webmaster.petalsearch.com/site/petalbot)" "gatipackers.com"
114.119.156.95 - - [21/Oct/2022:13:11:16 -0700] "GET /wp-admin/ HTTP/1.1" 302 - "https://gatipackers.com/" "Mozilla/5.0 (Linux; Android 7.0;) AppleWebKit/537.36 (KHTML, like Gecko) Mobile Safari/537.36 (compatible; PetalBot;+https://webmaster.petalsearch.com/site/petalbot)" "gatipackers.com"
10.213.116.209 - - [21/Oct/2022:13:11:25 -0700] "POST /wp-cron.php?doing_wp_cron=1666383085.2464530467987060546875 HTTP/1.1" 200 - "http://gatipackers.com/wp-cron.php?doing_wp_cron=1666383085.2464530467987060546875" "WordPress/5.6.10; http://gatipackers.com" "gatipackers.com"
114.119.156.95 - - [21/Oct/2022:13:11:27 -0700] "GET /wp-login.php?redirect_to=http://gatipackers.com/wp-admin/&reauth=1 HTTP/1.1" 200 7995 "https://gatipackers.com/" "Mozilla/5.0 (Linux; Android 7.0;) AppleWebKit/537.36 (KHTML, like Gecko) Mobile Safari/537.36 (compatible; PetalBot;+https://webmaster.petalsearch.com/site/petalbot)" "gatipackers.com"
85.146.18.88 - - [21/Oct/2022:13:24:41 -0700] "POST /wp-login.php HTTP/1.1" 200 8261 "-" "Mozilla/5.0 (Windows NT 10.0; Win64; x64) AppleWebKit/537.36 (KHTML, like Gecko) Chrome/64.0.3282.167 Safari/537.36" "gatipackers.com"
10.213.116.211 - - [21/Oct/2022:13:24:48 -0700] "POST /wp-cron.php?doing_wp_cron=1666383888.3677489757537841796875 HTTP/1.1" 200 - "http://gatipackers.com/wp-cron.php?doing_wp_cron=1666383888.3677489757537841796875" "WordPress/5.6.10; http://gatipackers.com" "gatipackers.com"
13.76.135.117 - - [21/Oct/2022:13:29:58 -0700] "GET /wp-login.php HTTP/1.1" 200 7991 "-" "Mozilla/5.0 (Windows NT 10.0; Win64; x64; rv:96.0) Gecko/20100101 Firefox/96" "gatipackers.com"
13.76.135.117 - - [21/Oct/2022:13:30:04 -0700] "GET //wp-json/wp/v2/users/ HTTP/1.1" 404 88 "-" "Mozilla/5.0 (Windows NT 10.0; Win64; x64; rv:96.0) Gecko/20100101 Firefox/96" "gatipackers.com"
40.77.167.97 - - [21/Oct/2022:13:47:12 -0700] "GET /robots.txt HTTP/1.1" 200 58 "-" "Mozilla/5.0 AppleWebKit/537.36 (KHTML, like Gecko; compatible; bingbot/2.0; +http://www.bing.com/bingbot.htm) Chrome/103.0.5060.134 Safari/537.36" "www.gatipackers.com"
40.77.167.97 - - [21/Oct/2022:13:47:12 -0700] "GET /robots.txt HTTP/1.1" 200 58 "-" "Mozilla/5.0 AppleWebKit/537.36 (KHTML, like Gecko; compatible; bingbot/2.0; +http://www.bing.com/bingbot.htm) Chrome/103.0.5060.134 Safari/537.36" "www.gatipackers.com"
207.46.13.93 - - [21/Oct/2022:13:47:18 -0700] "GET /copy-of-gati-movers-packers-yelahanka HTTP/1.1" 404 88 "-" "Mozilla/5.0 AppleWebKit/537.36 (KHTML, like Gecko; compatible; bingbot/2.0; +http://www.bing.com/bingbot.htm) Chrome/103.0.5060.134 Safari/537.36" "www.gatipackers.com"
40.114.95.81 - - [21/Oct/2022:13:49:28 -0700] "GET /wp-admin/install.php HTTP/1.1" 200 1298 "-" "Mozilla/5.0 (Macintosh; Intel Mac OS X 10_10_1) AppleWebKit/537.36 (KHTML, like Gecko) Chrome/39.0.2171.95 Safari/537.36" "gatipackers.com"
10.213.116.209 - - [21/Oct/2022:13:49:30 -0700] "POST /wp-cron.php?doing_wp_cron=1666385370.5614070892333984375000 HTTP/1.1" 200 - "http://gatipackers.com/wp-cron.php?doing_wp_cron=1666385370.5614070892333984375000" "WordPress/5.6.10; http://gatipackers.com" "gatipackers.com"
40.114.95.81 - - [21/Oct/2022:13:49:34 -0700] "GET /wp/wp-admin/install.php HTTP/1.1" 404 88 "-" "Mozilla/5.0 (Macintosh; Intel Mac OS X 10_10_1) AppleWebKit/537.36 (KHTML, like Gecko) Chrome/39.0.2171.95 Safari/537.36" "gatipackers.com"
40.114.95.81 - - [21/Oct/2022:13:49:38 -0700] "GET /new/wp-admin/install.php HTTP/1.1" 404 88 "-" "Mozilla/5.0 (Macintosh; Intel Mac OS X 10_10_1) AppleWebKit/537.36 (KHTML, like Gecko) Chrome/39.0.2171.95 Safari/537.36" "gatipackers.com"
40.114.95.81 - - [21/Oct/2022:13:49:41 -0700] "GET /old/wp-admin/install.php HTTP/1.1" 404 88 "-" "Mozilla/5.0 (Macintosh; Intel Mac OS X 10_10_1) AppleWebKit/537.36 (KHTML, like Gecko) Chrome/39.0.2171.95 Safari/537.36" "gatipackers.com"
40.114.95.81 - - [21/Oct/2022:13:49:45 -0700] "GET /wordpress/wp-admin/install.php HTTP/1.1" 404 88 "-" "Mozilla/5.0 (Macintosh; Intel Mac OS X 10_10_1) AppleWebKit/537.36 (KHTML, like Gecko) Chrome/39.0.2171.95 Safari/537.36" "gatipackers.com"
40.114.95.81 - - [21/Oct/2022:13:49:49 -0700] "GET /test/wp-admin/install.php HTTP/1.1" 404 88 "-" "Mozilla/5.0 (Macintosh; Intel Mac OS X 10_10_1) AppleWebKit/537.36 (KHTML, like Gecko) Chrome/39.0.2171.95 Safari/537.36" "gatipackers.com"
40.114.95.81 - - [21/Oct/2022:13:49:54 -0700] "GET /blog/wp-admin/install.php HTTP/1.1" 404 88 "-" "Mozilla/5.0 (Macintosh; Intel Mac OS X 10_10_1) AppleWebKit/537.36 (KHTML, like Gecko) Chrome/39.0.2171.95 Safari/537.36" "gatipackers.com"
40.114.95.81 - - [21/Oct/2022:13:49:57 -0700] "GET /cms/wp-admin/install.php HTTP/1.1" 404 88 "-" "Mozilla/5.0 (Macintosh; Intel Mac OS X 10_10_1) AppleWebKit/537.36 (KHTML, like Gecko) Chrome/39.0.2171.95 Safari/537.36" "gatipackers.com"
40.114.95.81 - - [21/Oct/2022:13:50:01 -0700] "GET /web/wp-admin/install.php HTTP/1.1" 404 88 "-" "Mozilla/5.0 (Macintosh; Intel Mac OS X 10_10_1) AppleWebKit/537.36 (KHTML, like Gecko) Chrome/39.0.2171.95 Safari/537.36" "gatipackers.com"
40.114.95.81 - - [21/Oct/2022:13:50:04 -0700] "GET /backup/wp-admin/install.php HTTP/1.1" 404 88 "-" "Mozilla/5.0 (Macintosh; Intel Mac OS X 10_10_1) AppleWebKit/537.36 (KHTML, like Gecko) Chrome/39.0.2171.95 Safari/537.36" "gatipackers.com"
40.114.95.81 - - [21/Oct/2022:13:50:10 -0700] "GET /site/wp-admin/install.php HTTP/1.1" 404 88 "-" "Mozilla/5.0 (Macintosh; Intel Mac OS X 10_10_1) AppleWebKit/537.36 (KHTML, like Gecko) Chrome/39.0.2171.95 Safari/537.36" "gatipackers.com"
40.114.95.81 - - [21/Oct/2022:13:50:14 -0700] "GET /oldsite/wp-admin/install.php HTTP/1.1" 404 88 "-" "Mozilla/5.0 (Macintosh; Intel Mac OS X 10_10_1) AppleWebKit/537.36 (KHTML, like Gecko) Chrome/39.0.2171.95 Safari/537.36" "gatipackers.com"
187.32.211.193 - - [21/Oct/2022:13:54:03 -0700] "POST /wp-login.php HTTP/1.1" 200 8262 "-" "Mozilla/5.0 (Windows NT 10.0; Win64; x64) AppleWebKit/537.36 (KHTML, like Gecko) Chrome/73.0.3683.75 Safari/537.36" "gatipackers.com"
10.213.116.209 - - [21/Oct/2022:13:54:08 -0700] "POST /wp-cron.php?doing_wp_cron=1666385648.1213269233703613281250 HTTP/1.1" 200 - "http://gatipackers.com/wp-cron.php?doing_wp_cron=1666385648.1213269233703613281250" "WordPress/5.6.10; http://gatipackers.com" "gatipackers.com"
74.125.151.250 - - [21/Oct/2022:14:08:06 -0700] "GET /contact HTTP/1.1" 404 88 "-" "AdsBot-Google (+http://www.google.com/adsbot.html)" "www.gatipackers.com"
72.167.34.14 - - [21/Oct/2022:14:23:23 -0700] "POST /wp-login.php HTTP/1.1" 200 8261 "-" "Mozilla/5.0 (Windows NT 6.3; WOW64) AppleWebKit/537.36 (KHTML, like Gecko) Chrome/47.0.2526.106 Safari/537.36" "gatipackers.com"
10.213.116.211 - - [21/Oct/2022:14:23:28 -0700] "POST /wp-cron.php?doing_wp_cron=1666387408.0324740409851074218750 HTTP/1.1" 200 - "http://gatipackers.com/wp-cron.php?doing_wp_cron=1666387408.0324740409851074218750" "WordPress/5.6.10; http://gatipackers.com" "gatipackers.com"
20.172.104.78 - - [21/Oct/2022:14:23:38 -0700] "GET /wp-admin/css/ HTTP/1.1" 200 144 "binance.com" "Mozilla/5.0 (Windows NT 10.0; Win64; x64) AppleWebKit/537.36 (KHTML, like Gecko) Chrome/90.0.4430.85 Safari/537.36" "gatipackers.com"
194.195.91.29 - - [21/Oct/2022:14:52:20 -0700] "GET /home/request_a_survey/ HTTP/1.1" 200 779 "http://gatipackers.com/home/request_a_survey/" "Mozilla/5.0 (Windows NT 10.0) AppleWebKit/537.36 (KHTML, like Gecko) Chrome/90.0.4430.72 Safari/537.36" "gatipackers.com"
194.195.91.29 - - [21/Oct/2022:14:52:20 -0700] "GET / HTTP/1.1" 200 14533 "http://gatipackers.com/" "Mozilla/5.0 (Windows NT 10.0) AppleWebKit/537.36 (KHTML, like Gecko) Chrome/90.0.4430.72 Safari/537.36" "gatipackers.com"
10.213.116.211 - - [21/Oct/2022:14:52:25 -0700] "POST /wp-cron.php?doing_wp_cron=1666389145.1664919853210449218750 HTTP/1.1" 200 - "http://gatipackers.com/wp-cron.php?doing_wp_cron=1666389145.1664919853210449218750" "WordPress/5.6.10; http://gatipackers.com" "gatipackers.com"
194.195.91.29 - - [21/Oct/2022:14:52:28 -0700] "GET /index.php/2021/02/26/sample-page/ HTTP/1.1" 200 13884 "http://gatipackers.com/index.php/2021/02/26/sample-page/" "Mozilla/5.0 (Windows NT 10.0) AppleWebKit/537.36 (KHTML, like Gecko) Chrome/90.0.4430.72 Safari/537.36" "gatipackers.com"
37.214.48.23 - - [21/Oct/2022:14:52:32 -0700] "GET /home/request_a_survey/ HTTP/1.1" 200 779 "http://gatipackers.com/home/request_a_survey/" "Mozilla/5.0 (Windows NT 10.0; Win64; x64) AppleWebKit/537.36 (KHTML, like Gecko) Chrome/90.0.4430.93 Safari/537.36" "gatipackers.com"
37.214.48.23 - - [21/Oct/2022:14:52:33 -0700] "GET / HTTP/1.1" 200 14533 "http://gatipackers.com/" "Mozilla/5.0 (Windows NT 10.0; Win64; x64) AppleWebKit/537.36 (KHTML, like Gecko) Chrome/90.0.4430.93 Safari/537.36" "gatipackers.com"
103.130.218.178 - - [21/Oct/2022:14:52:43 -0700] "POST /wp-login.php HTTP/1.1" 200 8261 "-" "Mozilla/5.0 (Windows NT 10.0; WOW64) AppleWebKit/537.36 (KHTML, like Gecko) Chrome/79.0.3945.130 Safari/537.36" "gatipackers.com"
103.130.219.13 - - [21/Oct/2022:15:21:57 -0700] "POST /wp-login.php HTTP/1.1" 200 8263 "-" "Mozilla/5.0 (Windows NT 6.1; WOW64) AppleWebKit/537.36 (KHTML, like Gecko) Chrome/48.0.2564.109 Safari/537.36" "gatipackers.com"
10.213.116.211 - - [21/Oct/2022:15:22:02 -0700] "POST /wp-cron.php?doing_wp_cron=1666390922.1212880611419677734375 HTTP/1.1" 200 - "http://gatipackers.com/wp-cron.php?doing_wp_cron=1666390922.1212880611419677734375" "WordPress/5.6.10; http://gatipackers.com" "gatipackers.com"
103.192.80.142 - - [21/Oct/2022:15:26:42 -0700] "GET / HTTP/1.1" 200 14533 "-" "Mozilla/5.0 (Windows NT 10.0; Win64; x64) AppleWebKit/537.36 (KHTML, like Gecko) Chrome/88.0.4240.193 Safari/537.36" "gatipackers.com"
10.213.116.211 - - [21/Oct/2022:15:26:47 -0700] "POST /wp-cron.php?doing_wp_cron=1666391207.2343719005584716796875 HTTP/1.1" 200 - "http://gatipackers.com/wp-cron.php?doing_wp_cron=1666391207.2343719005584716796875" "WordPress/5.6.10; http://gatipackers.com" "gatipackers.com"
103.192.80.142 - - [21/Oct/2022:15:26:50 -0700] "GET /?author=1 HTTP/1.1" 200 14259 "-" "Mozilla/5.0 (Windows NT 10.0; Win64; x64) AppleWebKit/537.36 (KHTML, like Gecko) Chrome/88.0.4240.193 Safari/537.36" "gatipackers.com"
103.192.80.142 - - [21/Oct/2022:15:26:58 -0700] "GET /?author=3 HTTP/1.1" 404 9049 "-" "Mozilla/5.0 (Windows NT 10.0; Win64; x64) AppleWebKit/537.36 (KHTML, like Gecko) Chrome/88.0.4240.193 Safari/537.36" "gatipackers.com"
103.192.80.142 - - [21/Oct/2022:15:27:02 -0700] "GET /wp-json/oembed/1.0/embed?url=http://gatipackers.com HTTP/1.1" 404 73 "-" "Mozilla/5.0 (Windows NT 10.0; Win64; x64) AppleWebKit/537.36 (KHTML, like Gecko) Chrome/88.0.4240.193 Safari/537.36" "gatipackers.com"
103.192.80.142 - - [21/Oct/2022:15:27:03 -0700] "POST /xmlrpc.php HTTP/1.1" 500 4931 "-" "Mozilla/5.0 (Windows NT 10.0; Win64; x64) AppleWebKit/537.36 (KHTML, like Gecko) Chrome/88.0.4240.193 Safari/537.36" "gatipackers.com"
115.79.139.135 - - [21/Oct/2022:15:51:22 -0700] "POST /wp-login.php HTTP/1.1" 200 8265 "-" "Mozilla/5.0 (Windows NT 6.1) AppleWebKit/537.36 (KHTML, like Gecko) Chrome/80.0.3987.132 Safari/537.36" "gatipackers.com"
10.213.116.210 - - [21/Oct/2022:15:51:26 -0700] "POST /wp-cron.php?doing_wp_cron=1666392686.4572479724884033203125 HTTP/1.1" 200 - "http://gatipackers.com/wp-cron.php?doing_wp_cron=1666392686.4572479724884033203125" "WordPress/5.6.10; http://gatipackers.com" "gatipackers.com"
40.79.240.34 - - [21/Oct/2022:16:17:20 -0700] "GET /wp-admin/css/ HTTP/1.1" 200 144 "binance.com" "Mozilla/5.0 (Windows NT 10.0; Win64; x64) AppleWebKit/537.36 (KHTML, like Gecko) Chrome/90.0.4430.85 Safari/537.36" "gatipackers.com"
81.88.52.8 - - [21/Oct/2022:16:20:39 -0700] "POST /wp-login.php HTTP/1.1" 200 8261 "-" "Mozilla/5.0 (Windows NT 10.0; WOW64) AppleWebKit/537.36 (KHTML, like Gecko) Chrome/46.0.2490.86 Safari/537.36" "gatipackers.com"
10.213.116.210 - - [21/Oct/2022:16:20:43 -0700] "POST /wp-cron.php?doing_wp_cron=1666394443.6014978885650634765625 HTTP/1.1" 200 - "http://gatipackers.com/wp-cron.php?doing_wp_cron=1666394443.6014978885650634765625" "WordPress/5.6.10; http://gatipackers.com" "gatipackers.com"
75.119.135.205 - - [21/Oct/2022:16:50:08 -0700] "POST /wp-login.php HTTP/1.1" 200 8257 "-" "Mozilla/5.0 (Windows NT 6.1) AppleWebKit/537.36 (KHTML, like Gecko) Chrome/59.0.3071.115 Safari/537.36" "gatipackers.com"
10.213.116.209 - - [21/Oct/2022:16:50:13 -0700] "POST /wp-cron.php?doing_wp_cron=1666396213.1548349857330322265625 HTTP/1.1" 200 - "http://gatipackers.com/wp-cron.php?doing_wp_cron=1666396213.1548349857330322265625" "WordPress/5.6.10; http://gatipackers.com" "gatipackers.com"
